{"id":88,"date":"2024-04-04T06:11:43","date_gmt":"2024-04-04T03:11:43","guid":{"rendered":"https:\/\/sisu.ut.ee\/mineraalid-ja-kivimid\/tetragonaalne-syngoonia\/"},"modified":"2024-04-04T06:13:04","modified_gmt":"2024-04-04T03:13:04","slug":"tetragonaalne-syngoonia","status":"publish","type":"page","link":"https:\/\/sisu.ut.ee\/mineraalid-ja-kivimid\/tetragonaalne-syngoonia\/","title":{"rendered":"Tetragonaalne s\u00fcngoonia"},"content":{"rendered":"<p>\n\t<b>Tetragonaalsesse<\/b>\u00a0s\u00fcngooniasse kuuluvatel kristallidel on valdavalt ruudu ristl\u00f5ikega plaadi v\u00f5i prisma kuju. Tetragonaalse s\u00fcngoonia esindajad on tsirkoon ja\u00a0<a data-url=\"https:\/\/sisu.ut.ee\/mineraalid-ja-kivimid\/vesuviaan1-jpg\" href=\"https:\/\/sisu.ut.ee\/mineraalid-ja-kivimid\/vesuviaan1-jpg\" target=\"_blank\" title=\"\" rel=\"noopener\">vesuviaan<\/a>.\n<\/p>\n<p>\n\t<br><img loading=\"lazy\" decoding=\"async\" width=\"118\" height=\"250\" class=\"alignnone wp-image-345\" src=\"https:\/\/sisu.ut.ee\/wp-content\/uploads\/sites\/431\/tetragon1.jpg\" title=\"tetragon1.jpg\" alt=\"tetragon\">\u00a0a\u00a0<img loading=\"lazy\" decoding=\"async\" width=\"139\" height=\"250\" class=\"alignnone wp-image-346\" src=\"https:\/\/sisu.ut.ee\/wp-content\/uploads\/sites\/431\/tetragon2.jpg\" title=\"tetragon2.jpg\" alt=\"tetragon\">\u00a0b<br>Joonis 6. Tetragonaalne s\u00fcngoonia: a \u2013 bip\u00fcramiid telgedega; b \u2013 tsirkooni kristall<\/p>\n","protected":false},"excerpt":{"rendered":"<p>Tetragonaalsesse\u00a0s\u00fcngooniasse kuuluvatel kristallidel on valdavalt ruudu ristl\u00f5ikega plaadi v\u00f5i prisma kuju. Tetragonaalse s\u00fcngoonia esindajad on tsirkoon ja\u00a0vesuviaan. \u00a0a\u00a0\u00a0bJoonis 6. Tetragonaalne s\u00fcngoonia: a \u2013 bip\u00fcramiid telgedega; b \u2013 tsirkooni kristall<\/p>\n","protected":false},"author":226,"featured_media":0,"parent":0,"menu_order":0,"comment_status":"closed","ping_status":"closed","template":"","meta":{"_acf_changed":false,"inline_featured_image":false,"footnotes":""},"class_list":["post-88","page","type-page","status-publish","hentry"],"acf":[],"_links":{"self":[{"href":"https:\/\/sisu.ut.ee\/mineraalid-ja-kivimid\/wp-json\/wp\/v2\/pages\/88","targetHints":{"allow":["GET"]}}],"collection":[{"href":"https:\/\/sisu.ut.ee\/mineraalid-ja-kivimid\/wp-json\/wp\/v2\/pages"}],"about":[{"href":"https:\/\/sisu.ut.ee\/mineraalid-ja-kivimid\/wp-json\/wp\/v2\/types\/page"}],"author":[{"embeddable":true,"href":"https:\/\/sisu.ut.ee\/mineraalid-ja-kivimid\/wp-json\/wp\/v2\/users\/226"}],"replies":[{"embeddable":true,"href":"https:\/\/sisu.ut.ee\/mineraalid-ja-kivimid\/wp-json\/wp\/v2\/comments?post=88"}],"version-history":[{"count":1,"href":"https:\/\/sisu.ut.ee\/mineraalid-ja-kivimid\/wp-json\/wp\/v2\/pages\/88\/revisions"}],"predecessor-version":[{"id":755,"href":"https:\/\/sisu.ut.ee\/mineraalid-ja-kivimid\/wp-json\/wp\/v2\/pages\/88\/revisions\/755"}],"wp:attachment":[{"href":"https:\/\/sisu.ut.ee\/mineraalid-ja-kivimid\/wp-json\/wp\/v2\/media?parent=88"}],"curies":[{"name":"wp","href":"https:\/\/api.w.org\/{rel}","templated":true}]}}