{"id":73,"date":"2024-04-04T06:11:41","date_gmt":"2024-04-04T03:11:41","guid":{"rendered":"https:\/\/sisu.ut.ee\/mineraalid-ja-kivimid\/trikliinne-syngoonia\/"},"modified":"2024-04-04T06:13:05","modified_gmt":"2024-04-04T03:13:05","slug":"trikliinne-syngoonia","status":"publish","type":"page","link":"https:\/\/sisu.ut.ee\/mineraalid-ja-kivimid\/trikliinne-syngoonia\/","title":{"rendered":"Trikliinne s\u00fcngoonia"},"content":{"rendered":"<p>\n\t<b>Trikliinse s\u00fcngoonia<\/b>\u00a0kristallidel on on k\u00f5ige ebakorrap\u00e4rasem v\u00e4liskuju \u2013 neis puuduvad s\u00fcmmetriapinnad ja s\u00fcmmetriateljed. Kristallid on enamasti plaatja, kiilulaadse ilmega. S\u00fcngoonia t\u00fc\u00fcpiliseks esindajateks on\u00a0<a data-url=\"https:\/\/sisu.ut.ee\/mineraalid-ja-kivimid\/ortokl4-jpg\" href=\"https:\/\/sisu.ut.ee\/mineraalid-ja-kivimid\/ortokl4-jpg\" target=\"_blank\" title=\"\" rel=\"noopener\">plagioklassid<\/a>,\u00a0<a data-url=\"https:\/\/sisu.ut.ee\/mineraalid-ja-kivimid\/kyaniit1-jpg\" href=\"https:\/\/sisu.ut.ee\/mineraalid-ja-kivimid\/kyaniit1-jpg\" target=\"_blank\" title=\"\" rel=\"noopener\">k\u00fcaniit<\/a>\u00a0ja rodoniit.\n<\/p>\n<p>\n\t<br><img loading=\"lazy\" decoding=\"async\" width=\"272\" height=\"250\" class=\"alignnone wp-image-301\" src=\"https:\/\/sisu.ut.ee\/wp-content\/uploads\/sites\/431\/triklinn1.jpg\" title=\"triklinn1.jpg\" alt=\"trikliin\">\u00a0a\u00a0<img loading=\"lazy\" decoding=\"async\" width=\"127\" height=\"250\" class=\"alignnone wp-image-302\" src=\"https:\/\/sisu.ut.ee\/wp-content\/uploads\/sites\/431\/triklinn2.jpg\" title=\"triklinn2.jpg\" alt=\"trikliin\">\u00a0b<br>Joonis 1. Trikliinne s\u00fcngoonia: a \u2013 telgedega kristall; b \u2013 albiidi kristall<\/p>\n","protected":false},"excerpt":{"rendered":"<p>Trikliinse s\u00fcngoonia\u00a0kristallidel on on k\u00f5ige ebakorrap\u00e4rasem v\u00e4liskuju \u2013 neis puuduvad s\u00fcmmetriapinnad ja s\u00fcmmetriateljed. Kristallid on enamasti plaatja, kiilulaadse ilmega. S\u00fcngoonia t\u00fc\u00fcpiliseks esindajateks on\u00a0plagioklassid,\u00a0k\u00fcaniit\u00a0ja rodoniit. \u00a0a\u00a0\u00a0bJoonis 1. Trikliinne s\u00fcngoonia: a \u2013 telgedega kristall; b \u2013 albiidi kristall<\/p>\n","protected":false},"author":226,"featured_media":0,"parent":0,"menu_order":0,"comment_status":"closed","ping_status":"closed","template":"","meta":{"_acf_changed":false,"inline_featured_image":false,"footnotes":""},"class_list":["post-73","page","type-page","status-publish","hentry"],"acf":[],"_links":{"self":[{"href":"https:\/\/sisu.ut.ee\/mineraalid-ja-kivimid\/wp-json\/wp\/v2\/pages\/73","targetHints":{"allow":["GET"]}}],"collection":[{"href":"https:\/\/sisu.ut.ee\/mineraalid-ja-kivimid\/wp-json\/wp\/v2\/pages"}],"about":[{"href":"https:\/\/sisu.ut.ee\/mineraalid-ja-kivimid\/wp-json\/wp\/v2\/types\/page"}],"author":[{"embeddable":true,"href":"https:\/\/sisu.ut.ee\/mineraalid-ja-kivimid\/wp-json\/wp\/v2\/users\/226"}],"replies":[{"embeddable":true,"href":"https:\/\/sisu.ut.ee\/mineraalid-ja-kivimid\/wp-json\/wp\/v2\/comments?post=73"}],"version-history":[{"count":1,"href":"https:\/\/sisu.ut.ee\/mineraalid-ja-kivimid\/wp-json\/wp\/v2\/pages\/73\/revisions"}],"predecessor-version":[{"id":782,"href":"https:\/\/sisu.ut.ee\/mineraalid-ja-kivimid\/wp-json\/wp\/v2\/pages\/73\/revisions\/782"}],"wp:attachment":[{"href":"https:\/\/sisu.ut.ee\/mineraalid-ja-kivimid\/wp-json\/wp\/v2\/media?parent=73"}],"curies":[{"name":"wp","href":"https:\/\/api.w.org\/{rel}","templated":true}]}}