{"id":46,"date":"2024-04-04T06:11:38","date_gmt":"2024-04-04T03:11:38","guid":{"rendered":"https:\/\/sisu.ut.ee\/mineraalid-ja-kivimid\/rodoniit\/"},"modified":"2024-04-04T06:13:07","modified_gmt":"2024-04-04T03:13:07","slug":"rodoniit","status":"publish","type":"page","link":"https:\/\/sisu.ut.ee\/mineraalid-ja-kivimid\/rodoniit\/","title":{"rendered":"Rodoniit"},"content":{"rendered":"<p>\n\t<font face=\"Arial\"><font style=\"medium;font-style:normal;font-weight:400;letter-spacing:normal;text-align:start;text-indent:0px;text-transform:none\"><b>Rodoniit<\/b>\u00a0\u2013 CaMn<sub>4<\/sub>[Si<sub>5<\/sub>O<sub>15<\/sub>] \u2013 on roosa, punaka, pruunika v\u00f5i roosakashalli v\u00e4rvusega klaasil\u00e4ikeline h\u00e4sti poleeritav dekoratiivne mineraal.<\/font><\/font>\n<\/p>\n<p>\n\t<font face=\"Arial\"><b>K\u00f5vadus 5 \u2013 6,5<\/b><\/font>\n<\/p>\n<p>\n\t<img loading=\"lazy\" decoding=\"async\" width=\"120\" height=\"118\" class=\"alignnone wp-image-269\" src=\"https:\/\/sisu.ut.ee\/wp-content\/uploads\/sites\/431\/rodo1a.jpg\" title=\"rodo1a.jpg\" alt=\"rodoniit\"><br><font face=\"Arial\">Foto 1. Rodoniit<\/font>\n<\/p>\n<p style=\"text-align:start\">\n\t<br><span><span style=\"color:#000000\"><span><span style=\"font-style:normal\"><span><span><span style=\"font-weight:400\"><span style=\"letter-spacing:normal\"><span><span style=\"text-transform:none\"><span><span><span><span><span>Koostanud ja fotografeerinud \u00a9 2003 Mare Isakar<\/span><\/span><\/span><\/span><\/span><\/span><\/span><\/span><\/span><\/span><\/span><\/span><\/span><\/span><\/span><\/p>\n","protected":false},"excerpt":{"rendered":"<p>Rodoniit\u00a0\u2013 CaMn4[Si5O15] \u2013 on roosa, punaka, pruunika v\u00f5i roosakashalli v\u00e4rvusega klaasil\u00e4ikeline h\u00e4sti poleeritav dekoratiivne mineraal. K\u00f5vadus 5 \u2013 6,5 Foto 1. Rodoniit Koostanud ja fotografeerinud \u00a9 2003 Mare Isakar<\/p>\n","protected":false},"author":226,"featured_media":0,"parent":0,"menu_order":0,"comment_status":"closed","ping_status":"closed","template":"","meta":{"_acf_changed":false,"inline_featured_image":false,"footnotes":""},"class_list":["post-46","page","type-page","status-publish","hentry"],"acf":[],"_links":{"self":[{"href":"https:\/\/sisu.ut.ee\/mineraalid-ja-kivimid\/wp-json\/wp\/v2\/pages\/46","targetHints":{"allow":["GET"]}}],"collection":[{"href":"https:\/\/sisu.ut.ee\/mineraalid-ja-kivimid\/wp-json\/wp\/v2\/pages"}],"about":[{"href":"https:\/\/sisu.ut.ee\/mineraalid-ja-kivimid\/wp-json\/wp\/v2\/types\/page"}],"author":[{"embeddable":true,"href":"https:\/\/sisu.ut.ee\/mineraalid-ja-kivimid\/wp-json\/wp\/v2\/users\/226"}],"replies":[{"embeddable":true,"href":"https:\/\/sisu.ut.ee\/mineraalid-ja-kivimid\/wp-json\/wp\/v2\/comments?post=46"}],"version-history":[{"count":1,"href":"https:\/\/sisu.ut.ee\/mineraalid-ja-kivimid\/wp-json\/wp\/v2\/pages\/46\/revisions"}],"predecessor-version":[{"id":812,"href":"https:\/\/sisu.ut.ee\/mineraalid-ja-kivimid\/wp-json\/wp\/v2\/pages\/46\/revisions\/812"}],"wp:attachment":[{"href":"https:\/\/sisu.ut.ee\/mineraalid-ja-kivimid\/wp-json\/wp\/v2\/media?parent=46"}],"curies":[{"name":"wp","href":"https:\/\/api.w.org\/{rel}","templated":true}]}}