{"id":16,"date":"2024-04-04T06:11:36","date_gmt":"2024-04-04T03:11:36","guid":{"rendered":"https:\/\/sisu.ut.ee\/mineraalid-ja-kivimid\/hematiit\/"},"modified":"2024-04-04T06:13:07","modified_gmt":"2024-04-04T03:13:07","slug":"hematiit","status":"publish","type":"page","link":"https:\/\/sisu.ut.ee\/mineraalid-ja-kivimid\/hematiit\/","title":{"rendered":"Hematiit"},"content":{"rendered":"<p>\n\t<font face=\"Arial\"><font style=\"medium;font-style:normal;font-weight:400;letter-spacing:normal;text-align:start;text-indent:0px;text-transform:none\"><b>Hematiit<\/b>\u00a0\u2013 Fe<sub>2<\/sub>O<sub>3<\/sub>. Moodustab tahveljaid v\u00f5i soomusjaid kristalle (foto 1), sageli ka tihedaid muldjaid (foto 2) v\u00f5i ooliitseid masse, mis on m\u00f5nikord neerja v\u00e4liskujuga (foto 3). V\u00e4rvus punakaspruun kuni raudmust, kriipsu v\u00e4rvus kirsspunane. L\u00e4ige metalliline.<\/font><\/font>\n<\/p>\n<p>\n\t<font face=\"Arial\"><b>K\u00f5vadus 5,5<\/b><\/font>\n<\/p>\n<p>\n\t\u00a0\n<\/p>\n<p>\n\t<img loading=\"lazy\" decoding=\"async\" width=\"120\" height=\"77\" class=\"alignnone wp-image-192\" src=\"https:\/\/sisu.ut.ee\/wp-content\/uploads\/sites\/431\/hematiit1a.gif\" title=\"hematiit1a.gif\" alt=\"hematiit1\"><br><font face=\"Arial\">Foto 1. Hematiit, Elba<\/font>\n<\/p>\n<p>\n\t\u00a0\n<\/p>\n<p>\n\t<img loading=\"lazy\" decoding=\"async\" width=\"86\" height=\"120\" class=\"alignnone wp-image-193\" src=\"https:\/\/sisu.ut.ee\/wp-content\/uploads\/sites\/431\/hematiit2a.jpg\" title=\"hematiit2a.jpg\" alt=\"hematiit2\"><br><font face=\"Arial\">Foto 2. Hematiit<\/font>\n<\/p>\n<p>\n\t<img loading=\"lazy\" decoding=\"async\" width=\"120\" height=\"91\" class=\"alignnone wp-image-194\" src=\"https:\/\/sisu.ut.ee\/wp-content\/uploads\/sites\/431\/hematiit3a.jpg\" title=\"hematiit3a.jpg\" alt=\"hematiit3\"><br><font face=\"Arial\">Foto 3. Neerja v\u00e4liskujuga hematiit<\/font>\n<\/p>\n<p style=\"text-align:start\">\n\t<br><span><span style=\"color:#000000\"><span><span style=\"font-style:normal\"><span><span><span style=\"font-weight:400\"><span style=\"letter-spacing:normal\"><span><span style=\"text-transform:none\"><span><span><span><span><span>Koostanud ja fotografeerinud \u00a9 2003 Mare Isakar<\/span><\/span><\/span><\/span><\/span><\/span><\/span><\/span><\/span><\/span><\/span><\/span><\/span><\/span><\/span><\/p>\n","protected":false},"excerpt":{"rendered":"<p>Hematiit\u00a0\u2013 Fe2O3. Moodustab tahveljaid v\u00f5i soomusjaid kristalle (foto 1), sageli ka tihedaid muldjaid (foto 2) v\u00f5i ooliitseid masse, mis on m\u00f5nikord neerja v\u00e4liskujuga (foto 3). V\u00e4rvus punakaspruun kuni raudmust, kriipsu v\u00e4rvus kirsspunane. L\u00e4ige metalliline. K\u00f5vadus 5,5 \u00a0 Foto 1. Hematiit, &#8230;<\/p>\n","protected":false},"author":226,"featured_media":0,"parent":0,"menu_order":0,"comment_status":"closed","ping_status":"closed","template":"","meta":{"_acf_changed":false,"inline_featured_image":false,"footnotes":""},"class_list":["post-16","page","type-page","status-publish","hentry"],"acf":[],"_links":{"self":[{"href":"https:\/\/sisu.ut.ee\/mineraalid-ja-kivimid\/wp-json\/wp\/v2\/pages\/16","targetHints":{"allow":["GET"]}}],"collection":[{"href":"https:\/\/sisu.ut.ee\/mineraalid-ja-kivimid\/wp-json\/wp\/v2\/pages"}],"about":[{"href":"https:\/\/sisu.ut.ee\/mineraalid-ja-kivimid\/wp-json\/wp\/v2\/types\/page"}],"author":[{"embeddable":true,"href":"https:\/\/sisu.ut.ee\/mineraalid-ja-kivimid\/wp-json\/wp\/v2\/users\/226"}],"replies":[{"embeddable":true,"href":"https:\/\/sisu.ut.ee\/mineraalid-ja-kivimid\/wp-json\/wp\/v2\/comments?post=16"}],"version-history":[{"count":1,"href":"https:\/\/sisu.ut.ee\/mineraalid-ja-kivimid\/wp-json\/wp\/v2\/pages\/16\/revisions"}],"predecessor-version":[{"id":824,"href":"https:\/\/sisu.ut.ee\/mineraalid-ja-kivimid\/wp-json\/wp\/v2\/pages\/16\/revisions\/824"}],"wp:attachment":[{"href":"https:\/\/sisu.ut.ee\/mineraalid-ja-kivimid\/wp-json\/wp\/v2\/media?parent=16"}],"curies":[{"name":"wp","href":"https:\/\/api.w.org\/{rel}","templated":true}]}}