{"id":138,"date":"2024-04-04T06:11:47","date_gmt":"2024-04-04T03:11:47","guid":{"rendered":"https:\/\/sisu.ut.ee\/mineraalid-ja-kivimid\/kristallilised-kildad\/"},"modified":"2024-04-04T06:13:02","modified_gmt":"2024-04-04T03:13:02","slug":"kristallilised-kildad","status":"publish","type":"page","link":"https:\/\/sisu.ut.ee\/mineraalid-ja-kivimid\/kristallilised-kildad\/","title":{"rendered":"Kristallilised kildad"},"content":{"rendered":"<p>\n\t<font face=\"Arial\"><font style=\"medium;font-style:normal;font-weight:400;letter-spacing:normal;text-align:start;text-indent:0px;text-transform:none\"><b>Kristallilistes kiltades<\/b>\u00a0(fotod 1-4) on valdavateks mineraalideks\u00a0<\/font><\/font><a data-url=\"https:\/\/sisu.ut.ee\/mineraalid-ja-kivimid\/vilgud\" href=\"https:\/\/sisu.ut.ee\/mineraalid-ja-kivimid\/vilgud\" target=\"_blank\" title=\"\" rel=\"noopener\">vilgud<\/a><font face=\"Arial\"><font style=\"medium;font-style:normal;font-weight:400;letter-spacing:normal;text-align:start;text-indent:0px;text-transform:none\">,\u00a0<\/font><\/font><a data-url=\"https:\/\/sisu.ut.ee\/mineraalid-ja-kivimid\/kvarts\" href=\"https:\/\/sisu.ut.ee\/mineraalid-ja-kivimid\/kvarts\" target=\"_blank\" title=\"\" rel=\"noopener\">kvarts<\/a><font face=\"Arial\"><font style=\"medium;font-style:normal;font-weight:400;letter-spacing:normal;text-align:start;text-indent:0px;text-transform:none\">,\u00a0<\/font><\/font><a data-url=\"https:\/\/sisu.ut.ee\/mineraalid-ja-kivimid\/granaat\" href=\"https:\/\/sisu.ut.ee\/mineraalid-ja-kivimid\/granaat\" target=\"_blank\" title=\"\" rel=\"noopener\">granaat<\/a><font face=\"Arial\"><font style=\"medium;font-style:normal;font-weight:400;letter-spacing:normal;text-align:start;text-indent:0px;text-transform:none\">\u00a0jt, mis v\u00f5ivad olla orienteeritud risti stressi suunale.<\/font><\/font>\n<\/p>\n<p>\n\t<img loading=\"lazy\" decoding=\"async\" width=\"120\" height=\"95\" class=\"alignnone wp-image-404\" src=\"https:\/\/sisu.ut.ee\/wp-content\/uploads\/sites\/431\/biotiit_kilt1a.jpg\" title=\"biotiit_kilt1a.jpg\" alt=\"biotiitkilt\"><br><font face=\"Arial\">Foto 1. Biotiitkilt, Tartu<\/font>\n<\/p>\n<p>\n\t<img loading=\"lazy\" decoding=\"async\" width=\"120\" height=\"108\" class=\"alignnone wp-image-405\" src=\"https:\/\/sisu.ut.ee\/wp-content\/uploads\/sites\/431\/kord_kilt1a.jpg\" title=\"kord_kilt1a.jpg\" alt=\"kordieriitkilt\"><font face=\"Arial\">\u00a0\u00a0<\/font><img loading=\"lazy\" decoding=\"async\" width=\"120\" height=\"90\" class=\"alignnone wp-image-406\" src=\"https:\/\/sisu.ut.ee\/wp-content\/uploads\/sites\/431\/kord_kilt2a.jpg\" title=\"kord_kilt2a.jpg\" alt=\"kordieriitkilt\"><font face=\"Arial\">\u00a0l\u00e4hivaade<br>Foto 2. Kordieriitkilt, P\u00fchaj\u00e4rve<\/font>\n<\/p>\n<p>\n\t<img loading=\"lazy\" decoding=\"async\" width=\"120\" height=\"83\" class=\"alignnone wp-image-407\" src=\"https:\/\/sisu.ut.ee\/wp-content\/uploads\/sites\/431\/kord_serits1a.jpg\" title=\"kord_serits1a.jpg\" alt=\"Kordieriit-seritsiitkilt\"><font face=\"Arial\">\u00a0<\/font><img loading=\"lazy\" decoding=\"async\" width=\"120\" height=\"90\" class=\"alignnone wp-image-408\" src=\"https:\/\/sisu.ut.ee\/wp-content\/uploads\/sites\/431\/kord_serits2a.jpg\" title=\"kord_serits2a.jpg\" alt=\"Kordieriit-seritsiitkilt\"><font face=\"Arial\">\u00a0l\u00e4hivaade<br>Foto 3. Kordieriit-seritsiitkilt, Abja<\/font>\n<\/p>\n<p>\n\t<img loading=\"lazy\" decoding=\"async\" width=\"120\" height=\"102\" class=\"alignnone wp-image-409\" src=\"https:\/\/sisu.ut.ee\/wp-content\/uploads\/sites\/431\/gran_kilt4a_01.jpg\" title=\"gran_kilt4a_01.jpg\" alt=\"granaatkilt\"><br><font face=\"Arial\">Foto 4. Granaatkilt, Gotthard, Schveits<\/font>\n<\/p>\n<p>\n\t<img loading=\"lazy\" decoding=\"async\" width=\"120\" height=\"41\" class=\"alignnone wp-image-410\" src=\"https:\/\/sisu.ut.ee\/wp-content\/uploads\/sites\/431\/gran_kilt3a.jpg\" title=\"gran_kilt3a.jpg\" alt=\"granaatkilt\"><br><font face=\"Arial\">Foto 5. Granaatkilt, Gotthard, Schveits<\/font>\n<\/p>\n<p>\n\t<img loading=\"lazy\" decoding=\"async\" width=\"120\" height=\"84\" class=\"alignnone wp-image-411\" src=\"https:\/\/sisu.ut.ee\/wp-content\/uploads\/sites\/431\/granaat_k2a.jpg\" title=\"granaat_k2a.jpg\" alt=\"granaat-vilgukilt\"><br><font face=\"Arial\">Foto 6. Granaat-vilgukilt, Airolo, Tessin, Schveits<\/font>\n<\/p>\n<p>\n\t<img loading=\"lazy\" decoding=\"async\" width=\"120\" height=\"90\" class=\"alignnone wp-image-412\" src=\"https:\/\/sisu.ut.ee\/wp-content\/uploads\/sites\/431\/granaat_k3a.jpg\" title=\"granaat_k3a.jpg\" alt=\"granaat-vilgukilt\"><br><font face=\"Arial\">Foto 7. Granaat-vilgukilt, Fauske, Norra<\/font>\n<\/p>\n<p>\n\t\u00a0\n<\/p>\n<p style=\"text-align:start\">\n\t<br><span><span style=\"color:#000000\"><span><span style=\"font-style:normal\"><span><span><span style=\"font-weight:400\"><span style=\"letter-spacing:normal\"><span><span style=\"text-transform:none\"><span><span><span><span><span>Koostanud ja fotografeerinud \u00a9 2003 Mare Isakar<\/span><\/span><\/span><\/span><\/span><\/span><\/span><\/span><\/span><\/span><\/span><\/span><\/span><\/span><\/span><\/p>\n","protected":false},"excerpt":{"rendered":"<p>Kristallilistes kiltades\u00a0(fotod 1-4) on valdavateks mineraalideks\u00a0vilgud,\u00a0kvarts,\u00a0granaat\u00a0jt, mis v\u00f5ivad olla orienteeritud risti stressi suunale. Foto 1. Biotiitkilt, Tartu \u00a0\u00a0\u00a0l\u00e4hivaadeFoto 2. Kordieriitkilt, P\u00fchaj\u00e4rve \u00a0\u00a0l\u00e4hivaadeFoto 3. Kordieriit-seritsiitkilt, Abja Foto 4. Granaatkilt, Gotthard, Schveits Foto 5. Granaatkilt, Gotthard, Schveits Foto 6. Granaat-vilgukilt, Airolo, Tessin, &#8230;<\/p>\n","protected":false},"author":226,"featured_media":0,"parent":0,"menu_order":0,"comment_status":"closed","ping_status":"closed","template":"","meta":{"_acf_changed":false,"inline_featured_image":false,"footnotes":""},"class_list":["post-138","page","type-page","status-publish","hentry"],"acf":[],"_links":{"self":[{"href":"https:\/\/sisu.ut.ee\/mineraalid-ja-kivimid\/wp-json\/wp\/v2\/pages\/138","targetHints":{"allow":["GET"]}}],"collection":[{"href":"https:\/\/sisu.ut.ee\/mineraalid-ja-kivimid\/wp-json\/wp\/v2\/pages"}],"about":[{"href":"https:\/\/sisu.ut.ee\/mineraalid-ja-kivimid\/wp-json\/wp\/v2\/types\/page"}],"author":[{"embeddable":true,"href":"https:\/\/sisu.ut.ee\/mineraalid-ja-kivimid\/wp-json\/wp\/v2\/users\/226"}],"replies":[{"embeddable":true,"href":"https:\/\/sisu.ut.ee\/mineraalid-ja-kivimid\/wp-json\/wp\/v2\/comments?post=138"}],"version-history":[{"count":1,"href":"https:\/\/sisu.ut.ee\/mineraalid-ja-kivimid\/wp-json\/wp\/v2\/pages\/138\/revisions"}],"predecessor-version":[{"id":721,"href":"https:\/\/sisu.ut.ee\/mineraalid-ja-kivimid\/wp-json\/wp\/v2\/pages\/138\/revisions\/721"}],"wp:attachment":[{"href":"https:\/\/sisu.ut.ee\/mineraalid-ja-kivimid\/wp-json\/wp\/v2\/media?parent=138"}],"curies":[{"name":"wp","href":"https:\/\/api.w.org\/{rel}","templated":true}]}}