{"id":136,"date":"2024-04-04T06:11:47","date_gmt":"2024-04-04T03:11:47","guid":{"rendered":"https:\/\/sisu.ut.ee\/mineraalid-ja-kivimid\/kildad\/"},"modified":"2024-04-04T06:13:02","modified_gmt":"2024-04-04T03:13:02","slug":"kildad","status":"publish","type":"page","link":"https:\/\/sisu.ut.ee\/mineraalid-ja-kivimid\/kildad\/","title":{"rendered":"Kildad"},"content":{"rendered":"<p>\n\t<font face=\"Arial\"><font style=\"medium;font-style:normal;font-weight:400;letter-spacing:normal;text-align:start;text-indent:0px;text-transform:none\"><b>Kildad<\/b>\u00a0on moondekivimid, mis l\u00f6\u00f6gi toimel l\u00f5hestuvad \u00f5hukesteks siledapinnalisteks plaadikesteks. Kiltade koostis ja omadused olenavad l\u00e4htekivimite koostisest ja nende moondumise m\u00e4\u00e4rast. N\u00f5rgal moondel on tekkinud n\u00e4iteks\u00a0<b>savikilt<\/b>\u00a0(foto 1), f\u00fclliit,\u00a0<b>kloriitkilt<\/b>\u00a0(foto 2), talgikilt, tugeval moondel nn\u00a0<\/font><\/font><a data-url=\"https:\/\/sisu.ut.ee\/mineraalid-ja-kivimid\/kristallilised-kildad?\" href=\"https:\/\/sisu.ut.ee\/mineraalid-ja-kivimid\/kristallilised-kildad?\" target=\"_blank\" title=\"\" rel=\"noopener\">kristallilised kildad<\/a><font face=\"Arial\"><font style=\"medium;font-style:normal;font-weight:400;letter-spacing:normal;text-align:start;text-indent:0px;text-transform:none\">.<\/font><\/font>\n<\/p>\n<p>\n\t<img loading=\"lazy\" decoding=\"async\" width=\"120\" height=\"88\" class=\"alignnone wp-image-400\" src=\"https:\/\/sisu.ut.ee\/wp-content\/uploads\/sites\/431\/savikilt1a.jpg\" title=\"savikilt1a.jpg\" alt=\"savikilt\"><br><font face=\"Arial\">Foto 1. Savikilt, Th\u00fcring, Saksamaa<\/font>\n<\/p>\n<p>\n\t<img loading=\"lazy\" decoding=\"async\" width=\"120\" height=\"93\" class=\"alignnone wp-image-401\" src=\"https:\/\/sisu.ut.ee\/wp-content\/uploads\/sites\/431\/klor_kilt1a.jpg\" title=\"klor_kilt1a.jpg\" alt=\"kloriit\"><br><font face=\"Arial\">Foto 2. Kloriitkilt aktinoliidiga, Orij\u00e4rvi, Soome<\/font>\n<\/p>\n<p style=\"text-align:start\">\n\t<br><span><span style=\"color:#000000\"><span><span style=\"font-style:normal\"><span><span><span style=\"font-weight:400\"><span style=\"letter-spacing:normal\"><span><span style=\"text-transform:none\"><span><span><span><span><span>Koostanud ja fotografeerinud \u00a9 2003 Mare Isakar<\/span><\/span><\/span><\/span><\/span><\/span><\/span><\/span><\/span><\/span><\/span><\/span><\/span><\/span><\/span><\/p>\n","protected":false},"excerpt":{"rendered":"<p>Kildad\u00a0on moondekivimid, mis l\u00f6\u00f6gi toimel l\u00f5hestuvad \u00f5hukesteks siledapinnalisteks plaadikesteks. Kiltade koostis ja omadused olenavad l\u00e4htekivimite koostisest ja nende moondumise m\u00e4\u00e4rast. N\u00f5rgal moondel on tekkinud n\u00e4iteks\u00a0savikilt\u00a0(foto 1), f\u00fclliit,\u00a0kloriitkilt\u00a0(foto 2), talgikilt, tugeval moondel nn\u00a0kristallilised kildad. Foto 1. Savikilt, Th\u00fcring, Saksamaa Foto 2. &#8230;<\/p>\n","protected":false},"author":226,"featured_media":0,"parent":0,"menu_order":0,"comment_status":"closed","ping_status":"closed","template":"","meta":{"_acf_changed":false,"inline_featured_image":false,"footnotes":""},"class_list":["post-136","page","type-page","status-publish","hentry"],"acf":[],"_links":{"self":[{"href":"https:\/\/sisu.ut.ee\/mineraalid-ja-kivimid\/wp-json\/wp\/v2\/pages\/136","targetHints":{"allow":["GET"]}}],"collection":[{"href":"https:\/\/sisu.ut.ee\/mineraalid-ja-kivimid\/wp-json\/wp\/v2\/pages"}],"about":[{"href":"https:\/\/sisu.ut.ee\/mineraalid-ja-kivimid\/wp-json\/wp\/v2\/types\/page"}],"author":[{"embeddable":true,"href":"https:\/\/sisu.ut.ee\/mineraalid-ja-kivimid\/wp-json\/wp\/v2\/users\/226"}],"replies":[{"embeddable":true,"href":"https:\/\/sisu.ut.ee\/mineraalid-ja-kivimid\/wp-json\/wp\/v2\/comments?post=136"}],"version-history":[{"count":1,"href":"https:\/\/sisu.ut.ee\/mineraalid-ja-kivimid\/wp-json\/wp\/v2\/pages\/136\/revisions"}],"predecessor-version":[{"id":719,"href":"https:\/\/sisu.ut.ee\/mineraalid-ja-kivimid\/wp-json\/wp\/v2\/pages\/136\/revisions\/719"}],"wp:attachment":[{"href":"https:\/\/sisu.ut.ee\/mineraalid-ja-kivimid\/wp-json\/wp\/v2\/media?parent=136"}],"curies":[{"name":"wp","href":"https:\/\/api.w.org\/{rel}","templated":true}]}}