{"id":124,"date":"2024-04-04T06:11:46","date_gmt":"2024-04-04T03:11:46","guid":{"rendered":"https:\/\/sisu.ut.ee\/mineraalid-ja-kivimid\/teised-omadused\/"},"modified":"2024-04-04T06:13:03","modified_gmt":"2024-04-04T03:13:03","slug":"teised-omadused","status":"publish","type":"page","link":"https:\/\/sisu.ut.ee\/mineraalid-ja-kivimid\/teised-omadused\/","title":{"rendered":"Teised omadused"},"content":{"rendered":"<p>\n\tPeale \u00fclaltoodute iseloomustavad mineraale veel\u00a0<b>magnetilised<\/b>,\u00a0<b>elektrilised<\/b>,\u00a0<b>keemilised<\/b>\u00a0ja teised omadused, millised v\u00f5ivad teatud juhtudel olla mineraalile iseloomulikuks, m\u00e4\u00e4ramist h\u00f5lbustavaks tunnuseks.\n<\/p>\n<p>\n\tTugevalt\u00a0<b>magnetililine<\/b>\u00a0mineraal (<a data-url=\"https:\/\/sisu.ut.ee\/mineraalid-ja-kivimid\/magnetiit\" href=\"https:\/\/sisu.ut.ee\/mineraalid-ja-kivimid\/magnetiit\" target=\"_blank\" title=\"\" rel=\"noopener\">magnetiit<\/a>\u00a0ja p\u00fcrrotiin) muudab kompassi n\u00f5ela suunda.\u00a0<a data-url=\"https:\/\/sisu.ut.ee\/mineraalid-ja-kivimid\/kaltsiit\" href=\"https:\/\/sisu.ut.ee\/mineraalid-ja-kivimid\/kaltsiit\" target=\"_blank\" title=\"\" rel=\"noopener\">Kaltsiit<\/a>, teemant jpt\u00a0<b>helenduvad (luminestseeruvad)<\/b>\u00a0ultraviolettkiirtes,\u00a0<a data-url=\"https:\/\/sisu.ut.ee\/mineraalid-ja-kivimid\/haliit\" href=\"https:\/\/sisu.ut.ee\/mineraalid-ja-kivimid\/haliit\" target=\"_blank\" title=\"\" rel=\"noopener\">haliit ehk kivisool<\/a>\u00a0on\u00a0<b>soolase<\/b>,\u00a0<a data-url=\"https:\/\/sisu.ut.ee\/mineraalid-ja-kivimid\/sylviin1-jpg\" href=\"https:\/\/sisu.ut.ee\/mineraalid-ja-kivimid\/sylviin1-jpg\" target=\"_blank\" title=\"\" rel=\"noopener\">s\u00fclviin<\/a>\u00a0aga\u00a0<b>kibesoolase maitsega<\/b>,\u00a0<a data-url=\"https:\/\/sisu.ut.ee\/mineraalid-ja-kivimid\/grafiit\" href=\"https:\/\/sisu.ut.ee\/mineraalid-ja-kivimid\/grafiit\" target=\"_blank\" title=\"\" rel=\"noopener\">grafiit<\/a>\u00a0<b>m\u00e4\u00e4rib<\/b>\u00a0s\u00f5rmi,\u00a0<a data-url=\"https:\/\/sisu.ut.ee\/mineraalid-ja-kivimid\/v%C3%A4%C3%A4vel\" href=\"https:\/\/sisu.ut.ee\/mineraalid-ja-kivimid\/v%C3%A4%C3%A4vel\" target=\"_blank\" title=\"\" rel=\"noopener\">vaavel<\/a>\u00a0<b>p\u00f5leb<\/b>.<\/p>\n","protected":false},"excerpt":{"rendered":"<p>Peale \u00fclaltoodute iseloomustavad mineraale veel\u00a0magnetilised,\u00a0elektrilised,\u00a0keemilised\u00a0ja teised omadused, millised v\u00f5ivad teatud juhtudel olla mineraalile iseloomulikuks, m\u00e4\u00e4ramist h\u00f5lbustavaks tunnuseks. Tugevalt\u00a0magnetililine\u00a0mineraal (magnetiit\u00a0ja p\u00fcrrotiin) muudab kompassi n\u00f5ela suunda.\u00a0Kaltsiit, teemant jpt\u00a0helenduvad (luminestseeruvad)\u00a0ultraviolettkiirtes,\u00a0haliit ehk kivisool\u00a0on\u00a0soolase,\u00a0s\u00fclviin\u00a0aga\u00a0kibesoolase maitsega,\u00a0grafiit\u00a0m\u00e4\u00e4rib\u00a0s\u00f5rmi,\u00a0vaavel\u00a0p\u00f5leb.<\/p>\n","protected":false},"author":226,"featured_media":0,"parent":0,"menu_order":0,"comment_status":"closed","ping_status":"closed","template":"","meta":{"_acf_changed":false,"inline_featured_image":false,"footnotes":""},"class_list":["post-124","page","type-page","status-publish","hentry"],"acf":[],"_links":{"self":[{"href":"https:\/\/sisu.ut.ee\/mineraalid-ja-kivimid\/wp-json\/wp\/v2\/pages\/124","targetHints":{"allow":["GET"]}}],"collection":[{"href":"https:\/\/sisu.ut.ee\/mineraalid-ja-kivimid\/wp-json\/wp\/v2\/pages"}],"about":[{"href":"https:\/\/sisu.ut.ee\/mineraalid-ja-kivimid\/wp-json\/wp\/v2\/types\/page"}],"author":[{"embeddable":true,"href":"https:\/\/sisu.ut.ee\/mineraalid-ja-kivimid\/wp-json\/wp\/v2\/users\/226"}],"replies":[{"embeddable":true,"href":"https:\/\/sisu.ut.ee\/mineraalid-ja-kivimid\/wp-json\/wp\/v2\/comments?post=124"}],"version-history":[{"count":1,"href":"https:\/\/sisu.ut.ee\/mineraalid-ja-kivimid\/wp-json\/wp\/v2\/pages\/124\/revisions"}],"predecessor-version":[{"id":728,"href":"https:\/\/sisu.ut.ee\/mineraalid-ja-kivimid\/wp-json\/wp\/v2\/pages\/124\/revisions\/728"}],"wp:attachment":[{"href":"https:\/\/sisu.ut.ee\/mineraalid-ja-kivimid\/wp-json\/wp\/v2\/media?parent=124"}],"curies":[{"name":"wp","href":"https:\/\/api.w.org\/{rel}","templated":true}]}}