{"id":11,"date":"2024-04-04T07:27:02","date_gmt":"2024-04-04T04:27:02","guid":{"rendered":"https:\/\/sisu.ut.ee\/mindtour\/contact\/"},"modified":"2024-04-04T07:27:21","modified_gmt":"2024-04-04T04:27:21","slug":"contact","status":"publish","type":"page","link":"https:\/\/sisu.ut.ee\/mindtour\/contact\/","title":{"rendered":"Contact"},"content":{"rendered":"<p>\n\tProject team involves partners from three countries: Estonia, Latvia and Belgium. From each country belong into team one higher education institution and one field organisation.\u00a0\n<\/p>\n<table class=\"table table-hover\" border=\"0\" cellpadding=\"1\" cellspacing=\"1\" style=\"width: 500px\">\n<tbody>\n<tr>\n<td>\n<h3>\n\t\t\t\t\t<span><strong>ESTONIA<\/strong><\/span><br>\n\t\t\t\t<\/h3>\n<p>\n\t\t\t\t\t<strong>Project coordinator: P\u00e4rnu College, University of Tartu<\/strong>\n\t\t\t\t<\/p>\n<p>\n\t\t\t\t\t<strong>Contact person<\/strong>: Liina K\u00e4\u00e4r, liina.kaar@ut.ee\n\t\t\t\t<\/p>\n<p>\n\t\t\t\t\t<strong>Team members<\/strong>: Marit Piirman, marit.piirman@ut.ee;<br>Tiina Tamm, tiina.tamm@ut.ee;\u00a0<br>Monika Kumm, monika.kumm@ut.ee;\u00a0<br>Karit J\u00e4\u00e4rats, karit.jaarats@ut.ee;<br>Ragnar Kolga, ragnar.kolga@ut.ee.\n\t\t\t\t<\/p>\n<\/td>\n<\/tr>\n<tr>\n<td>\n\t\t\t\t<img loading=\"lazy\" decoding=\"async\" alt=\"\" height=\"81\" src=\"https:\/\/sisu.ut.ee\/wp-content\/uploads\/sites\/515\/parnu_kolledz.png\" style=\"float:left\" width=\"388\">\n\t\t\t<\/td>\n<\/tr>\n<tr>\n<td>\n<p>\n\t\t\t\t\t<strong>Field organisation: P\u00e4rnu Muuseum<\/strong>\n\t\t\t\t<\/p>\n<p>\n\t\t\t\t\t<strong>Contact person<\/strong>: Maarja Padari-Kallit,\u00a0<br>Maarja.Padari-Kallit@pernau.ee\n\t\t\t\t<\/p>\n<\/td>\n<\/tr>\n<tr>\n<td style=\"text-align: center\">\n\t\t\t\t<img loading=\"lazy\" decoding=\"async\" width=\"259\" height=\"56\" class=\"alignnone wp-image-28\" src=\"https:\/\/sisu.ut.ee\/wp-content\/uploads\/sites\/515\/parnu_muuseum.jpg\" title=\"p\u00e4rnu muuseum\" alt=\"p\u00e4rnu muuseum\">\n\t\t\t<\/td>\n<\/tr>\n<\/tbody>\n<\/table>\n<table class=\"table table-hover\" border=\"0\" cellpadding=\"1\" cellspacing=\"1\" style=\"width: 500px\">\n<tbody>\n<tr>\n<td>\n<h3>\n\t\t\t\t\t<span><strong>LATVIA<\/strong><\/span><br>\n\t\t\t\t<\/h3>\n<p>\n\t\t\t\t\t<strong>Partner organisation: University of Latvia<\/strong>\n\t\t\t\t<\/p>\n<p>\n\t\t\t\t\t<strong>Contact person<\/strong>:\u00a0Solveiga Kr\u016bmi\u0146a-Ko\u0146kova, solveiga.krumina-konkova@lu.lv\n\t\t\t\t<\/p>\n<p>\n\t\t\t\t\t<strong>Team members<\/strong>: Agita Luse, agitaluse@gmail.com;<br>Aija van der Steina,\u00a0<\/p>\n<p><!--td {border: 1px solid #cccccc;}br {mso-data-placement:same-cell;}--><br>\n\t\t\t\t\taija.vdsteina@lu.lv,<br>Diana Popova, diana.popova.mail@gmail.com;\u00a0<br>Liene R\u0101cene, liene.racene@gmail.com;\u00a0<br>Nade\u017eda Pazuhina, nadezda.pazuhina@lu.lv.\n\t\t\t\t<\/p>\n<\/td>\n<\/tr>\n<tr>\n<td>\n\t\t\t\t<img loading=\"lazy\" decoding=\"async\" width=\"194\" height=\"72\" class=\"alignnone wp-image-29\" style=\"float:left\" src=\"https:\/\/sisu.ut.ee\/wp-content\/uploads\/sites\/515\/lati_ulikool.png\" title=\"University of Latvia\" alt=\"University of Latvia\">\n\t\t\t<\/td>\n<\/tr>\n<tr>\n<td>\n<p>\n\t\t\t\t\t<strong>Field organisation: Zeit Hotel<\/strong>\n\t\t\t\t<\/p>\n<p>\n\t\t\t\t\t<strong>Contact person<\/strong>:\u00a0L\u012bga Z\u0101l\u012bte, info@zeit.lv\n\t\t\t\t<\/p>\n<\/td>\n<\/tr>\n<tr>\n<td style=\"text-align: center\">\n\t\t\t\t<img loading=\"lazy\" decoding=\"async\" width=\"112\" height=\"112\" class=\"alignnone wp-image-30\" src=\"https:\/\/sisu.ut.ee\/wp-content\/uploads\/sites\/515\/zeit.png\" title=\"Zeit\" alt=\"Zeit\">\n\t\t\t<\/td>\n<\/tr>\n<\/tbody>\n<\/table>\n<p>\u00a0<\/p>\n<table class=\"table table-hover\" border=\"0\" cellpadding=\"1\" cellspacing=\"1\" style=\"width: 500px\">\n<tbody>\n<tr>\n<td>\n<h3>\n\t\t\t\t\t<span><strong>BELGIUM<\/strong><\/span><br>\n\t\t\t\t<\/h3>\n<p>\n\t\t\t\t\t<strong>Partner organisation:\u00a0<\/strong><\/p>\n<p><!--td {border: 1px solid #cccccc;}br {mso-data-placement:same-cell;}--><br>\n\t\t\t\t\t<strong>Thomas More University of Applied Sciences<\/strong>\n\t\t\t\t<\/p>\n<p>\n\t\t\t\t\t<strong>Contact person<\/strong>: Marco Scholtz,\u00a0<\/p>\n<p><!--td {border: 1px solid #cccccc;}br {mso-data-placement:same-cell;}--><br>\n\t\t\t\t\tmarco.scholtz@thomasmore.be\n\t\t\t\t<\/p>\n<p>\n\t\t\t\t\t<strong>Project team:<\/strong> Dorien Vandenborre,\u00a0<\/p>\n<p><!--td {border: 1px solid #cccccc;}br {mso-data-placement:same-cell;}--><br>\n\t\t\t\t\tdorien.vandenborre@thomasmore.be;<br>Nansi Van Geetsom,\u00a0<\/p>\n<p><!--td {border: 1px solid #cccccc;}br {mso-data-placement:same-cell;}--><br>\n\t\t\t\t\tnansi.vangeetsom@thomasmore.be;\u00a0<br>Leentje Van Aken, leentje.vanaken@thomasmore.be.\n\t\t\t\t<\/p>\n<\/td>\n<\/tr>\n<tr>\n<td>\n\t\t\t\t<img loading=\"lazy\" decoding=\"async\" width=\"258\" height=\"58\" class=\"alignnone wp-image-31\" style=\"float:left\" src=\"https:\/\/sisu.ut.ee\/wp-content\/uploads\/sites\/515\/thomas_more.png\" title=\"Thomas More\" alt=\"Thomas More\">\n\t\t\t<\/td>\n<\/tr>\n<tr>\n<td>\n<p>\n\t\t\t\t\t<strong>Field organisation: Museum Dr. Guislain<\/strong>\n\t\t\t\t<\/p>\n<p>\n\t\t\t\t\t<strong>Contact persons<\/strong>: Yoon Hee Lamot,\u00a0<\/p>\n<p><!--td {border: 1px solid #cccccc;}br {mso-data-placement:same-cell;}--><br>\n\t\t\t\t\ty.lamot@museumdrguislain.be;\n\t\t\t\t<\/p>\n<p>\n\t\t\t\t\tKristine Timperman,\u00a0<\/p>\n<p><!--td {border: 1px solid #cccccc;}br {mso-data-placement:same-cell;}--><br>\n\t\t\t\t\tkristine.timperman@museumdrguislain.be\n\t\t\t\t<\/p>\n<\/td>\n<\/tr>\n<tr>\n<td style=\"text-align: center\">\n\t\t\t\t<img loading=\"lazy\" decoding=\"async\" width=\"93\" height=\"93\" class=\"alignnone wp-image-32\" src=\"https:\/\/sisu.ut.ee\/wp-content\/uploads\/sites\/515\/dr_guislain.jpg\" title=\"Museum Dr Guislain\" alt=\"Museum Dr Guislain\">\n\t\t\t<\/td>\n<\/tr>\n<\/tbody>\n<\/table>\n<p>\u00a0<\/p>\n<p>\n\t\u00a0<\/p>\n","protected":false},"excerpt":{"rendered":"<p>Project team involves partners from three countries: Estonia, Latvia and Belgium. From each country belong into team one higher education institution and one field organisation.\u00a0 ESTONIA Project coordinator: P\u00e4rnu College, University of Tartu Contact person: Liina K\u00e4\u00e4r, liina.kaar@ut.ee Team members: &#8230;<\/p>\n","protected":false},"author":265,"featured_media":0,"parent":0,"menu_order":0,"comment_status":"closed","ping_status":"closed","template":"","meta":{"_acf_changed":false,"inline_featured_image":false,"footnotes":""},"class_list":["post-11","page","type-page","status-publish","hentry"],"acf":[],"_links":{"self":[{"href":"https:\/\/sisu.ut.ee\/mindtour\/wp-json\/wp\/v2\/pages\/11","targetHints":{"allow":["GET"]}}],"collection":[{"href":"https:\/\/sisu.ut.ee\/mindtour\/wp-json\/wp\/v2\/pages"}],"about":[{"href":"https:\/\/sisu.ut.ee\/mindtour\/wp-json\/wp\/v2\/types\/page"}],"author":[{"embeddable":true,"href":"https:\/\/sisu.ut.ee\/mindtour\/wp-json\/wp\/v2\/users\/265"}],"replies":[{"embeddable":true,"href":"https:\/\/sisu.ut.ee\/mindtour\/wp-json\/wp\/v2\/comments?post=11"}],"version-history":[{"count":1,"href":"https:\/\/sisu.ut.ee\/mindtour\/wp-json\/wp\/v2\/pages\/11\/revisions"}],"predecessor-version":[{"id":87,"href":"https:\/\/sisu.ut.ee\/mindtour\/wp-json\/wp\/v2\/pages\/11\/revisions\/87"}],"wp:attachment":[{"href":"https:\/\/sisu.ut.ee\/mindtour\/wp-json\/wp\/v2\/media?parent=11"}],"curies":[{"name":"wp","href":"https:\/\/api.w.org\/{rel}","templated":true}]}}