{"id":8,"date":"2024-04-04T02:26:26","date_gmt":"2024-04-04T02:26:26","guid":{"rendered":"https:\/\/sisu.ut.ee\/mibest\/media\/"},"modified":"2024-04-04T02:27:13","modified_gmt":"2024-04-04T02:27:13","slug":"media","status":"publish","type":"page","link":"https:\/\/sisu.ut.ee\/mibest\/media\/","title":{"rendered":"MEDIA"},"content":{"rendered":"<p>\n\t\u00a0\n<\/p>\n<p>\n\t<\/p><div class=\"ratio ratio-16x9 mb-3\"><div class=\"video-placeholder-wrapper video-placeholder-wrapper--16x9\">\n\t\t\t    <div class=\"video-placeholder d-flex justify-content-center align-items-center\">\n\t\t\t        <div class=\"overlay text-white p-2 w-100 text-center d-block justify-content-center align-items-center\">\n\t\t\t            <div>To view third-party content, please accept cookies.<\/div>\n\t\t\t            <button class=\"btn btn-secondary btn-sm mt-1 consent-change\">Change consent<\/button>\n\t\t\t        <\/div>\n\t\t\t    <\/div>\n\t\t\t<\/div>\n<\/div>\n\n<p>\n\t* In march 2020 Marta Putrin\u0161 and Karin Kogermann in radio \u201cKUKU\u201d\u00a0 podcast about\u00a0 the action of antibiotics and treatment of chronic wounds with new antimicrobial wound covers\u00a0<a href=\"http:\/\/podcast.kuku.postimees.ee\/podcast\/kuue-samba-taga-2020-03-02\/\"><span style=\"color:#1155cc\">http:\/\/podcast.kuku.postimees.ee\/podcast\/kuue-samba-taga-2020-03-02\/<\/span><\/a>\n<\/p>\n<p>\n\t<b>Articles in popular scientific\/technical journals in national and international media:<\/b>\n<\/p>\n<p style=\"text-align:justify\">\n\tAs outcome of our soft skills training (WP 4) TUIT PhD students have published articles:\n<\/p>\n<p>\n\t1.\u00a0\u00a0\u00a0\u00a0\u00a0\u00a0\u00a0\u00a0\u00a0\u00a0 Kristiina Kurg \u201cMelanoomi diagnoos vaid veretilgast\u201d, Kodutohter magazine. (online version in November https:\/\/kodus.ee\/artikkel\/melanoomi-diagnoos-vaid-veretilgast )\n<\/p>\n<p>\n\t2.\u00a0\u00a0\u00a0\u00a0\u00a0\u00a0\u00a0\u00a0\u00a0\u00a0 Kristiina Kurg \u201cSkin-cancer diagnostics from just a drop of blood\u00a0 could it really be true? 5. Nov 2020 https:\/\/researchinestonia.eu\/2020\/11\/05\/skin-cancer-diagnostics-from-just-a-drop-of-blood-could-it-really-be-true\/\n<\/p>\n<p>\n\t3.\u00a0\u00a0\u00a0\u00a0\u00a0\u00a0\u00a0\u00a0\u00a0\u00a0 Mariliis Hinnu, Science portal Novaator \u201cSmart designer cells are useful in drug development and in environment surveillance\u201d <a href=\"https:\/\/novaator.err.ee\/1159559\/nutikatest-disainerrakkudest-touseb-kasu-nii-ravimiarenduses-kui-ka-keskkonnaseires\"><span style=\"color:#1155cc\">https:\/\/novaator.err.ee\/1159559\/nutikatest-disainerrakkudest-touseb-kasu-nii-ravimiarenduses-kui-ka-keskkonnaseires<\/span><\/a>\n<\/p>\n<p>\n\t4. Mariliis Hinnu, English translation of the Novaator article above: https:\/\/researchinestonia.eu\/2020\/12\/04\/smart-designer-cells-are-beneficial-in-drug-development-as-well-as-in-environmental-monitoring\/\n<\/p>\n<p style=\"text-align:justify\">\n\t5. Margit Meiesaar, \u201cMariliis Hinnu lahendab tuleviku meditsiini probleeme\u201d (Mariliis Hinnu solves the problems of the future medicine). 1.10.2021\u00a0Miks.ee web-portal targeted for youth https:\/\/www.miks.ee\/isikulood\/mariliis-hinnu-lahendab-tuleviku-meditsiini-probleeme\n<\/p>\n<p style=\"text-align:justify\">\n\t\u00a0\n<\/p>\n<p style=\"text-align:justify\">\n\t6.\u00a0<span style=\"color:black\">Kr\u00f5\u00f5t Arbo, \u201eTaimne toit kui vahel\u00fcli inimese ja mullabakterite vahel\u201c (Vegetarian food as a connection between human and soil bacteria)<\/span>, popular science magazine <span style=\"color:black\">Horisont 3\/2021\u00a0<\/span><span style=\"line-height:normal\"><span><span style=\"color:black\">not peer reviewed, OA, no embargo<\/span><\/span><\/span>\n<\/p>\n<p style=\"text-align:justify\">\n\t\u00a0\n<\/p>\n<p style=\"margin-bottom:0cm\">\n\t<span style=\"line-height:normal\"><span><span style=\"color:black\">7.\u00a0 Marilin Vikat \u201eSoolemikroobidele on vaja anda meelep\u00e4rast toidupoolist\u201c (Gut microbes need to be given the food they like) \u2013 interview with Bj\u00f6rn Schr\u00f6der and Nelson Gerkara\u00a0visiting for winterschool.\u00a0<\/span><\/span><\/span><span style=\"line-height:normal\"><span><span style=\"color:black\">29. march 2022, daily newspaper Postimees,\u00a0<\/span><\/span><\/span><span style=\"line-height:normal\"><span><span style=\"color:black\">not peer reviewed, OA, no embargo<\/span><\/span><\/span>\n<\/p>\n<p style=\"margin-bottom:0cm\">\n\t\u00a0\n<\/p>\n<p style=\"margin-bottom:0cm\">\n\t<span style=\"line-height:normal\"><span><span style=\"color:black\">8. Martin Kala \u201eKurikavala viiruse vastu\u201c, (Defeating malicious virus) 7. august 2022 magazine Kodutohter,\u00a0<\/span><\/span><\/span><span style=\"line-height:normal\"><span><span style=\"color:black\">not peer reviewed, OA, no embargo<\/span><\/span><\/span>\n<\/p>\n<p style=\"margin-bottom:0cm\">\n\t\u00a0\n<\/p>\n<p style=\"margin-bottom:0cm\">\n\t<span style=\"line-height:normal\"><span><span style=\"color:black\">9. Niilo Kaldalu \u201eBakterid, kes teesklevad surnut ja kavaldavad \u00fcle antibiootikumid\u201c, (Bacteria who will pretend to be dead and oversmart antibiotics\u201e <\/span>popular science magazine <span style=\"color:black\">Horisont 1\/2022<\/span><\/span><\/span>\n<\/p>\n<p style=\"margin-bottom:0cm\">\n\t\u00a0\n<\/p>\n<p>\n\t<span style=\"line-height:104%\">9. Airika Harrik, \u201eS\u00e4\u00e4sehaiguste leviku v\u00f5ti peitub putukate s\u00fcljes\u201c, (The cure for the diseases spread by mosquitoes is in their saliva\u201c, 14.06.2022 <span style=\"color:black\">Science portal Novaator interview with <\/span>Clive McKimmie during the Arboviruses conference<\/span>\n<\/p>\n<p>\n\t<span style=\"line-height:104%\"><a href=\"https:\/\/novaator.err.ee\/1608629056\/saasehaiguste-leviku-voti-peitub-putukate-suljes\"><span style=\"background:white\"><span><span style=\"color:#1155cc\">https:\/\/novaator.err.ee\/1608629056\/saasehaiguste-leviku-voti-peitub-putukate-suljes<\/span><\/span><\/span><\/a><a name=\"_Hlt118811001\"><\/a><a name=\"_Hlt118811000\"><\/a><\/span>\n<\/p>\n<p>\n\t\u00a0\n<\/p>\n<p style=\"margin-bottom:0cm\">\n\t<span style=\"background:white\"><span style=\"line-height:15.6pt\"><span style=\"vertical-align:baseline\"><span><span style=\"color:black\">10. Fatemeh Rastgar, \u201e<\/span><\/span><\/span><\/span><\/span><a data-url=\"https:\/\/blog.ut.ee\/robots-pandemic\/\u00a0\" href=\"https:\/\/blog.ut.ee\/robots-pandemic\/%C2%A0\" target=\"_blank\" title=\"\" rel=\"noopener\">How robots can guide us safely through the pandemic<\/a><span style=\"background:white\"><span style=\"line-height:15.6pt\"><span style=\"vertical-align:baseline\"><span><span><span style=\"color:black\">\u201c\u00a0<\/span><\/span><\/span><span style=\"color:black\">The blog of University of Tartu, 26.03.2021<\/span><\/span><\/span><\/span>\n<\/p>\n<p style=\"margin-bottom:0cm\">\n\t\u00a0\n<\/p>\n<p style=\"text-align:justify\">\n\t\u00a0<\/p>\n","protected":false},"excerpt":{"rendered":"<p>\u00a0 To view third-party content, please accept cookies. Change consent * In march 2020 Marta Putrin\u0161 and Karin Kogermann in radio \u201cKUKU\u201d\u00a0 podcast about\u00a0 the action of antibiotics and treatment of chronic wounds with new antimicrobial wound covers\u00a0http:\/\/podcast.kuku.postimees.ee\/podcast\/kuue-samba-taga-2020-03-02\/ Articles in &#8230;<\/p>\n","protected":false},"author":195,"featured_media":0,"parent":0,"menu_order":0,"comment_status":"closed","ping_status":"closed","template":"","meta":{"_acf_changed":false,"inline_featured_image":false,"footnotes":""},"class_list":["post-8","page","type-page","status-publish","hentry"],"acf":[],"_links":{"self":[{"href":"https:\/\/sisu.ut.ee\/mibest\/wp-json\/wp\/v2\/pages\/8","targetHints":{"allow":["GET"]}}],"collection":[{"href":"https:\/\/sisu.ut.ee\/mibest\/wp-json\/wp\/v2\/pages"}],"about":[{"href":"https:\/\/sisu.ut.ee\/mibest\/wp-json\/wp\/v2\/types\/page"}],"author":[{"embeddable":true,"href":"https:\/\/sisu.ut.ee\/mibest\/wp-json\/wp\/v2\/users\/195"}],"replies":[{"embeddable":true,"href":"https:\/\/sisu.ut.ee\/mibest\/wp-json\/wp\/v2\/comments?post=8"}],"version-history":[{"count":1,"href":"https:\/\/sisu.ut.ee\/mibest\/wp-json\/wp\/v2\/pages\/8\/revisions"}],"predecessor-version":[{"id":145,"href":"https:\/\/sisu.ut.ee\/mibest\/wp-json\/wp\/v2\/pages\/8\/revisions\/145"}],"wp:attachment":[{"href":"https:\/\/sisu.ut.ee\/mibest\/wp-json\/wp\/v2\/media?parent=8"}],"curies":[{"name":"wp","href":"https:\/\/api.w.org\/{rel}","templated":true}]}}