{"id":4,"date":"2024-04-04T00:18:29","date_gmt":"2024-04-03T21:18:29","guid":{"rendered":"https:\/\/sisu.ut.ee\/metobs150\/avaleht\/"},"modified":"2024-10-18T09:30:15","modified_gmt":"2024-10-18T06:30:15","slug":"avaleht","status":"publish","type":"page","link":"https:\/\/sisu.ut.ee\/metobs150\/","title":{"rendered":"Avaleht"},"content":{"rendered":"<p>1865. aasta 2. detsembril alustas Tartu \u00dclikooli f\u00fc\u00fcsikakateedri juhataja Arthur Joachim von Oettingen oma majas meteoroloogilisi vaatlusi, millega pani aluse t\u00e4nap\u00e4evani kestvatele\u00a0pidevatele vaatlustele Tartus. Sellep\u00e4rast peetaksegi 2. detsembrit Tartu \u00dclikooli Meteoroloogia Observatooriumi (METOBSi) asutamise kuup\u00e4evaks. Sel aastal t\u00e4itub 150 aastat pidevate organiseeritud meteoroloogiliste m\u00f5\u00f5tmiste algusest Eestis, mille t\u00e4histamiseks\u00a0korraldavad Tartu \u00dclikooli f\u00fc\u00fcsika instituudi atmosf\u00e4\u00e4ri- ja keskkonnaf\u00fc\u00fcsika laborid ning \u00f6koloogia ja maateaduste instituudi geograafia osakond, Tartu Observatoorium, Keskkonnaagentuur,\u00a0Eesti Loodusuurijate Seltsi (ELUS) J\u00f5geva ilmahuvikeskus ning ilm.ee\u00a0 s\u00fcndmuste sarja METOBS 150.<\/p>\n<p><strong>S\u00fcndmuste ja tegevuste ajakava<\/strong><\/p>\n<ol>\n<li><a href=\"http:\/\/www.ilmateenistus.ee\/2015\/01\/sajanditorm-kumme-aastat-tagasi\/\" target=\"_blank\" rel=\"noopener\">2005. aasta\u00a09. jaanuaril\u00a0Eestit tabanud tormi 10. aastap\u00e4ev, 9. jaanuar 2015, KAUR, Tallinn<\/a><\/li>\n<li><a href=\"http:\/\/www.ilmateenistus.ee\/ilmatarkus\/meteoroloogiapaevad\/2015-teadmised-kliimast-tegudesse\/\" target=\"_blank\" rel=\"noopener\">\u00dclemaailmne meteoroloogiap\u00e4ev, 23. m\u00e4rts 2015, KAUR, Tallinn<\/a><\/li>\n<li>F\u00fc\u00fcsikahoone uue ilmajaama avamine, \u201c\u00d5hupalli v\u00e4ljakutse\u201d, 24. aprill 2015 kell 14:00, Ravila 14c, Tartu<\/li>\n<li><a href=\"http:\/\/www.ilmateenistus.ee\/2015\/05\/16-mail-saavad-huvilised-tutvuda-ilmajaamade-koogipoolega\/\" data-url=\"http:\/\/www.ilmateenistus.ee\/2015\/05\/16-mail-saavad-huvilised-tutvuda-ilmajaamade-koogipoolega\/\">Lahtiste uste p\u00e4evad KAUR ilmajaamades, 18. mai 2015, Tallinn, T\u00f5ravere, S\u00fcrgavere<\/a><\/li>\n<li><a href=\"http:\/\/lepo.it.da.ut.ee\/~cbarcus\/kokkutulek_2015.htm\" data-url=\"http:\/\/lepo.it.da.ut.ee\/~cbarcus\/kokkutulek_2015.htm\">Harrastusmeteoroloogide kokkutulek, 18. juuli 2015, J\u00f5geva<\/a><\/li>\n<li>Avatud uste p\u00e4ev Vilsandi meteojaamas, 18. juuli 2015, Vilsandi<\/li>\n<li><a href=\"http:\/\/www.baltic-earth.eu\/tartu2015\/\" target=\"_blank\" rel=\"noopener\">Rahvusvaheline \u201cBaltic Earth\u201d doktorantide konverents Tartus ja Vilsandil, 10.-14. august 2015<\/a><\/li>\n<li><a href=\"http:\/\/ilm.ee\/index.php?514006\" data-url=\"http:\/\/ilm.ee\/index.php?514006\">Koolinoorte fotokonkurss \u201cVihm,\u201d 20. mai \u2013 2. oktoober 2015, ilm.ee, Teaduste Akadeemia saal, Tallinn<\/a><\/li>\n<li><a href=\"http:\/\/www.loodusajakiri.ee\/tutvustused\/EL12_2015.pdf\" data-url=\"http:\/\/www.loodusajakiri.ee\/tutvustused\/EL12_2015.pdf\">Eesti Looduses m\u00f5ned artiklid<\/a>, detsember 2015<\/li>\n<li><a href=\"https:\/\/sisu.ut.ee\/metobs150\/ajalookonverents\" target=\"_blank\" rel=\"noopener\">Ajalookonverents, 2. detsember 2015, Tiigi Seltsimaja, Tartu<\/a><\/li>\n<li>Margiesitlus, 2. detsember 2015, Tiigi Seltsimaja, Tartu<\/li>\n<li>Linnaekskursioon Tartus, 2. detsember 2015, Tartu<\/li>\n<li>Konverents \u201cEesti geof\u00fc\u00fcsika 2015\u201d, 3. detsember 2015, Tartu Observatoorium, T\u00f5ravere<\/li>\n<li>Ekskursioon T\u00f5raveres, 3. detsember 2015<\/li>\n<li><a href=\"https:\/\/sisu.ut.ee\/metobs150\/kogumik\" target=\"_blank\" rel=\"noopener\">Kogumik, detsember 2016<\/a><\/li>\n<\/ol>\n<p><img loading=\"lazy\" decoding=\"async\" width=\"808\" height=\"76\" class=\"alignnone wp-image-12\" title=\"ilmadeobservatoorium.png\" src=\"https:\/\/sisu.ut.ee\/wp-content\/uploads\/sites\/116\/ilmadeobservatoorium.png\" alt=\"ilmadeobservatoorium.png\" srcset=\"https:\/\/sisu.ut.ee\/wp-content\/uploads\/sites\/116\/ilmadeobservatoorium.png 808w, https:\/\/sisu.ut.ee\/wp-content\/uploads\/sites\/116\/ilmadeobservatoorium-300x28.png 300w, https:\/\/sisu.ut.ee\/wp-content\/uploads\/sites\/116\/ilmadeobservatoorium-768x72.png 768w\" sizes=\"auto, (max-width: 808px) 100vw, 808px\"><\/p>\n","protected":false},"excerpt":{"rendered":"<p>1865. aasta 2. detsembril alustas Tartu \u00dclikooli f\u00fc\u00fcsikakateedri juhataja Arthur Joachim von Oettingen oma majas meteoroloogilisi vaatlusi, millega pani aluse t\u00e4nap\u00e4evani kestvatele\u00a0pidevatele vaatlustele Tartus. Sellep\u00e4rast peetaksegi 2. detsembrit Tartu \u00dclikooli Meteoroloogia Observatooriumi (METOBSi) asutamise kuup\u00e4evaks. Sel aastal t\u00e4itub 150 aastat &#8230;<\/p>\n","protected":false},"author":49,"featured_media":0,"parent":0,"menu_order":0,"comment_status":"closed","ping_status":"closed","template":"","meta":{"_acf_changed":false,"inline_featured_image":false,"footnotes":""},"class_list":["post-4","page","type-page","status-publish","hentry"],"acf":[],"_links":{"self":[{"href":"https:\/\/sisu.ut.ee\/metobs150\/wp-json\/wp\/v2\/pages\/4","targetHints":{"allow":["GET"]}}],"collection":[{"href":"https:\/\/sisu.ut.ee\/metobs150\/wp-json\/wp\/v2\/pages"}],"about":[{"href":"https:\/\/sisu.ut.ee\/metobs150\/wp-json\/wp\/v2\/types\/page"}],"author":[{"embeddable":true,"href":"https:\/\/sisu.ut.ee\/metobs150\/wp-json\/wp\/v2\/users\/49"}],"replies":[{"embeddable":true,"href":"https:\/\/sisu.ut.ee\/metobs150\/wp-json\/wp\/v2\/comments?post=4"}],"version-history":[{"count":2,"href":"https:\/\/sisu.ut.ee\/metobs150\/wp-json\/wp\/v2\/pages\/4\/revisions"}],"predecessor-version":[{"id":49,"href":"https:\/\/sisu.ut.ee\/metobs150\/wp-json\/wp\/v2\/pages\/4\/revisions\/49"}],"wp:attachment":[{"href":"https:\/\/sisu.ut.ee\/metobs150\/wp-json\/wp\/v2\/media?parent=4"}],"curies":[{"name":"wp","href":"https:\/\/api.w.org\/{rel}","templated":true}]}}