{"id":7,"date":"2024-04-04T08:09:34","date_gmt":"2024-04-04T05:09:34","guid":{"rendered":"https:\/\/sisu.ut.ee\/mereteadus2022\/program\/"},"modified":"2024-04-04T08:09:46","modified_gmt":"2024-04-04T05:09:46","slug":"program","status":"publish","type":"page","link":"https:\/\/sisu.ut.ee\/mereteadus2022\/program\/","title":{"rendered":"Program"},"content":{"rendered":"<p>\n\t<strong>ONLINE<\/strong>:\u00a0<a data-url=\"https:\/\/worksup.com\/app#id=MERETEADUS2022\" href=\"https:\/\/worksup.com\/app#id=MERETEADUS2022\" target=\"_blank\" title=\"\" rel=\"noopener\">https:\/\/worksup.com\/app#id=MERETEADUS2022<\/a>\n<\/p>\n<p>\n\t<span><span style=\"line-height:150%\">09.30-10.00\u00a0 \u00a0Tervituskohvi kerge suupistega registreerimislaua juurde <\/span><\/span>\n<\/p>\n<p style=\"margin-bottom:0cm;text-align:justify\">\n\t<span><span style=\"line-height:150%\"><span style=\"line-height:150%\">10.00-10.05<\/span>\u00a0 \u00a0<b><span style=\"line-height:150%\"><span style=\"color:#203864\">Konverentsi avamine, <\/span><\/span><\/b><em><span style=\"line-height:150%\">moderaator Georg Martin<\/span><\/em><\/span><\/span>\n<\/p>\n<p style=\"margin-bottom:0cm;text-align:justify\">\n\t<span><span style=\"line-height:150%\"><span style=\"line-height:150%\">10.05-10.20\u00a0\u00a0<\/span><b><span style=\"line-height:150%\"><span style=\"color:#203864\">\u201eEesti mereinstituut eile, t\u00e4na ja homme\u201c, <\/span><\/span><\/b><em>Markus Vetemaa, Tartu \u00dclikool Eesti mereinstituut<\/em><\/span><\/span>\n<\/p>\n<p style=\"margin-bottom:0cm;text-align:justify\">\n\t<span><span style=\"line-height:150%\">10.20-10.45<\/span>\u00a0\u00a0<b><span style=\"line-height:150%\"><span style=\"color:#203864\">\u201e<\/span><\/span><\/b><b><span style=\"background-image:initial\"><span style=\"background-position:initial\"><span style=\"background-size:initial\"><span><span style=\"background-attachment:initial\"><span><span><span style=\"line-height:150%\"><span style=\"color:#203864\">(Pool)Siirdekalade kudealade taastamis- ja parendust\u00f6\u00f6dest Eestis\u201c, <\/span><\/span><\/span><\/span><\/span><\/span><\/span><\/span><\/span><\/b><span style=\"line-height:150%\"><em><span style=\"line-height:150%\">R<\/span><span style=\"background:white\"><span style=\"line-height:150%\"><span style=\"color:#222222\">oland Svirgsden,<\/span><\/span><\/span> <\/em><span style=\"background:white\"><span style=\"line-height:150%\"><span style=\"color:#222222\"><em>Tartu \u00dclikool Eesti<\/em> <em>mereinstituut<\/em><\/span><\/span><\/span><\/span><\/span>\n<\/p>\n<p style=\"margin-bottom:0cm;text-align:justify\">\n\t<span><span style=\"line-height:150%\"><span style=\"background:white\"><span style=\"line-height:150%\">10.45-11.10<\/span><\/span>\u00a0\u00a0<b><span style=\"line-height:150%\"><span style=\"color:#203864\">\u201eMaritime transport in turbulence in 2020\u2019s\u201c, <\/span><\/span><\/b><em><span style=\"line-height:150%\">Ulla Pirita Tapaninen \u2013 Taltech Mereakadeemia <\/span><\/em><\/span><\/span>\n<\/p>\n<p style=\"margin-bottom:0cm;text-align:justify\">\n\t<span><span style=\"line-height:150%\"><span style=\"background:white\"><span style=\"line-height:150%\"><span style=\"color:#222222\">11.10-11.35<\/span><\/span><\/span>\u00a0\u00a0<b><span style=\"background:white\"><span style=\"line-height:150%\"><span style=\"color:#203864\">\u201eMikroskaalast globaalprobleemideni \u2013 kaugseire kui t\u00f6\u00f6riist erinevates teadusuuringutes\u201d, <\/span><\/span><\/span><\/b><\/span><\/span>\n<\/p>\n<p style=\"margin-bottom:0cm;text-align:justify\">\n\t<span><span style=\"line-height:150%\"><span style=\"background:white\"><span style=\"line-height:150%\"><span style=\"color:#222222\">\u00a0 \u00a0 \u00a0 \u00a0 \u00a0 \u00a0 \u00a0 \u00a0 \u00a0 \u00a0 \u00a0 \u00a0<em>Martin Ligi v\u00f5i Tuuli So<\/em><\/span><em><font color=\"#215990\">o<\/font><font color=\"#222222\">mets, Tartu \u00dclikool Eesti mereinstituut<\/font><\/em><\/span><\/span><\/span><\/span>\n<\/p>\n<p style=\"margin-bottom:0cm;text-align:justify\">\n\t<span><span style=\"line-height:150%\"><span style=\"background:white\"><span style=\"line-height:150%\"><span style=\"color:#222222\">11.35-12.00<\/span><\/span><\/span>\u00a0\u00a0<b><span style=\"background:white\"><span style=\"line-height:150%\"><span style=\"color:#203864\">\u201eF\u00fctoplanktoni mitmekesisus ja funktsionaalsus soolsusgradiendil<\/span><\/span><\/span><\/b><b><span style=\"line-height:150%\"><span style=\"color:#203864\">\u201d, <\/span><\/span><\/b><em><span style=\"line-height:150%\"><span style=\"color:#222222\">Kalle Olli, Eesti<\/span><\/span><span style=\"background:white\"><span style=\"line-height:150%\"> Maa\u00fclikool<\/span><\/span><\/em><\/span><\/span>\n<\/p>\n<p style=\"margin-bottom:0cm;text-align:justify\">\n\t\u00a0\n<\/p>\n<p style=\"margin-bottom:0cm;text-align:justify\">\n\t<span><span style=\"line-height:150%\"><span style=\"background:white\"><span style=\"line-height:150%\"><span style=\"color:#222222\">12.00-13.00<\/span><\/span><\/span> <span style=\"background:white\"><span style=\"line-height:150%\"><span style=\"color:#222222\">L\u00d5UNA (registreerunud osalejatele)<\/span><\/span><\/span><\/span><\/span>\n<\/p>\n<p style=\"margin-bottom:0cm;text-align:justify\">\n\t\u00a0\n<\/p>\n<p style=\"margin-bottom:0cm;text-align:justify\">\n\t<span><span style=\"line-height:150%\"><span style=\"line-height:150%\">13.00-13.25\u00a0\u00a0<\/span><b><span style=\"background:white\"><span style=\"line-height:150%\"><span style=\"color:#203864\">\u201eL\u00e4\u00e4nemere digitaalse kaksiku v\u00f5imalused ja rakendused\u201d, <\/span><\/span><\/span><\/b><em><span style=\"background:white\"><span style=\"line-height:150%\"><span style=\"color:#222222\">Ilja Maljutenko, Taltech meres\u00fcsteemide instituut<\/span><\/span><\/span><\/em><\/span><\/span>\n<\/p>\n<p style=\"margin-bottom:0cm;text-align:justify\">\n\t<span><span style=\"line-height:150%\"><span style=\"line-height:150%\">13.25-13.50\u00a0\u00a0<\/span><b><span style=\"background:white\"><span style=\"line-height:150%\"><span style=\"color:#203864\">\u201eV\u00e4hikaitsemehhanismid reostunud merekeskkonnas elavatel lestakaladel <i>(Limanda limanda<\/i> ja <i>Platichthys flesus<\/i>)\u201d, <\/span><\/span><\/span><\/b><\/span><\/span><span><span style=\"line-height:150%\">\u00a0<\/span><\/span>\n<\/p>\n<p style=\"margin-bottom:0cm;text-align:justify\">\n\t<span><span style=\"line-height:150%\"><em>\u00a0 \u00a0 \u00a0 \u00a0 \u00a0 \u00a0 \u00a0 \u00a0 \u00a0 \u00a0 \u00a0 \u00a0 Randel Kreitsberg, Tartu \u00dclikool \u00f6koloogia ja maateaduste instituut<\/em><\/span><\/span>\n<\/p>\n<p style=\"margin-bottom:0cm;text-align:justify\">\n\t<span><span style=\"line-height:150%\"><span style=\"background:white\"><span style=\"line-height:150%\"><span style=\"color:#222222\">13.50-14.15<\/span>\u00a0\u00a0<\/span><\/span><b><span style=\"background:white\"><span style=\"line-height:150%\"><span style=\"color:#203864\">\u201eUnderstanding marine invasions \u2013 from the lab to the sea\u201d, <\/span><\/span><\/span><\/b><em><span style=\"background:white\"><span style=\"line-height:150%\">Kristiina N\u00f5omaa, Tartu \u00dclikool Eesti mereinstituut<\/span><\/span> <\/em><\/span><\/span>\n<\/p>\n<p style=\"margin-bottom:0cm;text-align:justify\">\n\t<span><span style=\"line-height:150%\"><span style=\"line-height:150%\">14.15-14.40\u00a0\u00a0<\/span><b><span style=\"background:white\"><span style=\"line-height:150%\"><span style=\"color:#203864\">\u201e<\/span><\/span><\/span><\/b><b><span style=\"background:white\"><span style=\"line-height:150%\"><span style=\"color:#203864\">Marine dark matter: The role of dissolved organic carbon in <\/span><\/span><\/span><\/b><b><span style=\"background:white\"><span style=\"line-height:150%\"><span style=\"color:#203864\">coastal ecosystem functioning<\/span><\/span><\/span><\/b><b><span style=\"background:white\"><span style=\"line-height:150%\"><span style=\"color:#203864\">\u201d, <\/span><\/span><\/span><\/b><em>Jack Royd Hall, Tartu \u00dclikool Eesti mereinstituut<\/em><\/span><\/span>\n<\/p>\n<p style=\"margin-bottom:0cm;text-align:justify\">\n\t\u00a0\n<\/p>\n<p style=\"text-align:justify\">\n\t<span><span style=\"line-height:150%\"><span style=\"line-height:150%\">14.40-15.10<\/span> <span style=\"line-height:150%\">KOHVIPAUS<\/span><\/span><\/span>\n<\/p>\n<p style=\"text-align:justify\">\n\t\u00a0\n<\/p>\n<p style=\"text-align:justify\">\n\t<span><span style=\"line-height:150%\"><span style=\"background:white\"><span style=\"line-height:150%\"><span style=\"color:#222222\">15.10-15.35<\/span>\u00a0\u00a0<\/span><\/span><b><span style=\"background:white\"><span style=\"line-height:150%\"><span style=\"color:#203864\">\u201e<\/span><\/span><\/span><\/b><b><span style=\"background:white\"><span style=\"line-height:150%\"><span style=\"color:#203864\">Fe-Mn konkretsioonid Soome lahes: levik ja tekkeprotsessid<\/span><\/span><\/span><\/b><b><span style=\"background:white\"><span style=\"line-height:150%\"><span style=\"color:#203864\">\u201d, <\/span><\/span><\/span><\/b><em><span style=\"background:white\"><span style=\"line-height:150%\"><span style=\"color:#222222\">Sten Suuroja, Eesti Geoloogiateenistus<\/span><\/span><\/span><\/em><\/span><\/span>\n<\/p>\n<p style=\"text-align:justify\">\n\t<span><span style=\"line-height:150%\"><span style=\"line-height:150%\">15.35-16.00\u00a0\u00a0<\/span><\/span><\/span><b><span lang=\"EN-GB\"><span style=\"line-height:107%\"><span><span style=\"color:#1f3864\">\u201eOcean acidification \u2013 here and now?\u201d<\/span><\/span><\/span><\/span><\/b><span><span style=\"line-height:150%\"><b><span style=\"background:white\"><span style=\"line-height:150%\"><span style=\"color:#203864\">,\u00a0<\/span><\/span><\/span><\/b><\/span><\/span><span style=\"line-height:150%\"><em><span style=\"line-height:150%\">Gerli Albert, <span style=\"background:white\">Tartu \u00dclikooli Eesti mereinstituut<\/span><\/span><\/em><\/span>\n<\/p>\n<p style=\"text-align:justify\">\n\t<span><span style=\"line-height:150%\"><span style=\"background:white\"><span style=\"line-height:150%\"><span style=\"color:#222222\">16.00-16.25\u00a0\u00a0<\/span><\/span><\/span><b><span style=\"line-height:150%\"><span style=\"color:#203864\">\u201e<\/span><\/span><\/b><b><span style=\"background:white\"><span style=\"line-height:150%\"><span style=\"color:#203864\">Setete liikumise mustrid meie randades<\/span><\/span><\/span><\/b><b><span style=\"line-height:150%\"><span style=\"color:#203864\">\u201d, <\/span><\/span><\/b><em><span style=\"line-height:150%\">Maris Eelsalu, <span style=\"background:white\">Taltech K\u00fcberneetika instituut<\/span><\/span><\/em><\/span><\/span>\n<\/p>\n<p style=\"margin-bottom:0cm;text-align:justify\">\n\t\u00a0\n<\/p>\n<p style=\"margin-bottom:0cm;text-align:justify\">\n\t<span><span style=\"line-height:150%\"><span style=\"background:white\"><span style=\"line-height:150%\"><span style=\"color:#222222\">16.25-17.00<\/span>\u00a0\u00a0<\/span><\/span><b><span style=\"background:white\"><span style=\"line-height:150%\"><span style=\"color:#1f3864\">P\u00e4eva kokkuv\u00f5te ja <\/span><\/span><\/span><\/b><b><span style=\"background:white\"><span style=\"line-height:150%\"><span style=\"color:#203864\">arutelu<\/span><\/span><\/span><\/b><\/span><\/span>\n<\/p>\n<p style=\"margin-bottom:0cm;text-align:justify\">\n\t<span>18.00-01.00\u00a0\u00a0<\/span><b>T\u00dc Eesti Mereinstituudi aastap\u00e4evale p\u00fchendatud vastuv\u00f5tt\u00a0<\/b><span style=\"line-height:150%\"><b><span><span style=\"background:white\"><span style=\"line-height:150%\"><span style=\"color:#203864\">(eraldi kutsetega)<\/span><\/span><\/span><\/span><\/b><\/span>\n<\/p>\n<p>\n\t\u00a0\n<\/p>\n<p style=\"margin-bottom:0cm;text-align:justify\">\n\t\u00a0<\/p>\n","protected":false},"excerpt":{"rendered":"<p>ONLINE:\u00a0https:\/\/worksup.com\/app#id=MERETEADUS2022 09.30-10.00\u00a0 \u00a0Tervituskohvi kerge suupistega registreerimislaua juurde 10.00-10.05\u00a0 \u00a0Konverentsi avamine, moderaator Georg Martin 10.05-10.20\u00a0\u00a0\u201eEesti mereinstituut eile, t\u00e4na ja homme\u201c, Markus Vetemaa, Tartu \u00dclikool Eesti mereinstituut 10.20-10.45\u00a0\u00a0\u201e(Pool)Siirdekalade kudealade taastamis- ja parendust\u00f6\u00f6dest Eestis\u201c, Roland Svirgsden, Tartu \u00dclikool Eesti mereinstituut 10.45-11.10\u00a0\u00a0\u201eMaritime transport in &#8230;<\/p>\n","protected":false},"author":286,"featured_media":0,"parent":0,"menu_order":0,"comment_status":"closed","ping_status":"closed","template":"","meta":{"_acf_changed":false,"inline_featured_image":false,"footnotes":""},"class_list":["post-7","page","type-page","status-publish","hentry"],"acf":[],"_links":{"self":[{"href":"https:\/\/sisu.ut.ee\/mereteadus2022\/wp-json\/wp\/v2\/pages\/7","targetHints":{"allow":["GET"]}}],"collection":[{"href":"https:\/\/sisu.ut.ee\/mereteadus2022\/wp-json\/wp\/v2\/pages"}],"about":[{"href":"https:\/\/sisu.ut.ee\/mereteadus2022\/wp-json\/wp\/v2\/types\/page"}],"author":[{"embeddable":true,"href":"https:\/\/sisu.ut.ee\/mereteadus2022\/wp-json\/wp\/v2\/users\/286"}],"replies":[{"embeddable":true,"href":"https:\/\/sisu.ut.ee\/mereteadus2022\/wp-json\/wp\/v2\/comments?post=7"}],"version-history":[{"count":1,"href":"https:\/\/sisu.ut.ee\/mereteadus2022\/wp-json\/wp\/v2\/pages\/7\/revisions"}],"predecessor-version":[{"id":34,"href":"https:\/\/sisu.ut.ee\/mereteadus2022\/wp-json\/wp\/v2\/pages\/7\/revisions\/34"}],"wp:attachment":[{"href":"https:\/\/sisu.ut.ee\/mereteadus2022\/wp-json\/wp\/v2\/media?parent=7"}],"curies":[{"name":"wp","href":"https:\/\/api.w.org\/{rel}","templated":true}]}}