{"id":5,"date":"2024-04-04T08:09:34","date_gmt":"2024-04-04T05:09:34","guid":{"rendered":"https:\/\/sisu.ut.ee\/mereteadus2022\/registreerimine-0\/"},"modified":"2024-04-17T23:34:20","modified_gmt":"2024-04-17T20:34:20","slug":"registreerimine-0","status":"publish","type":"page","link":"https:\/\/sisu.ut.ee\/mereteadus2022\/registreerimine-0\/","title":{"rendered":"Registreerimine"},"content":{"rendered":"<p>\n\t<span style=\"font-size:16px;\">Konverentsile registreerimise t\u00e4htaeg on <strong>7. oktoober 2022 a.<\/strong><\/span>\n<\/p>\n\n\n<p style=\"text-align: justify;\">\n\t\u00a0\n<\/p>\n\n<p style=\"text-align: justify;\">\n\t<img decoding=\"async\" height=\"170.99537658691406\" src=\"https:\/\/img.freepik.com\/free-photo\/flags-ukraine_1232-3040.jpg?w=996&amp;t=st=1664373071~exp=1664373671~hmac=3fe02df4f0bafb6def7bfb8d5c8a786e827c29cb8e84777b6aa6634df8bcd40a\" width=\"256.9907531738281\">\n<\/p>\n\n<p style=\"text-align: justify;\">\n\t<strong>TOETAME UKRAINA \u00dcLI\u00d5PILASI!\u00a0<\/strong>\n<\/p>\n\n<p style=\"text-align: justify;\">\n\t<strong>Alanud \u00f5ppeaastal asus Tartu \u00dclikoolis \u00f5ppima 205 ukrainlasest tudengit ja varasemast on siin 70 \u00fcli\u00f5pilast. Kuigi oma haridusteed alustanud Ukraina p\u00e4ritolu \u00fcli\u00f5pilased saavad j\u00e4tkata \u00f5pinguid Eestis tasuta, vajavad nad abi igap\u00e4evaseks toimetulekuks.\u00a0<\/strong>\n<\/p>\n\n<p style=\"text-align: justify;\">\n\tUkraina \u00fcli\u00f5pilaste \u00f5pingute toetamiseks asutas \u00fclikool veebruari l\u00f5pus\u00a0<a href=\"https:\/\/www.sihtasutus.ut.ee\/toeta-ulikooli\/tartu-ulikooli-ukraina-stipendiumi-fond\" target=\"_blank\" rel=\"noopener\">stipendiumifondi<\/a>, et koguda ja vahendada annetusi.\u00a0Loodud fondi saavad teha annetusi nii ettev\u00f5tted kui ka eraisikud, kes v\u00f5ivad\u00a0<a href=\"https:\/\/www.sihtasutus.ut.ee\/toeta-ulikooli\/tartu-ulikooli-ukraina-stipendiumi-fond#fund=4886907\" target=\"_blank\" rel=\"noopener\">teha fondi kodulehel \u00fchekordse makse, aga v\u00f5imalik on vormistada ka p\u00fcsitoetus<\/a>, mille summat saab hiljem internetipangas soovi korral muuta. Eraisikuna annetamine on tulumaksuvaba. \u00dclikool j\u00e4tkab stipendiumide rahastamise v\u00f5imaluste otsimist ka mujalt, sh ettev\u00f5tjatelt, riigilt ja v\u00e4lisfondidest.\n<\/p>\n\n<ul>\n\t<li>\n\t\t\u00a0Kutsume konverentsil osalejaid\u00a0tegema annetusi Tartu \u00dclikooli Ukraina stipendiumi fondi ja jagama infot fondi kohta. Ava makselahendus QR-koodiga v\u00f5i tee (p\u00fcsi)annetus Tartu \u00dclikooli sihtasutuse\u00a0<a href=\"https:\/\/www.sihtasutus.ut.ee\/toeta-ulikooli\/tartu-ulikooli-ukraina-stipendiumi-fond\" rel=\"noopener noreferrer\" target=\"_blank\">veebilehel<\/a>.\u00a0 Annetusi saab teha samuti konverentsip\u00e4eval kohapeal.\n\t<\/li>\n<\/ul>\n\n<p>\n\t\u00a0 \u00a0 \u00a0 \u00a0 \u00a0 \u00a0 \u00a0 \u00a0 \u00a0 \u00a0 \u00a0 \u00a0 \u00a0 \u00a0 \u00a0 \u00a0 \u00a0 \u00a0 \u00a0 \u00a0 \u00a0 \u00a0 \u00a0 \u00a0 \u00a0 \u00a0 \u00a0 \u00a0 \u00a0 \u00a0 \u00a0 \u00a0 \u00a0 \u00a0 \u00a0 \u00a0 \u00a0 \u00a0 \u00a0 \u00a0 \u00a0 \u00a0 \u00a0 \u00a0 \u00a0 \u00a0 \u00a0 \u00a0 \u00a0 \u00a0 \u00a0 \u00a0 \u00a0 \u00a0 \u00a0 \u00a0 \u00a0 \u00a0 \u00a0 \u00a0\u00a0<img loading=\"lazy\" decoding=\"async\" height=\"85\" src=\"https:\/\/ut.ee\/sites\/default\/files\/2022-03\/QR-kood%21.png\" width=\"85\">\n<\/p>\n","protected":false},"excerpt":{"rendered":"<p>Konverentsile registreerimise t\u00e4htaeg on 7. oktoober 2022 a. \u00a0 TOETAME UKRAINA \u00dcLI\u00d5PILASI!\u00a0 Alanud \u00f5ppeaastal asus Tartu \u00dclikoolis \u00f5ppima 205 ukrainlasest tudengit ja varasemast on siin 70 \u00fcli\u00f5pilast. Kuigi oma haridusteed alustanud Ukraina p\u00e4ritolu \u00fcli\u00f5pilased saavad j\u00e4tkata \u00f5pinguid Eestis tasuta, vajavad &#8230;<\/p>\n","protected":false},"author":286,"featured_media":0,"parent":0,"menu_order":0,"comment_status":"closed","ping_status":"closed","template":"","meta":{"_acf_changed":false,"inline_featured_image":false,"footnotes":""},"class_list":["post-5","page","type-page","status-publish","hentry"],"acf":[],"_links":{"self":[{"href":"https:\/\/sisu.ut.ee\/mereteadus2022\/wp-json\/wp\/v2\/pages\/5","targetHints":{"allow":["GET"]}}],"collection":[{"href":"https:\/\/sisu.ut.ee\/mereteadus2022\/wp-json\/wp\/v2\/pages"}],"about":[{"href":"https:\/\/sisu.ut.ee\/mereteadus2022\/wp-json\/wp\/v2\/types\/page"}],"author":[{"embeddable":true,"href":"https:\/\/sisu.ut.ee\/mereteadus2022\/wp-json\/wp\/v2\/users\/286"}],"replies":[{"embeddable":true,"href":"https:\/\/sisu.ut.ee\/mereteadus2022\/wp-json\/wp\/v2\/comments?post=5"}],"version-history":[{"count":3,"href":"https:\/\/sisu.ut.ee\/mereteadus2022\/wp-json\/wp\/v2\/pages\/5\/revisions"}],"predecessor-version":[{"id":42,"href":"https:\/\/sisu.ut.ee\/mereteadus2022\/wp-json\/wp\/v2\/pages\/5\/revisions\/42"}],"wp:attachment":[{"href":"https:\/\/sisu.ut.ee\/mereteadus2022\/wp-json\/wp\/v2\/media?parent=5"}],"curies":[{"name":"wp","href":"https:\/\/api.w.org\/{rel}","templated":true}]}}