{"id":3,"date":"2024-04-04T08:09:34","date_gmt":"2024-04-04T05:09:34","guid":{"rendered":"https:\/\/sisu.ut.ee\/mereteadus2022\/programm\/"},"modified":"2024-04-04T08:09:46","modified_gmt":"2024-04-04T05:09:46","slug":"programm","status":"publish","type":"page","link":"https:\/\/sisu.ut.ee\/mereteadus2022\/programm\/","title":{"rendered":"P\u00e4evakava"},"content":{"rendered":"<p>\n\t<span style=\"font-size:16px\"><span style=\"line-height:150%\"><span style=\"line-height:150%\">9.30-10.00 Tervituskohvi kerge suupistega\u00a0 registreerimislaua juurde <\/span><\/span><\/span>\n<\/p>\n<p style=\"margin-bottom:0cm;text-align:justify\">\n\t<span style=\"font-size:16px\"><span style=\"line-height:150%\"><span style=\"line-height:150%\">10.00-10.05<\/span> <b><span style=\"line-height:150%\"><span style=\"color:#203864\">Konverentsi avamine,\u00a0\u00a0<\/span><\/span><\/b><span style=\"line-height:150%\">moderaator Georg Martin<\/span><\/span><\/span>\n<\/p>\n<p style=\"margin-bottom:0cm;text-align:justify\">\n\t<span style=\"font-size:16px\"><span style=\"line-height:150%\"><span style=\"line-height:150%\">10.05-10.20<\/span> <b><span style=\"line-height:150%\"><span style=\"color:#203864\">\u201eEesti mereinstituut eile, t\u00e4na ja homme\u201c<\/span><\/span><\/b><\/span><\/span>\n<\/p>\n<p style=\"margin-bottom:0cm;text-align:justify\">\n\t<span style=\"font-size:16px\"><span style=\"line-height:150%\"><span style=\"line-height:150%\">\u00a0 \u00a0 \u00a0 \u00a0 \u00a0 \u00a0 \u00a0 \u00a0 \u00a0 \u00a0 \u00a0Markus Vetemaa, Tartu \u00dclikool Eesti mereinstituut<\/span><\/span><\/span>\n<\/p>\n<p style=\"margin-bottom:0cm;text-align:justify\">\n\t<span style=\"font-size:16px\"><span style=\"line-height:150%\">10.20-10.45<\/span> <b><span style=\"line-height:150%\"><span style=\"color:#203864\">\u201e<\/span><\/span><\/b><b><span lang=\"SV\"><span style=\"background-image: initial;background-position: initial;background-size: initial;background-attachment: initial\"><span style=\"line-height:150%\"><span style=\"color:#203864\">(Pool)Siirdekalade kudealade taastamis- ja parendust\u00f6\u00f6dest Eestis<\/span><\/span><\/span><\/span><\/b><b><span style=\"background-image: initial;background-position: initial;background-size: initial;background-attachment: initial\"><span style=\"line-height:150%\"><span style=\"color:#203864\">\u201c<\/span><\/span><\/span><\/b><\/span>\n<\/p>\n<p style=\"margin-bottom:0cm;text-align:justify\">\n\t<span style=\"font-size:16px\"><span style=\"line-height:150%\"><span style=\"line-height:150%\">\u00a0 \u00a0 \u00a0 \u00a0 \u00a0 \u00a0 \u00a0 \u00a0 \u00a0 \u00a0 \u00a0R<\/span><span style=\"background:white\"><span style=\"line-height:150%\"><span style=\"color:#222222\">oland Svirgsden,<\/span><\/span><\/span> <span style=\"background:white\"><span style=\"line-height:150%\"><span style=\"color:#222222\">Tartu \u00dclikool Eesti mereinstituut<\/span><\/span><\/span><\/span><\/span>\n<\/p>\n<p style=\"margin-bottom:0cm;text-align:justify\">\n\t<span style=\"font-size:16px\"><span style=\"line-height:150%\"><span style=\"background:white\"><span style=\"line-height:150%\"><span style=\"color:black\">10.45-11.10<\/span><\/span><\/span> <b><span style=\"line-height:150%\"><span style=\"color:#203864\">\u201eMaritime transport in turbulence in 2020\u2019s\u201c<\/span><\/span><\/b><\/span><\/span>\n<\/p>\n<p style=\"margin-bottom:0cm;text-align:justify\">\n\t<span style=\"font-size:16px\"><span style=\"line-height:150%\"><b><span style=\"line-height:150%\"><span style=\"color:#203864\">\u00a0 \u00a0 \u00a0 \u00a0 \u00a0 \u00a0 \u00a0 \u00a0 \u00a0 \u00a0 \u00a0<\/span><\/span><\/b><\/span><span style=\"line-height:150%\"><span style=\"line-height:150%\">Ulla Tapaninen \u2013 Taltech Mereakadeemia\u00a0<\/span><\/span><\/span>\n<\/p>\n<p style=\"margin-bottom:0cm;text-align:justify\">\n\t<span style=\"font-size:16px\"><span style=\"line-height:150%\"><span style=\"background:white\"><span style=\"line-height:150%\"><span style=\"color:#222222\">11.10-11.35<\/span><\/span><\/span> <b><span style=\"background:white\"><span style=\"line-height:150%\"><span style=\"color:#203864\">\u201eMikroskaalast globaalprobleemideni \u2013 kaugseire kui t\u00f6\u00f6riist erinevates teadusuuringutes\u201d<\/span><\/span><\/span><\/b><\/span><\/span>\n<\/p>\n<p style=\"margin-bottom:0cm;text-align:justify\">\n\t<span style=\"font-size:16px\"><span style=\"line-height:150%\"><span style=\"background:white\"><span style=\"line-height:150%\"><span style=\"color:#222222\">\u00a0 \u00a0 \u00a0 \u00a0 \u00a0 \u00a0 \u00a0 \u00a0 \u00a0 \u00a0 \u00a0Martin Ligi v\u00f5i Tuuli So<\/span><font color=\"#215990\">o<\/font><font color=\"#222222\">mets, Tartu \u00dclikool Eesti mereinstituut<\/font><\/span><\/span><\/span><\/span>\n<\/p>\n<p style=\"margin-bottom:0cm;text-align:justify\">\n\t<span style=\"font-size:16px\"><span style=\"line-height:150%\"><span style=\"background:white\"><span style=\"line-height:150%\"><span style=\"color:#222222\">11.35-12.00<\/span><\/span><\/span> <b><span style=\"background:white\"><span style=\"line-height:150%\"><span style=\"color:#203864\">\u201eF\u00fctoplanktoni mitmekesisus ja funktsionaalsus soolsusgradiendil<\/span><\/span><\/span><\/b><b><span style=\"line-height:150%\"><span style=\"color:#203864\">\u201d<\/span><\/span><\/b> <\/span><\/span>\n<\/p>\n<p style=\"margin-bottom:0cm;text-align:justify\">\n\t<span style=\"font-size:16px\"><span style=\"line-height:150%\"><span style=\"line-height:150%\"><span style=\"color:#222222\">\u00a0 \u00a0 \u00a0 \u00a0 \u00a0 \u00a0 \u00a0 \u00a0 \u00a0 \u00a0 \u00a0Kalle Olli, Eesti<\/span><\/span><span style=\"background:white\"><span style=\"line-height:150%\"><span style=\"color:black\"> Maa\u00fclikool<\/span><\/span><\/span><\/span><\/span>\n<\/p>\n<p style=\"margin-bottom:0cm;text-align:justify\">\n\t<span style=\"font-size:16px\"><span style=\"line-height:150%\"><span style=\"background:white\"><span style=\"line-height:150%\"><span style=\"color:#222222\">12.00-13.00<\/span><\/span><\/span> <span style=\"background:white\"><span style=\"line-height:150%\"><span style=\"color:#222222\">L\u00d5UNA (registreerunud osalejatele)<\/span><\/span><\/span><\/span><\/span>\n<\/p>\n<p style=\"margin-bottom:0cm;text-align:justify\">\n\t<span style=\"font-size:16px\"><span style=\"line-height:150%\"><span style=\"line-height:150%\">1<\/span><\/span><span style=\"line-height:150%\"><span style=\"line-height:150%\">3.00-13.25<\/span> <b><span style=\"background:white\"><span style=\"line-height:150%\"><span style=\"color:#203864\">\u201eL\u00e4\u00e4nemere digitaalse kaksiku v\u00f5imalused ja rakendused\u201d<\/span><\/span><\/span><\/b><\/span><\/span>\n<\/p>\n<p style=\"margin-bottom:0cm;text-align:justify\">\n\t<span style=\"font-size:16px\"><span style=\"line-height:150%\"><span style=\"background:white\"><span style=\"line-height:150%\"><span style=\"color:#222222\">\u00a0 \u00a0 \u00a0 \u00a0 \u00a0 \u00a0 \u00a0 \u00a0 \u00a0 \u00a0 \u00a0 Ilja Maljutenko, Taltech meres\u00fcsteemide instituut<\/span><\/span><\/span><\/span><\/span>\n<\/p>\n<p style=\"margin-bottom:0cm;text-align:justify\">\n\t<span style=\"font-size:16px\"><span style=\"line-height:150%\"><span style=\"line-height:150%\">13.25-13.50<\/span> <b><span style=\"background:white\"><span style=\"line-height:150%\"><span style=\"color:#203864\">\u201eV\u00e4hikaitsemehhanismid reostunud merekeskkonnas elavatel lestakaladel <i>(Limanda limanda<\/i> ja <i>Platichthys flesus<\/i>)\u201d<\/span><\/span><\/span><\/b><\/span><\/span>\n<\/p>\n<p style=\"margin-bottom:0cm;text-align:justify\">\n\t<span style=\"font-size:16px\"><span style=\"line-height:150%\"><span lang=\"SV\"><span style=\"line-height:150%\">\u00a0 \u00a0 \u00a0 \u00a0 \u00a0 \u00a0 \u00a0 \u00a0 \u00a0 \u00a0 \u00a0 \u00a0Randel Kreitsberg, Tartu \u00dclikool \u00f6koloogia ja maateaduste instituut<\/span><\/span><\/span><\/span>\n<\/p>\n<p style=\"margin-bottom:0cm;text-align:justify\">\n\t<span style=\"font-size:16px\"><span style=\"line-height:150%\"><span style=\"background:white\"><span style=\"line-height:150%\"><span style=\"color:#222222\">13.50-14.15<\/span><\/span><\/span> <b><span style=\"background:white\"><span style=\"line-height:150%\"><span style=\"color:#203864\">\u201eUnderstanding marine invasions \u2013 from the lab to the sea\u201d\u00a0<\/span><\/span><\/span><\/b><\/span><\/span>\n<\/p>\n<p style=\"margin-bottom:0cm;text-align:justify\">\n\t<span style=\"font-size:16px\"><span style=\"line-height:150%\"><b><span style=\"background:white\"><span style=\"line-height:150%\"><span style=\"color:#203864\">\u00a0 \u00a0 \u00a0 \u00a0 \u00a0 \u00a0 \u00a0 \u00a0 \u00a0 \u00a0 \u00a0 \u00a0<\/span><\/span><\/span><\/b><span style=\"background:white\"><span style=\"line-height:150%\"><span style=\"color:black\">Kristiina N\u00f5omaa, Tartu \u00dclikool Eesti mereinstituut<\/span><\/span><\/span> <\/span><\/span>\n<\/p>\n<p style=\"margin-bottom:0cm;text-align:justify\">\n\t<span style=\"font-size:16px\"><span style=\"line-height:150%\"><span style=\"line-height:150%\">14.15- 14.40 <\/span><b><span style=\"background:white\"><span style=\"line-height:150%\"><span style=\"color:#203864\">\u201e<\/span><\/span><\/span><\/b> <b><span lang=\"EN-GB\"><span style=\"background:white\"><span style=\"line-height:150%\"><span style=\"color:#203864\">Marine dark matter: The role of dissolved organic carbon in\u00a0<\/span><\/span><\/span><\/span><\/b><b><span lang=\"EN-GB\"><span style=\"background:white\"><span style=\"line-height:150%\"><span style=\"color:#203864\">coastal ecosystem functioning<\/span><\/span><\/span><\/span><\/b><b><span style=\"background:white\"><span style=\"line-height:150%\"><span style=\"color:#203864\">\u201d<\/span><\/span><\/span><\/b><\/span><\/span>\n<\/p>\n<p style=\"margin-bottom:0cm;text-align:justify\">\n\t<span style=\"font-size:16px\"><span style=\"line-height:150%\"><span lang=\"EN-GB\"><span style=\"background:white\"><span style=\"line-height:150%\"><span style=\"color:black\">\u00a0 \u00a0 \u00a0 \u00a0 \u00a0 \u00a0 \u00a0 \u00a0 \u00a0 \u00a0 \u00a0 Jack Royd Hall, Tartu \u00dclikool Eesti mereinstituut<\/span><\/span><\/span><\/span><\/span><\/span>\n<\/p>\n<p style=\"text-align:justify\">\n\t<span style=\"font-size:16px\"><span style=\"line-height:150%\"><span lang=\"SV\"><span style=\"line-height:150%\">14.40-15.10<\/span><\/span> <span lang=\"SV\"><span style=\"line-height:150%\">KOHVIPAUS<\/span><\/span><\/span><\/span>\n<\/p>\n<p style=\"text-align:justify\">\n\t<span style=\"font-size:16px\"><span style=\"line-height:150%\"><span style=\"background:white\"><span style=\"line-height:150%\"><span style=\"color:#222222\">15.10-15.35<\/span><\/span><\/span>\u00a0\u00a0<b><span style=\"background:white\"><span style=\"line-height:150%\"><span style=\"color:#203864\">\u201e<\/span><\/span><\/span><\/b><b><span lang=\"SV\"><span style=\"background:white\"><span style=\"line-height:150%\"><span style=\"color:#203864\">Fe-Mn konkretsioonid Soome lahes: levik ja tekkeprotsessid<\/span><\/span><\/span><\/span><\/b><b><span lang=\"SV\"><span style=\"background:white\"><span style=\"line-height:150%\"><span style=\"color:#203864\">\u201d<\/span><\/span><\/span><\/span><\/b><\/span><\/span>\n<\/p>\n<p style=\"text-align:justify\">\n\t<span style=\"font-size:16px\"><span style=\"line-height:150%\"><span style=\"background:white\"><span style=\"line-height:150%\"><span style=\"color:#222222\">\u00a0 \u00a0 \u00a0 \u00a0 \u00a0 \u00a0 \u00a0 \u00a0 \u00a0 \u00a0 \u00a0 Sten Suuroja, Eesti Geoloogiateenistus<\/span><\/span><\/span><\/span><\/span>\n<\/p>\n<p style=\"margin-bottom:0cm;text-align:justify\">\n\t<span style=\"font-size:16px\"><span style=\"line-height:150%\"><span style=\"line-height:150%\"><span style=\"color:black\">15.35-16.00<\/span><\/span> <b><span style=\"line-height:150%\"><span style=\"color:#203864\">\u201eHeljumi osakeste suurusjaotuste sidumine vee peegeldumisspektritega<\/span><\/span><\/b><b><span style=\"background:white\"><span style=\"line-height:150%\"><span style=\"color:#203864\">\u201d<\/span><\/span><\/span><\/b><\/span><\/span>\n<\/p>\n<p style=\"margin-bottom:0cm;text-align:justify\">\n\t<span style=\"font-size:16px\"><span style=\"line-height:150%\"><span style=\"line-height:150%\">\u00a0 \u00a0 \u00a0 \u00a0 \u00a0 \u00a0 \u00a0 \u00a0 \u00a0 \u00a0 \u00a0Mirjam Uus\u00f5ue, Tartu observatoorium<\/span><\/span><\/span>\n<\/p>\n<p style=\"margin-bottom:0cm;text-align:justify\">\n\t<span style=\"font-size:16px\"><span style=\"line-height:150%\"><span style=\"background:white\"><span style=\"line-height:150%\"><span style=\"color:#222222\">16.00-16.25<\/span><\/span><\/span> <b><span style=\"line-height:150%\"><span style=\"color:#203864\">\u201e<\/span><\/span><\/b><b><span style=\"background:white\"><span style=\"line-height:150%\"><span style=\"color:#203864\">Setete liikumise mustrid meie randades<\/span><\/span><\/span><\/b><b><span style=\"line-height:150%\"><span style=\"color:#203864\">\u201d<\/span><\/span><\/b><\/span><\/span>\n<\/p>\n<p style=\"margin-bottom:0cm;text-align:justify\">\n\t<span style=\"font-size:16px\"><span style=\"line-height:150%\"><span style=\"line-height:150%\">\u00a0 \u00a0 \u00a0 \u00a0 \u00a0 \u00a0 \u00a0 \u00a0 \u00a0 \u00a0 \u00a0Maris Eelsalu, <span style=\"background:white\"><span style=\"color:black\">Taltech K\u00fcberneetika instituut<\/span><\/span><\/span><\/span><\/span>\n<\/p>\n<p style=\"margin-bottom:0cm;text-align:justify\">\n\t<span style=\"font-size:16px\"><span style=\"line-height:150%\"><span style=\"background:white\"><span style=\"line-height:150%\"><span style=\"color:#222222\">16.25-17.00<\/span><\/span><\/span> <b><span style=\"background:white\"><span style=\"line-height:150%\"><span style=\"color:#1f3864\">P\u00e4eva kokkuv\u00f5te ja paneeli<\/span><\/span><\/span><\/b><b><span style=\"background:white\"><span style=\"line-height:150%\"><span style=\"color:#203864\"> arutelu<\/span><\/span><\/span><\/b><\/span><\/span>\n<\/p>\n<p>\n\t\u00a0<\/p>\n","protected":false},"excerpt":{"rendered":"<p>9.30-10.00 Tervituskohvi kerge suupistega\u00a0 registreerimislaua juurde 10.00-10.05 Konverentsi avamine,\u00a0\u00a0moderaator Georg Martin 10.05-10.20 \u201eEesti mereinstituut eile, t\u00e4na ja homme\u201c \u00a0 \u00a0 \u00a0 \u00a0 \u00a0 \u00a0 \u00a0 \u00a0 \u00a0 \u00a0 \u00a0Markus Vetemaa, Tartu \u00dclikool Eesti mereinstituut 10.20-10.45 \u201e(Pool)Siirdekalade kudealade taastamis- ja parendust\u00f6\u00f6dest &#8230;<\/p>\n","protected":false},"author":286,"featured_media":0,"parent":0,"menu_order":0,"comment_status":"closed","ping_status":"closed","template":"","meta":{"_acf_changed":false,"inline_featured_image":false,"footnotes":""},"class_list":["post-3","page","type-page","status-publish","hentry"],"acf":[],"_links":{"self":[{"href":"https:\/\/sisu.ut.ee\/mereteadus2022\/wp-json\/wp\/v2\/pages\/3","targetHints":{"allow":["GET"]}}],"collection":[{"href":"https:\/\/sisu.ut.ee\/mereteadus2022\/wp-json\/wp\/v2\/pages"}],"about":[{"href":"https:\/\/sisu.ut.ee\/mereteadus2022\/wp-json\/wp\/v2\/types\/page"}],"author":[{"embeddable":true,"href":"https:\/\/sisu.ut.ee\/mereteadus2022\/wp-json\/wp\/v2\/users\/286"}],"replies":[{"embeddable":true,"href":"https:\/\/sisu.ut.ee\/mereteadus2022\/wp-json\/wp\/v2\/comments?post=3"}],"version-history":[{"count":1,"href":"https:\/\/sisu.ut.ee\/mereteadus2022\/wp-json\/wp\/v2\/pages\/3\/revisions"}],"predecessor-version":[{"id":30,"href":"https:\/\/sisu.ut.ee\/mereteadus2022\/wp-json\/wp\/v2\/pages\/3\/revisions\/30"}],"wp:attachment":[{"href":"https:\/\/sisu.ut.ee\/mereteadus2022\/wp-json\/wp\/v2\/media?parent=3"}],"curies":[{"name":"wp","href":"https:\/\/api.w.org\/{rel}","templated":true}]}}