{"id":10,"date":"2024-04-04T08:09:34","date_gmt":"2024-04-04T05:09:34","guid":{"rendered":"https:\/\/sisu.ut.ee\/mereteadus2022\/avaleht\/"},"modified":"2024-04-04T08:09:46","modified_gmt":"2024-04-04T05:09:46","slug":"avaleht","status":"publish","type":"page","link":"https:\/\/sisu.ut.ee\/mereteadus2022\/","title":{"rendered":"Avaleht"},"content":{"rendered":"<p>\n\t<span style=\"font-size:14px\">Mereuuringud on praegu Eestis \u00fcks kiiremini arenevaid teadusvaldkondi. Kiiresti kasvab nii valdkonnaga seotud teaduspublikatsioonide ja teadusprojektide arv, suureneb ka valdkonna teadusrahastuse maht. Toimub aktiivne rahvusvahelistumine ja piiride\u00fclene teaduskoost\u00f6\u00f6. \u00dcha olulisemat rolli m\u00e4ngivad Eesti oma mereeksperdid nii riigisisestes kui rahvusvahelistes otsustuskogudes.<\/span>\n<\/p>\n<p>\n\t<span style=\"font-size:14px\">Kord viie aasta tagant peetaval \u00fcritusel antakse \u00fclevaade Eesti mereuurimise hetkeseisust ja p\u00f5nevamatest ja aktuaalsematest uurimissuundadest. Seekordse \u00fcritusega t\u00e4histame ka Eesti mereinstituudi moodustamise 30ndat aastap\u00e4eva.<\/span>\n<\/p>\n<p>\n\t<span style=\"font-size:14px\">Konverentsi programmi oleme kogunud ettekanded juhtivatelt mereuuringutega tegelevatelt asutustelt ja t\u00f6\u00f6r\u00fchmadelt \u00fcle Eesti. S\u00f5na saavad nii mereuuringutes juba kogenud eksperdid kui oma teadlasekarj\u00e4\u00e4ri alustavad noored mereuurijad. Tutvustatakse k\u00e4imasolevaid teadusprojekte ning markeeritakse ka Eesti mereteaduse l\u00e4hituleviku suundumused ja kaugemad perspektiivid.<\/span><\/p>\n","protected":false},"excerpt":{"rendered":"<p>Mereuuringud on praegu Eestis \u00fcks kiiremini arenevaid teadusvaldkondi. Kiiresti kasvab nii valdkonnaga seotud teaduspublikatsioonide ja teadusprojektide arv, suureneb ka valdkonna teadusrahastuse maht. Toimub aktiivne rahvusvahelistumine ja piiride\u00fclene teaduskoost\u00f6\u00f6. \u00dcha olulisemat rolli m\u00e4ngivad Eesti oma mereeksperdid nii riigisisestes kui rahvusvahelistes otsustuskogudes. &#8230;<\/p>\n","protected":false},"author":286,"featured_media":0,"parent":0,"menu_order":0,"comment_status":"closed","ping_status":"closed","template":"","meta":{"_acf_changed":false,"inline_featured_image":false,"footnotes":""},"class_list":["post-10","page","type-page","status-publish","hentry"],"acf":[],"_links":{"self":[{"href":"https:\/\/sisu.ut.ee\/mereteadus2022\/wp-json\/wp\/v2\/pages\/10","targetHints":{"allow":["GET"]}}],"collection":[{"href":"https:\/\/sisu.ut.ee\/mereteadus2022\/wp-json\/wp\/v2\/pages"}],"about":[{"href":"https:\/\/sisu.ut.ee\/mereteadus2022\/wp-json\/wp\/v2\/types\/page"}],"author":[{"embeddable":true,"href":"https:\/\/sisu.ut.ee\/mereteadus2022\/wp-json\/wp\/v2\/users\/286"}],"replies":[{"embeddable":true,"href":"https:\/\/sisu.ut.ee\/mereteadus2022\/wp-json\/wp\/v2\/comments?post=10"}],"version-history":[{"count":1,"href":"https:\/\/sisu.ut.ee\/mereteadus2022\/wp-json\/wp\/v2\/pages\/10\/revisions"}],"predecessor-version":[{"id":37,"href":"https:\/\/sisu.ut.ee\/mereteadus2022\/wp-json\/wp\/v2\/pages\/10\/revisions\/37"}],"wp:attachment":[{"href":"https:\/\/sisu.ut.ee\/mereteadus2022\/wp-json\/wp\/v2\/media?parent=10"}],"curies":[{"name":"wp","href":"https:\/\/api.w.org\/{rel}","templated":true}]}}