{"id":5,"date":"2024-04-04T05:07:39","date_gmt":"2024-04-04T02:07:39","guid":{"rendered":"https:\/\/sisu.ut.ee\/mererita\/partnerid\/"},"modified":"2024-05-07T11:41:55","modified_gmt":"2024-05-07T08:41:55","slug":"partnerid","status":"publish","type":"page","link":"https:\/\/sisu.ut.ee\/mererita\/partnerid\/","title":{"rendered":"Juhtkomisjon"},"content":{"rendered":"<ul>\n<li><span style=\"background: white;\"><span style=\"line-height: normal;\"><strong>Georg Martin<\/strong>, komisjoni esimees, Tartu \u00dclikool<\/span><\/span><\/li>\n<li><span style=\"background: white;\"><span style=\"line-height: normal;\"><strong>Kai Ginter<\/strong>, Keskkonnaamet<\/span><\/span><\/li>\n<li><span style=\"background: white;\"><span style=\"line-height: normal;\"><strong>Anastasiia Kovtun-Kante<\/strong>, Keskkonnaagentuur<\/span><\/span><\/li>\n<li><span style=\"background: white;\"><span style=\"line-height: normal;\"><strong>Kristiina Ojam\u00e4e<\/strong>, Keskkonnaagentuur<\/span><\/span><\/li>\n<li><span style=\"background: white;\"><span style=\"line-height: normal;\"><strong>Eve K\u00fclmallik<\/strong>, Maaeluministeerium<\/span><\/span><\/li>\n<li><span style=\"background: white;\"><span style=\"line-height: normal;\"><strong>Siret Talve<\/strong>, Maaeluministeerium<\/span><\/span><\/li>\n<li><span style=\"background: white;\"><span style=\"line-height: normal;\"><strong>Tuuli Levandi<\/strong>, Keskkonnaministeerium\u00a0 \u00a0 \u00a0<\/span><\/span><\/li>\n<li><span style=\"background: white;\"><span style=\"line-height: normal;\"><strong>Eda Andresmaa<\/strong>, Keskkonnaministeerium<\/span><\/span><\/li>\n<li><span style=\"background: white;\"><span style=\"line-height: normal;\"><strong>Liina Eek<\/strong>, Eesti teadusagentuur<\/span><\/span><\/li>\n<li><span style=\"background: white;\"><span style=\"line-height: normal;\"><b>Margus Harak<\/b>, Eesti teadusagentuur<\/span><\/span><\/li>\n<li><span style=\"background: white;\"><span style=\"line-height: normal;\"><strong>Urmas Lips<\/strong>, TalTech<\/span><\/span><\/li>\n<li><span style=\"background: white;\"><span style=\"line-height: normal;\"><strong>Anti Vasem\u00e4gi<\/strong>, Eesti Maa\u00fclikool\u00a0 \u00a0 \u00a0<\/span><\/span><\/li>\n<li><span style=\"background: white;\"><span style=\"line-height: normal;\"><strong>Markus Vetemaa<\/strong>, Tartu \u00dclikool<\/span><\/span><\/li>\n<\/ul>\n","protected":false},"excerpt":{"rendered":"<p>Georg Martin, komisjoni esimees, Tartu \u00dclikool Kai Ginter, Keskkonnaamet Anastasiia Kovtun-Kante, Keskkonnaagentuur Kristiina Ojam\u00e4e, Keskkonnaagentuur Eve K\u00fclmallik, Maaeluministeerium Siret Talve, Maaeluministeerium Tuuli Levandi, Keskkonnaministeerium\u00a0 \u00a0 \u00a0 Eda Andresmaa, Keskkonnaministeerium Liina Eek, Eesti teadusagentuur Margus Harak, Eesti teadusagentuur Urmas Lips, TalTech &#8230;<\/p>\n","protected":false},"author":187,"featured_media":0,"parent":0,"menu_order":0,"comment_status":"closed","ping_status":"closed","template":"","meta":{"_acf_changed":false,"inline_featured_image":false,"footnotes":""},"class_list":["post-5","page","type-page","status-publish","hentry"],"acf":[],"_links":{"self":[{"href":"https:\/\/sisu.ut.ee\/mererita\/wp-json\/wp\/v2\/pages\/5","targetHints":{"allow":["GET"]}}],"collection":[{"href":"https:\/\/sisu.ut.ee\/mererita\/wp-json\/wp\/v2\/pages"}],"about":[{"href":"https:\/\/sisu.ut.ee\/mererita\/wp-json\/wp\/v2\/types\/page"}],"author":[{"embeddable":true,"href":"https:\/\/sisu.ut.ee\/mererita\/wp-json\/wp\/v2\/users\/187"}],"replies":[{"embeddable":true,"href":"https:\/\/sisu.ut.ee\/mererita\/wp-json\/wp\/v2\/comments?post=5"}],"version-history":[{"count":2,"href":"https:\/\/sisu.ut.ee\/mererita\/wp-json\/wp\/v2\/pages\/5\/revisions"}],"predecessor-version":[{"id":151,"href":"https:\/\/sisu.ut.ee\/mererita\/wp-json\/wp\/v2\/pages\/5\/revisions\/151"}],"wp:attachment":[{"href":"https:\/\/sisu.ut.ee\/mererita\/wp-json\/wp\/v2\/media?parent=5"}],"curies":[{"name":"wp","href":"https:\/\/api.w.org\/{rel}","templated":true}]}}