{"id":14,"date":"2024-04-04T05:07:39","date_gmt":"2024-04-04T02:07:39","guid":{"rendered":"https:\/\/sisu.ut.ee\/mererita\/tulemused\/"},"modified":"2024-05-07T11:39:04","modified_gmt":"2024-05-07T08:39:04","slug":"tulemused","status":"publish","type":"page","link":"https:\/\/sisu.ut.ee\/mererita\/tulemused\/","title":{"rendered":"Tulemused"},"content":{"rendered":"<h2>Aruanded<\/h2>\n<ul>\n<li>2.1.1.\u00a0\u00a0Methodology for spatial characterization of habitats using autonomous high-frequency in-situ observations in combination with conventional monitoring, remote sensing and model outcomes\u00a0<span class=\"file media-element file-os-files-link\" data-file_info=\"%7B%22fid%22:%2259723%22,%22view_mode%22:%22os_files_link%22,%22type%22:%22media%22%7D\"><img decoding=\"async\" class=\"file-icon\" src=\"\/profiles\/openscholar\/modules\/os\/modules\/os_files\/icons\/application-pdf.svg\" alt=\"\"><\/span>\u00a0<a href=\"https:\/\/sisu.ut.ee\/wp-content\/uploads\/sites\/356\/2_1_1_aruanne.pdf\" data-fid=\"61744\">aruanne<\/a><\/li>\n<li>2.1.2.\u00a0\u00a0Carbon system monitoring guidelines and acidification indicator description\u00a0<span class=\"file media-element file-os-files-link\" data-file_info=\"%7B%22fid%22:%2259723%22,%22view_mode%22:%22os_files_link%22,%22type%22:%22media%22%7D\"><img decoding=\"async\" class=\"file-icon\" src=\"\/profiles\/openscholar\/modules\/os\/modules\/os_files\/icons\/application-pdf.svg\" alt=\"\"><\/span>\u00a0<a href=\"https:\/\/sisu.ut.ee\/wp-content\/uploads\/sites\/356\/2_1_2_mererita_seiramissoovitused_ja_hapestumise_indikaator.pdf\" data-fid=\"61742\">aruanne<\/a><\/li>\n<li>2.2.1.\u00a0 Improved chlorophyll-a algorithm\u00a0<span class=\"file media-element file-os-files-link\" data-file_info=\"%7B%22fid%22:%2259723%22,%22view_mode%22:%22os_files_link%22,%22type%22:%22media%22%7D\"><img decoding=\"async\" class=\"file-icon\" src=\"\/profiles\/openscholar\/modules\/os\/modules\/os_files\/icons\/application-pdf.svg\" alt=\"\"> <a href=\"https:\/\/sisu.ut.ee\/wp-content\/uploads\/sites\/356\/2_2-1_laanemere_klorofull-a_algoritm_lopparuanne.pdf\">aruanne<\/a><\/span><\/li>\n<li>2.2.2.\u00a0\u00a0Estimating primary production from remote sensing\u00a0<span class=\"file media-element file-os-files-link\" data-file_info=\"%7B%22fid%22:%2259722%22,%22view_mode%22:%22os_files_link%22,%22type%22:%22media%22%7D\"><img decoding=\"async\" class=\"file-icon\" src=\"\/profiles\/openscholar\/modules\/os\/modules\/os_files\/icons\/application-pdf.svg\" alt=\"\"> <a href=\"https:\/\/sisu.ut.ee\/wp-content\/uploads\/sites\/356\/2_2_2_primaarproduktsiooni_lopparuanne.pdf\">aruanne<\/a><\/span><\/li>\n<li><span style=\"line-height: normal;\"><span lang=\"EN-US\">2.3.1. Optical remote sensing for mapping seabed habitats\u00a0<\/span><\/span><span class=\"file media-element file-os-files-link\" data-file_info=\"%7B%22fid%22:%2248071%22,%22view_mode%22:%22os_files_link%22,%22type%22:%22media%22%7D\"><img decoding=\"async\" class=\"file-icon\" src=\"\/profiles\/openscholar\/modules\/os\/modules\/os_files\/icons\/application-pdf.svg\" alt=\"\"> <a href=\"https:\/\/sisu.ut.ee\/wp-content\/uploads\/sites\/356\/2.3.1_aruanne_v2.pdf\">aruanne<\/a><\/span><\/li>\n<li><span class=\"file media-element file-os-files-link\" data-file_info=\"%7B%22fid%22:%2248071%22,%22view_mode%22:%22os_files_link%22,%22type%22:%22media%22%7D\">2.3.2.\u00a0<\/span>Seabed geological inventories: acoustic profiling and sediment survey\u00a0<span class=\"file media-element file-os-files-link\" data-file_info=\"%7B%22fid%22:%2266429%22,%22view_mode%22:%22os_files_link%22,%22type%22:%22media%22%7D\"><img decoding=\"async\" class=\"file-icon\" src=\"\/profiles\/openscholar\/modules\/os\/modules\/os_files\/icons\/application-pdf.svg\" alt=\"\"> <a href=\"https:\/\/sisu.ut.ee\/wp-content\/uploads\/sites\/356\/2_3_2_seabed_geological_inventories_acoustic_profiling_and_sediment_survey.pdf\">aruanne<\/a><\/span><\/li>\n<li><span class=\"file media-element file-os-files-link\" data-file_info=\"%7B%22fid%22:%2248071%22,%22view_mode%22:%22os_files_link%22,%22type%22:%22media%22%7D\">2.4.1.\u00a0<\/span><span lang=\"ET\"><span style=\"line-height: 107%;\">Applicability of eDNA based methodology for early detection of alien (cryptic) species\u00a0<\/span><\/span><span class=\"file media-element file-os-files-link\" data-file_info=\"%7B%22fid%22:%2265115%22,%22view_mode%22:%22os_files_link%22,%22type%22:%22media%22%7D\"><img decoding=\"async\" class=\"file-icon\" src=\"\/profiles\/openscholar\/modules\/os\/modules\/os_files\/icons\/application-pdf.svg\" alt=\"\"> <a href=\"https:\/\/sisu.ut.ee\/wp-content\/uploads\/sites\/356\/2.4.1_edna_meetodi_valjaarendamine_kruptiliste_voorliikide_varajaseks_tuvastamiseks_aruanne_final.pdf\">aruanne<\/a><\/span><\/li>\n<li><span class=\"file media-element file-os-files-link\" data-file_info=\"%7B%22fid%22:%2248071%22,%22view_mode%22:%22os_files_link%22,%22type%22:%22media%22%7D\">2.5.1.\u00a0<\/span>Methodological approach to analyse the contribution of different spawning grounds to the stock recruitment of different coastal fish\u00a0<span class=\"file media-element file-os-files-link\" data-file_info=\"%7B%22fid%22:%2264063%22,%22view_mode%22:%22os_files_link%22,%22type%22:%22media%22%7D\"><img decoding=\"async\" class=\"file-icon\" src=\"\/profiles\/openscholar\/modules\/os\/modules\/os_files\/icons\/application-pdf.svg\" alt=\"\"> <a href=\"https:\/\/sisu.ut.ee\/wp-content\/uploads\/sites\/356\/2_5_1_methodological_approach_to_analyse_the_contribution_of_different_aruanne.pdf\">aruanne<\/a><\/span><\/li>\n<li>2.6.1. Mapping the functioning of fish spawning areas with remote sensing\u00a0<span class=\"file media-element file-os-files-link\" data-file_info=\"%7B%22fid%22:%2248072%22,%22view_mode%22:%22os_files_link%22,%22type%22:%22media%22%7D\"><img decoding=\"async\" class=\"file-icon\" src=\"\/profiles\/openscholar\/modules\/os\/modules\/os_files\/icons\/application-pdf.svg\" alt=\"\"> <a href=\"https:\/\/sisu.ut.ee\/wp-content\/uploads\/sites\/356\/2.6.1_aruanne_v3.pdf\">aruanne<\/a><\/span><\/li>\n<li><span class=\"file media-element file-os-files-link\" data-file_info=\"%7B%22fid%22:%2248072%22,%22view_mode%22:%22os_files_link%22,%22type%22:%22media%22%7D\">2.7.1.\u00a0<\/span>DNA-p\u00f5hise metoodika v\u00e4lja t\u00f6\u00f6tamine ja t\u00f5hususe hindamine haugi efektiivse kudekarja suuruse seiramiseks Saaremaa rannikumeres <span class=\"file media-element file-os-files-link\" data-file_info=\"%7B%22fid%22:%2264381%22,%22view_mode%22:%22os_files_link%22,%22type%22:%22media%22%7D\"><img decoding=\"async\" class=\"file-icon\" src=\"\/profiles\/openscholar\/modules\/os\/modules\/os_files\/icons\/application-pdf.svg\" alt=\"\"> <a href=\"https:\/\/sisu.ut.ee\/wp-content\/uploads\/sites\/356\/2_7_1_aruanne.pdf\">aruanne<\/a><\/span><\/li>\n<li><span class=\"file media-element file-os-files-link\" data-file_info=\"%7B%22fid%22:%2244038%22,%22view_mode%22:%22os_files_link%22,%22type%22:%22media%22%7D\">3.1.1.\u00a0<\/span>Mereliste\u00a0elupaigat\u00fc\u00fcpide seisundi\u00a0hindamise\u00a0metoodika\u00a0<span class=\"file media-element file-os-files-link\" data-file_info=\"%7B%22fid%22:%2244038%22,%22view_mode%22:%22os_files_link%22,%22type%22:%22media%22%7D\"><img decoding=\"async\" class=\"file-icon\" src=\"\/profiles\/openscholar\/modules\/os\/modules\/os_files\/icons\/application-pdf.svg\" alt=\"\"> <a href=\"https:\/\/sisu.ut.ee\/wp-content\/uploads\/sites\/356\/3_1_1_aruanne_vers2.pdf\">aruanne.pdf<\/a><\/span><\/li>\n<li><span class=\"file media-element file-os-files-link\" data-file_info=\"%7B%22fid%22:%2244038%22,%22view_mode%22:%22os_files_link%22,%22type%22:%22media%22%7D\">3.2.1.\u00a0<\/span>Mereliste elupaigat\u00fc\u00fcpide seisundi hindamise metoodika testimine pilootalal\u00a0<span class=\"file media-element file-os-files-link\" data-file_info=\"%7B%22fid%22:%2265371%22,%22view_mode%22:%22os_files_link%22,%22type%22:%22media%22%7D\"><img decoding=\"async\" class=\"file-icon\" src=\"\/profiles\/openscholar\/modules\/os\/modules\/os_files\/icons\/application-pdf.svg\" alt=\"\"> <a href=\"https:\/\/sisu.ut.ee\/wp-content\/uploads\/sites\/356\/3_2_1_description_of_the_status_of_benthic_habitats_in_the_pilot_area_using_developed_methodology_and_criteria.pdf\">aruanne<\/a><\/span><\/li>\n<li>3.3.1.\u00a0V\u00f5\u00f5rliikide kaardistamine rahvateaduse abil\u00a0<span class=\"file media-element file-os-files-link\" data-file_info=\"%7B%22fid%22:%2265372%22,%22view_mode%22:%22os_files_link%22,%22type%22:%22media%22%7D\"><img decoding=\"async\" class=\"file-icon\" src=\"\/profiles\/openscholar\/modules\/os\/modules\/os_files\/icons\/application-pdf.svg\" alt=\"\"> <a href=\"https:\/\/sisu.ut.ee\/wp-content\/uploads\/sites\/356\/3_3_1_mapping_non-indigenous_species_using_citizen_science.pdf\">aruanne<\/a><\/span><\/li>\n<li><span class=\"file media-element file-os-files-link\" data-file_info=\"%7B%22fid%22:%2265372%22,%22view_mode%22:%22os_files_link%22,%22type%22:%22media%22%7D\">3.4.1.\u00a0<\/span>Koelmualade kvaliteedi hinnangud t\u00fc\u00fcpelupaikades\u00a0<span class=\"file media-element file-os-files-link\" data-file_info=\"%7B%22fid%22:%2265373%22,%22view_mode%22:%22os_files_link%22,%22type%22:%22media%22%7D\"><img decoding=\"async\" class=\"file-icon\" src=\"\/profiles\/openscholar\/modules\/os\/modules\/os_files\/icons\/application-pdf.svg\" alt=\"\"> <a href=\"https:\/\/sisu.ut.ee\/wp-content\/uploads\/sites\/356\/3_4_1_maps_of_the_status_of_spawning_grounds.pdf\">aruanne<\/a><\/span><\/li>\n<li>4.1.1. Survetegurite kumulatiivsete m\u00f5jude hindamise raamistik\u00a0<span class=\"file media-element file-os-files-link\" data-file_info=\"%7B%22fid%22:%2244037%22,%22view_mode%22:%22os_files_link%22,%22type%22:%22media%22%7D\"><img decoding=\"async\" class=\"file-icon\" src=\"\/profiles\/openscholar\/modules\/os\/modules\/os_files\/icons\/application-pdf.svg\" alt=\"\"> <a href=\"https:\/\/sisu.ut.ee\/wp-content\/uploads\/sites\/356\/4_1_1_cea_kontseptsioon_aruanne_clean.pdf\">aruanne.pdf<\/a>\u00a0<\/span><\/li>\n<li><span class=\"file media-element file-os-files-link\" data-file_info=\"%7B%22fid%22:%2244037%22,%22view_mode%22:%22os_files_link%22,%22type%22:%22media%22%7D\">4.2.1.\u00a0<\/span>Veebip\u00f5hine t\u00f6\u00f6riist hindamaks survetegurite kumulatiivset m\u00f5ju loodusv\u00e4\u00e4rtustele\u00a0<span class=\"file media-element file-os-files-link\" data-file_info=\"%7B%22fid%22:%2259218%22,%22view_mode%22:%22os_files_link%22,%22type%22:%22media%22%7D\"><img decoding=\"async\" class=\"file-icon\" src=\"\/profiles\/openscholar\/modules\/os\/modules\/os_files\/icons\/application-pdf.svg\" alt=\"\"> <a href=\"https:\/\/sisu.ut.ee\/wp-content\/uploads\/sites\/356\/4_2_1_cea_veebitooriist_l6pparuanne_01.pdf\">aruanne<\/a><\/span><\/li>\n<\/ul>\n<h2><span class=\"file media-element file-os-files-link\" data-file_info=\"%7B%22fid%22:%2259218%22,%22view_mode%22:%22os_files_link%22,%22type%22:%22media%22%7D\">L\u00f5pparuanne<\/span><\/h2>\n<ul>\n<li><span class=\"file media-element file-os-files-link\" data-file_info=\"%7B%22fid%22:%2259218%22,%22view_mode%22:%22os_files_link%22,%22type%22:%22media%22%7D\">4.3.1.\u00a0<\/span>Majanduslikult oluliste poolsiirdekalade koelmualade seisundi modelleerimine muutuvate keskkonnatingimuste ja survetegurite foonil\u00a0<span class=\"file media-element file-os-files-link\" data-file_info=\"%7B%22fid%22:%2270711%22,%22view_mode%22:%22os_files_link%22,%22type%22:%22media%22%7D\"><img decoding=\"async\" class=\"file-icon\" src=\"\/profiles\/openscholar\/modules\/os\/modules\/os_files\/icons\/application-pdf.svg\" alt=\"\"> <a href=\"https:\/\/sisu.ut.ee\/wp-content\/uploads\/sites\/356\/4_3_1_majanduslikult_oluliste_poolsiirdekalade_koelmualade_seisundi_modelleerimine_muutuvate_keskkonnatingimuste_ja_survetegurite_foonil_aruanne.pdf\">aruanne<\/a><\/span><\/li>\n<li><span class=\"file media-element file-os-files-link\" data-file_info=\"%7B%22fid%22:%2270711%22,%22view_mode%22:%22os_files_link%22,%22type%22:%22media%22%7D\">5.1.1.\u00a0<\/span>Eesti merekeskkonna seireprogrammi t\u00e4iendamise ettepanek\u00a0<span class=\"file media-element file-os-files-link\" data-file_info=\"%7B%22fid%22:%2270712%22,%22view_mode%22:%22os_files_link%22,%22type%22:%22media%22%7D\"><img decoding=\"async\" class=\"file-icon\" src=\"\/profiles\/openscholar\/modules\/os\/modules\/os_files\/icons\/application-pdf.svg\" alt=\"\"> <a href=\"https:\/\/sisu.ut.ee\/wp-content\/uploads\/sites\/356\/5_1_1_eesti_merekeskkonna_seireprogrammi_taiendamise_aruanne.pdf\">aruanne<\/a><\/span><\/li>\n<li><span class=\"file media-element file-os-files-link\" data-file_info=\"%7B%22fid%22:%2270712%22,%22view_mode%22:%22os_files_link%22,%22type%22:%22media%22%7D\">5.2.1.\u00a0<\/span>Sinimajanduse arendamise asukoha valiku kriteeriumid\u00a0<span class=\"file media-element file-os-files-link\" data-file_info=\"%7B%22fid%22:%2270713%22,%22view_mode%22:%22os_files_link%22,%22type%22:%22media%22%7D\"><img decoding=\"async\" class=\"file-icon\" src=\"\/profiles\/openscholar\/modules\/os\/modules\/os_files\/icons\/application-pdf.svg\" alt=\"\"> <a href=\"https:\/\/sisu.ut.ee\/wp-content\/uploads\/sites\/356\/5_2_1_sinimajanduse_arendamise_asukoha_valiku_kriteeriumid_aruanne.pdf\">aruanne<\/a><\/span><\/li>\n<li>L\u00f5pparuanne\u00a0<\/li>\n<\/ul>\n\n\n<div class=\"wp-block-group attached-files-group is-layout-constrained wp-block-group-is-layout-constrained\">\n<div class=\"wp-block-file\"><a id=\"wp-block-file--media-a862db6e-958b-43be-b0a3-b33e0d1e1b11\" href=\"https:\/\/sisu.ut.ee\/wp-content\/uploads\/sites\/356\/mererita_lopparuanne_versioon_2_31_mai_2022.pdf\" target=\"_blank\" rel=\"noreferrer noopener\">aruanne<\/a><\/div>\n<\/div>\n","protected":false},"excerpt":{"rendered":"<p>Aruanded 2.1.1.\u00a0\u00a0Methodology for spatial characterization of habitats using autonomous high-frequency in-situ observations in combination with conventional monitoring, remote sensing and model outcomes\u00a0\u00a0aruanne 2.1.2.\u00a0\u00a0Carbon system monitoring guidelines and acidification indicator description\u00a0\u00a0aruanne 2.2.1.\u00a0 Improved chlorophyll-a algorithm\u00a0 aruanne 2.2.2.\u00a0\u00a0Estimating primary production from remote &#8230;<\/p>\n","protected":false},"author":187,"featured_media":0,"parent":0,"menu_order":0,"comment_status":"closed","ping_status":"closed","template":"","meta":{"_acf_changed":false,"inline_featured_image":false,"footnotes":""},"class_list":["post-14","page","type-page","status-publish","hentry"],"acf":[],"_links":{"self":[{"href":"https:\/\/sisu.ut.ee\/mererita\/wp-json\/wp\/v2\/pages\/14","targetHints":{"allow":["GET"]}}],"collection":[{"href":"https:\/\/sisu.ut.ee\/mererita\/wp-json\/wp\/v2\/pages"}],"about":[{"href":"https:\/\/sisu.ut.ee\/mererita\/wp-json\/wp\/v2\/types\/page"}],"author":[{"embeddable":true,"href":"https:\/\/sisu.ut.ee\/mererita\/wp-json\/wp\/v2\/users\/187"}],"replies":[{"embeddable":true,"href":"https:\/\/sisu.ut.ee\/mererita\/wp-json\/wp\/v2\/comments?post=14"}],"version-history":[{"count":4,"href":"https:\/\/sisu.ut.ee\/mererita\/wp-json\/wp\/v2\/pages\/14\/revisions"}],"predecessor-version":[{"id":148,"href":"https:\/\/sisu.ut.ee\/mererita\/wp-json\/wp\/v2\/pages\/14\/revisions\/148"}],"wp:attachment":[{"href":"https:\/\/sisu.ut.ee\/mererita\/wp-json\/wp\/v2\/media?parent=14"}],"curies":[{"name":"wp","href":"https:\/\/api.w.org\/{rel}","templated":true}]}}