{"id":10,"date":"2024-04-04T05:07:39","date_gmt":"2024-04-04T02:07:39","guid":{"rendered":"https:\/\/sisu.ut.ee\/mererita\/toopaketid-1\/"},"modified":"2024-05-07T11:33:36","modified_gmt":"2024-05-07T08:33:36","slug":"toopaketid-1","status":"publish","type":"page","link":"https:\/\/sisu.ut.ee\/mererita\/toopaketid-1\/","title":{"rendered":"T\u00f6\u00f6paketid"},"content":{"rendered":"<p><span style=\"line-height: 150%;\"><span style=\"line-height: 150%;\">Projekti mereRITA elluviimiseks vajalikud tegevused on koondatud viieks teineteisega seotud t\u00f6\u00f6paketiks:<\/span><\/span><\/p>\n<h2>1. Projektijuhtimine (WP1)<\/h2>\n<p><span style=\"line-height: 150%;\"><span style=\"line-height: 150%;\">Projekti mereRITA juhib Tartu \u00dclikooli Eesti Mereinstituudi merebioloogia uurimisr\u00fchm. Projekti partneritest koosneva konsortsiumi tegevusi koordineerib mereinstituudi merebioloogia osakonna juhataja ja merebioloogia Georg Martin (PhD), projektijuhiks on Kristina Tiivel. <\/span><\/span><\/p>\n<p><span style=\"line-height: 150%;\"><span style=\"line-height: 150%;\">Projektijuhtide kontaktid leiab alalehel <\/span><\/span><a title=\"\" href=\"https:\/\/sisu.ut.ee\/mererita\/projekti-partnerid-0\" target=\"_blank\" rel=\"noopener\" data-url=\"https:\/\/sisu.ut.ee\/mererita\/projekti-partnerid-0\">\u201ePartnerid\u201d<\/a><\/p>\n<h2>2. Innovaatilised tehnilised lahendused (WP2)<\/h2>\n<p><span style=\"line-height: 150%;\"><span style=\"line-height: 150%;\">Projekti elluviimisel innovaatiliste tehniliste lahenduste v\u00e4ljat\u00f6\u00f6tamises ja arendamises l\u00f6\u00f6vad kaasa projekti k\u00f5ik partnerasutused. Selles t\u00f6\u00f6paketis arendatakse ning katsetatakse projekti k\u00e4igus loodud merekeskkonna seisundi hindamise ja seire meetodeid: <\/span><\/span><\/p>\n<ul>\n<li style=\"margin-bottom: .0001pt;\"><span style=\"line-height: 150%;\"><span style=\"line-height: 150%;\">uuritakse veesamba elupaikasid aparaatidega, mis v\u00f5imaldavad saada elupaikade iseloomulikest parameetritest 3D pilte (TalTech-i meres\u00fcsteemide instituut, T\u00dc Eesti mereinstituut); <\/span><\/span><\/li>\n<li style=\"margin-bottom: .0001pt;\"><span style=\"line-height: 150%;\"><span style=\"line-height: 150%;\">uuritakse merep\u00f5hja geoloogiat akustiliste meetoditega (TalTech-i Geoloogiainstituut); <\/span><\/span><\/li>\n<li style=\"margin-bottom: .0001pt;\"><span style=\"line-height: 150%;\"><span style=\"line-height: 150%;\">otoliitide mikrokeemia, kaugseire ja masin\u00f5ppe meetodeid kombineerides kaardistatakse kalade kudealasid (T\u00dc Eesti mereisntituut); <\/span><\/span><\/li>\n<li style=\"margin-bottom: .0001pt;\"><span style=\"line-height: 150%;\"><span style=\"line-height: 150%;\">kohandatakse keskkonna DNA-l (eDNA) p\u00f5hinev metoodika v\u00f5\u00f5rliikide varajaseks avastamiseks L\u00e4\u00e4nemeres (EM\u00dc vesiviljeluse \u00f5ppetool); <\/span><\/span><\/li>\n<li style=\"margin-bottom: .0001pt;\"><span style=\"line-height: 150%;\"><span style=\"line-height: 150%;\">hinnatakse kudevate kalade arvukust erinevate DNA-p\u00f5histe meetoditega (EM\u00dc vesiviljeluse \u00f5ppetool, T\u00dc Eesti mereinstituut) <\/span><\/span><\/li>\n<\/ul>\n<h2>3. Mere loodusv\u00e4\u00e4rtused ja nende seisund pilootaladel (WP3)<\/h2>\n<p><span style=\"line-height: 150%;\"><span style=\"line-height: 150%;\">Selles t\u00f6\u00f6paketis hinnatakse WP2-s v\u00e4lja t\u00f6\u00f6tatud uuenduslike meetodite rakendatavust p\u00f5hjakoosluste ja elupaigat\u00fc\u00fcpide struktuuri, ruumilise jaotumise, suuruse, funktsiooni ja keskkonnaseisundi hindamisel. Hinnangu p\u00f5hjal koostatakse soovitused ja ettepanekud kaasaegsete mereuuringute meetodite edasise kasutuspotentsiaali kohta. Muuhulgas hinnatakse katsetatud meetodite rakendamisel ilmnenud eeliseid ja puuduseid L\u00e4\u00e4nemere tingimustes ning v\u00f5rreldakse meetodeid hetkel riiklikus seires kasutusel olevatega. <\/span><\/span><\/p>\n<p><span style=\"line-height: 150%;\"><span style=\"line-height: 150%;\">Seirealastest ja kaitsekorralduslikest soovitusi (vt WP5)<\/span><span style=\"line-height: 150%;\"> arvesse v\u00f5ttes tehakse ettepanekud uute mereseire meetodite rakendamiseks riiklikus keskkonnaseire programmis. <\/span><\/span><\/p>\n<p><span style=\"line-height: 150%;\"><span style=\"line-height: 150%;\">T\u00f6\u00f6paketis loetletud t\u00f6id viivad l\u00e4bi T\u00dc Eesti mereinstituudi erinevad t\u00f6\u00f6r\u00fchmad.<\/span><\/span><\/p>\n<h2>4. Survetegurite kumulatiivsed m\u00f5jud loodusv\u00e4\u00e4rtustele (WP4)<\/h2>\n<p><span style=\"line-height: 150%;\"><span style=\"line-height: 150%;\">K\u00e4esoleva t\u00f6\u00f6paketi k\u00e4igus t\u00f6\u00f6tatakse v\u00e4lja metoodika, mis v\u00f5imaldab hinnata erinevate inimtegevuste ja nendest tegevustest tulenevate survete kumulatiivset m\u00f5ju Eesti mereala loodusv\u00e4\u00e4rtustele. Vaatluse all on:<\/span><\/span><\/p>\n<ul>\n<li style=\"margin-bottom: .0001pt;\"><span style=\"line-height: 150%;\"><span style=\"line-height: 150%;\">s\u00fcvendamine;<\/span><\/span><\/li>\n<li style=\"margin-bottom: .0001pt;\"><span style=\"line-height: 150%;\"><span style=\"line-height: 150%;\">kaadamine;<\/span><\/span><\/li>\n<li style=\"margin-bottom: .0001pt;\"><span style=\"line-height: 150%;\"><span style=\"line-height: 150%;\">mineraalide kaevandamine;<\/span><\/span><\/li>\n<li style=\"margin-bottom: .0001pt;\"><span style=\"line-height: 150%;\"><span style=\"line-height: 150%;\">tuuleparkide rajamine;<\/span><\/span><\/li>\n<li style=\"margin-bottom: .0001pt;\"><span style=\"line-height: 150%;\"><span style=\"line-height: 150%;\">vesiehitus;<\/span><\/span><\/li>\n<li style=\"margin-bottom: .0001pt;\"><span style=\"line-height: 150%;\"><span style=\"line-height: 150%;\">vesiviljelus, sh vetika- ja karbikasvatus;<\/span><\/span><\/li>\n<li style=\"margin-bottom: .0001pt;\"><span style=\"line-height: 150%;\"><span style=\"line-height: 150%;\">vetikap\u00fc\u00fck;<\/span><\/span><\/li>\n<li style=\"margin-bottom: .0001pt;\"><span style=\"line-height: 150%;\"><span style=\"line-height: 150%;\">t\u00f6\u00f6nduslik kalap\u00fc\u00fck;<\/span><\/span><\/li>\n<li style=\"margin-bottom: .0001pt;\"><span style=\"line-height: 150%;\"><span style=\"line-height: 150%;\">merekeskkonna rikastamine toitainetega;<\/span><\/span><\/li>\n<li style=\"margin-bottom: .0001pt;\"><span style=\"line-height: 150%;\"><span style=\"line-height: 150%;\">turism;<\/span><\/span><\/li>\n<li style=\"margin-bottom: .0001pt;\"><span style=\"line-height: 150%;\"><span style=\"line-height: 150%;\">v\u00f5\u00f5rliikide sissetalumine.<\/span><\/span><\/li>\n<\/ul>\n<p><span style=\"line-height: 150%;\"><span style=\"line-height: 150%;\">Survetegurite kumulatiivsete m\u00f5jude hindamise alustalaks on faktilistele andmetele toetuv m\u00f5jumaatriks, milles kirjeldatakse matemaatilisi seoseid eelnevalt loetletud erinevate inimkasutuste intensiivsuse ja keskkonnam\u00f5ju ulatuse vahel. Leitud seosed v\u00f5tavad arvesse piirkondlikku elustiku iseloomu. Kasutatud metoodika v\u00f5imaldab m\u00f5jude kombineerumist summeerumise, kompenseerimise ja muude vastastikm\u00f5jude kaudu. <\/span><\/span><\/p>\n<p><span style=\"line-height: 150%;\"><span style=\"line-height: 150%;\">Loodav kumulatiivse m\u00f5jude hindamise metoodiline raamistik on d\u00fcnaamiliselt t\u00e4iendatav nii alusandmete kihtide kui ka inimkasutuse interaktiivsete m\u00f5jude maatriksi osas. Loodud metoodikat testitakse erinevates ruumilistes modelleerimis\u00fclesannetes, kus hinnatakse olulisemate inimtegevuste kumulatiivset m\u00f5ju valitud loodusv\u00e4\u00e4rtustele, sealhulgas kalade koelmualade seisundile t\u00e4nap\u00e4evaste ja tuleviku keskkonnatingimuste juures. Kumulatiivsete m\u00f5jude hindamise metoodika v\u00f5imaldab erinevatel huvir\u00fchmadel l\u00e4bi m\u00e4ngida erinevaid ruumieralduse stsenaariume ning hinnata nende stsenaariumite potentsiaalse keskkonnam\u00f5ju ulatust. <\/span><\/span><\/p>\n<p><span style=\"line-height: 150%;\"><span style=\"line-height: 150%;\">T\u00f6\u00f6paketis loetletud t\u00f6id viivad l\u00e4bi T\u00dc Eesti mereinstituudi erinevad t\u00f6\u00f6r\u00fchmad. <\/span><\/span><\/p>\n<h2>5. Seirealased ja kaitsekorralduslikud soovitused (WP5)<\/h2>\n<p><span style=\"line-height: 150%;\"><span style=\"line-height: 150%;\">Eelnevate tegevuste k\u00e4igus kogutud andmete ja muu teabe p\u00f5hjal koostatakse ettepanekud olemasoleva mereseire programmi muutmiseks ning t\u00e4iendamiseks. Lisaks on kogutud materjal aluseks ja teadusp\u00f5hiseks sisendiks mitmetele loodavatele \u00f5igusaktide ja juhenditele nagu: <\/span><\/span><\/p>\n<ul>\n<li style=\"margin-bottom: .0001pt;\"><span style=\"line-height: 150%;\"><span style=\"line-height: 150%;\">mereala planeeringule; <\/span><\/span><\/li>\n<li style=\"margin-bottom: .0001pt;\"><span style=\"line-height: 150%;\"><span style=\"line-height: 150%;\">veemajanduskavadele; <\/span><\/span><\/li>\n<li style=\"margin-bottom: .0001pt;\"><span style=\"line-height: 150%;\"><span style=\"line-height: 150%;\">merestrateegiale; <\/span><\/span><\/li>\n<li style=\"margin-bottom: .0001pt;\"><span style=\"line-height: 150%;\"><span style=\"line-height: 150%;\">keskkonnaseisundi hindamisele; <\/span><\/span><\/li>\n<li style=\"margin-bottom: .0001pt;\"><span style=\"line-height: 150%;\"><span style=\"line-height: 150%;\">kalap\u00fc\u00fcgi korraldamisele jne. \u00a0<\/span><\/span><\/li>\n<\/ul>\n<p><span style=\"line-height: 150%;\"><span style=\"line-height: 150%;\">S\u00f5ltuvalt l\u00e4biviidavate uuringute tulemustest ehk tuvastatud loodusv\u00e4\u00e4rtustest koostatakse teaduslikult p\u00f5hjendatud ettepanekud j\u00e4rgmiste aktuaalsete keskkonnaprobleemide lahendamiseks: <\/span><\/span><\/p>\n<ul>\n<li style=\"margin-bottom: .0001pt;\"><span style=\"line-height: 150%;\"><span style=\"line-height: 150%;\">merekaitsealade piiride m\u00e4\u00e4ramine; <\/span><\/span><\/li>\n<li style=\"margin-bottom: .0001pt;\"><span style=\"line-height: 150%;\"><span style=\"line-height: 150%;\">soovitused meretuuleparkide ja vesiviljeluseks sobivateks ning ebasobivateks asukohtadeks; <\/span><\/span><\/li>\n<li style=\"margin-bottom: .0001pt;\"><span style=\"line-height: 150%;\"><span style=\"line-height: 150%;\">ohutuks veeliikluseks;<\/span><\/span><\/li>\n<li style=\"margin-bottom: .0001pt;\"><span style=\"line-height: 150%;\"><span style=\"line-height: 150%;\">perspektiivsete geoloogiliste uuringute asukohtadeks jne. <\/span><\/span><\/li>\n<\/ul>\n<p><span style=\"line-height: 150%;\"><span style=\"line-height: 150%;\">T\u00f6\u00f6paketiga on seotud <\/span><\/span><a title=\"\" href=\"https:\/\/sisu.ut.ee\/mererita\/juhtkomisjon-0\" target=\"_blank\" rel=\"noopener\" data-url=\"https:\/\/sisu.ut.ee\/mererita\/juhtkomisjon-0\">k\u00f5ik projekti partnerid<\/a><span style=\"line-height: 150%;\"><span style=\"line-height: 150%;\">.<\/span><\/span><\/p>\n","protected":false},"excerpt":{"rendered":"<p>Projekti mereRITA elluviimiseks vajalikud tegevused on koondatud viieks teineteisega seotud t\u00f6\u00f6paketiks: 1. Projektijuhtimine (WP1) Projekti mereRITA juhib Tartu \u00dclikooli Eesti Mereinstituudi merebioloogia uurimisr\u00fchm. Projekti partneritest koosneva konsortsiumi tegevusi koordineerib mereinstituudi merebioloogia osakonna juhataja ja merebioloogia Georg Martin (PhD), projektijuhiks on &#8230;<\/p>\n","protected":false},"author":187,"featured_media":0,"parent":0,"menu_order":0,"comment_status":"closed","ping_status":"closed","template":"","meta":{"_acf_changed":false,"inline_featured_image":false,"footnotes":""},"class_list":["post-10","page","type-page","status-publish","hentry"],"acf":[],"_links":{"self":[{"href":"https:\/\/sisu.ut.ee\/mererita\/wp-json\/wp\/v2\/pages\/10","targetHints":{"allow":["GET"]}}],"collection":[{"href":"https:\/\/sisu.ut.ee\/mererita\/wp-json\/wp\/v2\/pages"}],"about":[{"href":"https:\/\/sisu.ut.ee\/mererita\/wp-json\/wp\/v2\/types\/page"}],"author":[{"embeddable":true,"href":"https:\/\/sisu.ut.ee\/mererita\/wp-json\/wp\/v2\/users\/187"}],"replies":[{"embeddable":true,"href":"https:\/\/sisu.ut.ee\/mererita\/wp-json\/wp\/v2\/comments?post=10"}],"version-history":[{"count":2,"href":"https:\/\/sisu.ut.ee\/mererita\/wp-json\/wp\/v2\/pages\/10\/revisions"}],"predecessor-version":[{"id":140,"href":"https:\/\/sisu.ut.ee\/mererita\/wp-json\/wp\/v2\/pages\/10\/revisions\/140"}],"wp:attachment":[{"href":"https:\/\/sisu.ut.ee\/mererita\/wp-json\/wp\/v2\/media?parent=10"}],"curies":[{"name":"wp","href":"https:\/\/api.w.org\/{rel}","templated":true}]}}