{"id":6,"date":"2024-04-04T02:50:32","date_gmt":"2024-04-03T23:50:32","guid":{"rendered":"https:\/\/sisu.ut.ee\/meditsiinieetika\/opik\/"},"modified":"2024-04-30T17:20:27","modified_gmt":"2024-04-30T14:20:27","slug":"opik","status":"publish","type":"page","link":"https:\/\/sisu.ut.ee\/meditsiinieetika\/opik\/","title":{"rendered":"\u00d5pik"},"content":{"rendered":"<p>Raamatu tr\u00fckiversioon ilmus septembris 2016 (vt <a href=\"https:\/\/shop.ut.ee\/pood\/meditsiinieetika\/\" target=\"_blank\" rel=\"noopener\">Tartu \u00dclikooli Kirjastuse kodulehelt<\/a>).<\/p>\n<p>Laadi alla \u00f5piku tasuta epub-versioon:<\/p>\n\n\n<div class=\"wp-block-group attached-files-group is-layout-constrained wp-block-group-is-layout-constrained\">\n<div class=\"wp-block-file\"><a id=\"wp-block-file--media-f2589d3f-a876-45e5-868f-e5a4d351655c\" href=\"https:\/\/sisu.ut.ee\/wp-content\/uploads\/sites\/176\/soosaar_meditsiinieetika_2016_9789949772148.epub\" target=\"_blank\" rel=\"noreferrer noopener\">soosaar_meditsiinieetika_2016_9789949772148.epub<\/a><\/div>\n<\/div>\n","protected":false},"excerpt":{"rendered":"<p>Raamatu tr\u00fckiversioon ilmus septembris 2016 (vt Tartu \u00dclikooli Kirjastuse kodulehelt). Laadi alla \u00f5piku tasuta epub-versioon:<\/p>\n","protected":false},"author":82,"featured_media":0,"parent":0,"menu_order":0,"comment_status":"closed","ping_status":"closed","template":"","meta":{"_acf_changed":false,"inline_featured_image":false,"footnotes":""},"class_list":["post-6","page","type-page","status-publish","hentry"],"acf":[],"_links":{"self":[{"href":"https:\/\/sisu.ut.ee\/meditsiinieetika\/wp-json\/wp\/v2\/pages\/6","targetHints":{"allow":["GET"]}}],"collection":[{"href":"https:\/\/sisu.ut.ee\/meditsiinieetika\/wp-json\/wp\/v2\/pages"}],"about":[{"href":"https:\/\/sisu.ut.ee\/meditsiinieetika\/wp-json\/wp\/v2\/types\/page"}],"author":[{"embeddable":true,"href":"https:\/\/sisu.ut.ee\/meditsiinieetika\/wp-json\/wp\/v2\/users\/82"}],"replies":[{"embeddable":true,"href":"https:\/\/sisu.ut.ee\/meditsiinieetika\/wp-json\/wp\/v2\/comments?post=6"}],"version-history":[{"count":4,"href":"https:\/\/sisu.ut.ee\/meditsiinieetika\/wp-json\/wp\/v2\/pages\/6\/revisions"}],"predecessor-version":[{"id":27,"href":"https:\/\/sisu.ut.ee\/meditsiinieetika\/wp-json\/wp\/v2\/pages\/6\/revisions\/27"}],"wp:attachment":[{"href":"https:\/\/sisu.ut.ee\/meditsiinieetika\/wp-json\/wp\/v2\/media?parent=6"}],"curies":[{"name":"wp","href":"https:\/\/api.w.org\/{rel}","templated":true}]}}