{"id":66,"date":"2024-04-04T01:55:42","date_gmt":"2024-04-03T22:55:42","guid":{"rendered":"https:\/\/sisu.ut.ee\/marek\/erik-puura-loeng\/"},"modified":"2024-04-04T01:57:24","modified_gmt":"2024-04-03T22:57:24","slug":"erik-puura-loeng","status":"publish","type":"page","link":"https:\/\/sisu.ut.ee\/marek\/erik-puura-loeng\/","title":{"rendered":"Erik Puura loeng"},"content":{"rendered":"<p>\n\t<strong><span style=\"font-size:20px\">Kas ja millal saab inimene hakkama maavarasid kaevandamata?<\/span><\/strong>\n<\/p>\n<p>\n\t<b>Aeg ja koht<\/b>: 10.mail 2019, kell 18:00-19:30 Tartu Loodusmajas (Lille 10)\n<\/p>\n<p>\n\t<strong>Korraldajad:\u00a0<\/strong>T\u00dc geoloogia osakond ja <a data-url=\"https:\/\/www.tartuloodusmaja.ee\/\" href=\"https:\/\/www.tartuloodusmaja.ee\/\" target=\"_blank\" title=\"\" rel=\"noopener\">Tartu Loodusmaja<\/a>\n<\/p>\n<hr>\n<p>\n\tErik tutvustab oma loengut ise nii: \u201cMaavarade kaevandamine on just Eestis v\u00e4ga emotsionaalne teema. Vanem p\u00f5lvkond m\u00e4letab\u00a0fosforiidis\u00f5da, veel praegu j\u00e4tkuv p\u00f5levkivi suuremahuline kaevandamine ja p\u00f5letamine aga\u00a0tekitab k\u00fcsimuse kogu maailmas, kas me kliimamuutusi ikka t\u00f5siselt v\u00f5tame.\n<\/p>\n<p>\n\tVaatame suurt pilti: kas ja millal saab inimene kogu maailmas ilma maavarade kaevandamiseta hakkama?\u00a0Mis saab Eestis, kas kaevandusi v\u00f5iks tulla pigem juurde v\u00f5i oleks aeg igasugune maap\u00f5uevarade kasutamine l\u00f5petada?\u201d\n<\/p>\n<p>\n\t<span style=\"font-size:13px\"><em><b>Erik Puura<\/b>\u00a0on eesti\u00a0geoloog,\u00a0keskkonnageoloogia ja h\u00fcdrogeokeemia valdkonnas,\u00a0ja keskkonnateadlane. Ta l\u00f5petas 1989. aastal\u00a0Tartu Riikliku \u00dclikooli\u00a0geoloogia erialal. Keskkonnakaitse MSc 1993, kaitstud\u00a0Manchesteri \u00dclikoolis, tehnikadoktor (Ph.D 1999 keemiatehnika erialal, kaitstud\u00a0Stockholmi Kuninglikus Tehnika\u00fclikoolis).\u00a02007. aastast on Puura olnud\u00a0Tartu \u00dclikooli tehnoloogiainstituudi\u00a0direktor, 2009. aastast Tartu \u00fclikooli ettev\u00f5tlussuhete ja innovatsiooni juht. Alates 1. septembrist 2012 on ta Tartu \u00dclikooli arendusprorektor.<\/em><\/span>\n<\/p>\n<p>\n\tLoeng on k\u00f5igile\u00a0<strong>TASUTA<\/strong>!\u00a0\n<\/p>\n<p>\n\t<strong>Lisainfo:<\/strong>\n<\/p>\n<p>\n\tKairi P\u00f5ldsaar<br>Tartu \u00dclikool<br><a href=\"mailto:kairi.poldsaar@ut.ee\">kairi.poldsaar@ut.ee<\/a><br>58330832\n<\/p>\n<p>\n\t<img loading=\"lazy\" decoding=\"async\" width=\"700\" height=\"700\" class=\"alignnone wp-image-119\" src=\"https:\/\/sisu.ut.ee\/wp-content\/uploads\/sites\/147\/ep.jpg\" title=\"Dr. Erik Puura\" alt=\"Dr. Erik Puura\" srcset=\"https:\/\/sisu.ut.ee\/wp-content\/uploads\/sites\/147\/ep.jpg 700w, https:\/\/sisu.ut.ee\/wp-content\/uploads\/sites\/147\/ep-300x300.jpg 300w, https:\/\/sisu.ut.ee\/wp-content\/uploads\/sites\/147\/ep-150x150.jpg 150w\" sizes=\"auto, (max-width: 700px) 100vw, 700px\"><\/p>\n","protected":false},"excerpt":{"rendered":"<p>Kas ja millal saab inimene hakkama maavarasid kaevandamata? Aeg ja koht: 10.mail 2019, kell 18:00-19:30 Tartu Loodusmajas (Lille 10) Korraldajad:\u00a0T\u00dc geoloogia osakond ja Tartu Loodusmaja Erik tutvustab oma loengut ise nii: \u201cMaavarade kaevandamine on just Eestis v\u00e4ga emotsionaalne teema. Vanem &#8230;<\/p>\n","protected":false},"author":69,"featured_media":0,"parent":0,"menu_order":0,"comment_status":"closed","ping_status":"closed","template":"","meta":{"_acf_changed":false,"inline_featured_image":false,"footnotes":""},"class_list":["post-66","page","type-page","status-publish","hentry"],"acf":[],"_links":{"self":[{"href":"https:\/\/sisu.ut.ee\/marek\/wp-json\/wp\/v2\/pages\/66","targetHints":{"allow":["GET"]}}],"collection":[{"href":"https:\/\/sisu.ut.ee\/marek\/wp-json\/wp\/v2\/pages"}],"about":[{"href":"https:\/\/sisu.ut.ee\/marek\/wp-json\/wp\/v2\/types\/page"}],"author":[{"embeddable":true,"href":"https:\/\/sisu.ut.ee\/marek\/wp-json\/wp\/v2\/users\/69"}],"replies":[{"embeddable":true,"href":"https:\/\/sisu.ut.ee\/marek\/wp-json\/wp\/v2\/comments?post=66"}],"version-history":[{"count":1,"href":"https:\/\/sisu.ut.ee\/marek\/wp-json\/wp\/v2\/pages\/66\/revisions"}],"predecessor-version":[{"id":321,"href":"https:\/\/sisu.ut.ee\/marek\/wp-json\/wp\/v2\/pages\/66\/revisions\/321"}],"wp:attachment":[{"href":"https:\/\/sisu.ut.ee\/marek\/wp-json\/wp\/v2\/media?parent=66"}],"curies":[{"name":"wp","href":"https:\/\/api.w.org\/{rel}","templated":true}]}}