{"id":17,"date":"2024-04-04T01:55:39","date_gmt":"2024-04-03T22:55:39","guid":{"rendered":"https:\/\/sisu.ut.ee\/marek\/keskkond_tervis\/"},"modified":"2024-04-04T01:57:25","modified_gmt":"2024-04-03T22:57:25","slug":"keskkond_tervis","status":"publish","type":"page","link":"https:\/\/sisu.ut.ee\/marek\/keskkond_tervis\/","title":{"rendered":"KESKKOND JA TERVIS"},"content":{"rendered":"<p style=\"text-align: justify\">\n\tInimtegevusega (nt. kaevandamise ja t\u00f6\u00f6stusega) muudetud keskkonnad on olulised inimeste tervise ja nende heaolu m\u00f5jutajaid. Tegeleme pinna-ja p\u00f5hjavee uuringutega, kus prognoosime ja hindame inimtegevuse m\u00f5jusid pinna- ja p\u00f5hjavee d\u00fcnaamikale, ning potentsiaalset m\u00f5ju vee kvaliteedile. Teostame kaevandus-ja t\u00f6\u00f6stusj\u00e4\u00e4tmete uuringuid, et\u00a0 v\u00e4lja selgitada nende ladestumisest tulenevaid keskkonnam\u00f5jusid ja prognoosida nende m\u00f5jude pikaajalisi muutusi. Omame kompetentsi kaevanduste- ja karj\u00e4\u00e4rialade korrastamise alal ja teostame uuringuid selgitamaks maap\u00f5ueressursside kaevandamisega kaasnevaid sotsioloogilisi m\u00f5jusid ning hoiakuid selle tegevuse kohta \u00fchiskonnas.\u00a0\n<\/p>\n<p>\n\t\u00a0\n<\/p>\n<p>\n\t\u00a0\n<\/p>\n<p>\n\t<strong style=\"color: #800000\">Pinna- ja p\u00f5hjavee uuringud<\/strong>\n<\/p>\n<p style=\"text-align: justify\">\n\t<span data-mce-mark=\"1\" style=\"color: #4b4b4b\">Omame h\u00fcdrogeoloogiliste t\u00f6\u00f6de l\u00e4biviimise luba ja kompetentsi hindamaks ja prognoosimaks inimtegevuse m\u00f5ju, olgu see siis kaevanduste, karj\u00e4\u00e4ride, mastaapsemate v\u00f5i v\u00e4iksemate infrastruktuuriobjektide rajamisega kaasnevad potentsiaalsed m\u00f5jud pinna- ja p\u00f5hjavee d\u00fcnaamikale, vee kvaliteedile ja sellega kaasnevad keskkonnam\u00f5jud, nt soode v\u00f5i teiste m\u00e4rgalade veere\u017eiimi muutuste uuringud. <\/span>\n<\/p>\n<ul>\n<li>\n\t\t<span data-mce-mark=\"1\" style=\"color: #800000\"><strong>h\u00fcdrogeoloogilise re\u017eiimi modelleerimine<\/strong><\/span>\n\t<\/li>\n<\/ul>\n<p style=\"padding-left: 30px\">\n\t<strong>Kontakt<\/strong>: <a href=\"https:\/\/sisu.ut.ee\/marek\/inimesed\">Marko Kohv<\/a>\u00a0 marko.kohv(\u00e4t)ut.ee \u00a0 \u00a0\n<\/p>\n<ul>\n<li>\n\t\t<span data-mce-mark=\"1\" style=\"color: #800000\"><strong style=\"color: #800000\">pinna- ja p\u00f5hjavee keemiline koostis<\/strong><\/span>\n\t<\/li>\n<\/ul>\n<p style=\"padding-left: 30px\">\n\t<strong>Kontakt:<\/strong>\u00a0\u00a0<a href=\"https:\/\/sisu.ut.ee\/marek\/inimesed\">Enn Karro<\/a>\u00a0 enn.karro(\u00e4t)ut.ee \u00a0 \u00a0\u00a0\n<\/p>\n<p>\n\t\u00a0\n<\/p>\n<p>\n\t\u00a0\n<\/p>\n<p>\n\t<span data-mce-mark=\"1\" style=\"color: #800000\"><strong>Kaevandus- ja t\u00f6\u00f6stusj\u00e4\u00e4tmete uuringud<\/strong><\/span>\n<\/p>\n<p style=\"text-align: justify\">\n\t<span data-mce-mark=\"1\" style=\"color: #000000\">Teostame kaevandus ja t\u00f6\u00f6stusj\u00e4\u00e4tmete uuringuid. M\u00e4\u00e4rame Teie materjali keemilise ja mineraalse koostise, anname hinnangu selle keskkonnam\u00f5jude kohta ja aitame v\u00e4lja t\u00f6\u00f6tada sobilikke ja parimaid lahendusi j\u00e4\u00e4tmete taaskasutusse suunamisel uute kasutusvaldkondade leidmise kaudu v\u00f5i keskkonda arvestavate ja \u00f6konoomsete ladestustingimuste rajamisel.<strong> <\/strong><\/span>\n<\/p>\n<p>\n\t<strong>Kontakt: <\/strong><a href=\"https:\/\/sisu.ut.ee\/marek\/inimesed\">Kalle Kirsim\u00e4e<\/a>\u00a0 kalle.kirsimae(\u00e4t)ut.ee\n<\/p>\n<p>\n\t<strong style=\"color: #800000\">\u00a0<\/strong>\n<\/p>\n<p>\n\t<span data-mce-mark=\"1\" style=\"color: #800000\"><strong>Kaevandusalade korrastamine<\/strong><\/span>\n<\/p>\n<p style=\"text-align: justify\">\n\t<span data-mce-mark=\"1\" style=\"color: #4c4c4c\">N\u00f5ustame kaevandajaid ja omavalitsusi nutikate lahenduste v\u00e4ljat\u00f6\u00f6tamisel kaevandusalade korrastamise planeerimisel,\u00a0 mis arvestaksid lisaks ohutuse aspektile ka piirkonna erip\u00e4ra ja korrastatud ala sobivust \u00fcmbritsevasse maastikku.<\/span>\n<\/p>\n<p>\n\t<strong>Kontakt:\u00a0<\/strong>\u00a0<a href=\"https:\/\/sisu.ut.ee\/marek\/inimesed\">Alar Rosentau<\/a>\u00a0alar.rosentau(\u00e4t)ut.ee\n<\/p>\n<p>\n\t\u00a0\n<\/p>\n<p>\n\t<strong style=\"color: #800000\">Meditsiiniline geoloogia<\/strong>\n<\/p>\n<p style=\"text-align: justify\">\n\tGeoloogilise keskkonna ja geokeemiliste protsesside m\u00f5ju uuringud inimese tervisele. Hindame p\u00f5hjavees, pinnavees ja pinnases esinevatest toksilistest keemilistest elementidest ja nende \u00fchenditest tulenevaid terviseriske. T\u00f6\u00f6tame v\u00e4lja juhiseid elu- ja t\u00f6\u00f6keskkonna terviseriskide hindamiseks ja juhtimiseks.\n<\/p>\n<p>\n\t<strong>Kontakt:<\/strong> <a href=\"https:\/\/sisu.ut.ee\/marek\/inimesed\">Enn Karro<\/a> enn.karro(\u00e4t)ut.ee\n<\/p>\n<p>\n\t<strong>\u00a0<\/strong>\n<\/p>\n<p>\n\t<span data-mce-mark=\"1\" style=\"color: #800000\"><strong>Keskkonnasotsioloogia<\/strong><\/span>\n<\/p>\n<p style=\"text-align: justify\">\n\tVastuseis maavarade kaevandamisele on kompleksne sotsiaalne probleem. Selles m\u00e4ngib oma osa hirm v\u00f5imalike sotsiaalsete, keskkonna- ja terviseriskide ees. Need riskid v\u00f5ivad olla osalt reaalsed, aga osalt sotsiaalses suhtluses v\u00f5imendatud. Teisalt tekitab teadmatus, m\u00f5istmatus keeruliste keskkonnatehniliste protsesside osas inimestes ettevaatust. Ka tunne, et kohalikul kogukonnal pole kontrolli oma elupiirkonnas toimuva suhtes, ning usalduse puudumine arendajate ja otsustajate suhtes v\u00f5ivad olla takistuseks elanike m\u00f5istvale suhtumisele.\n<\/p>\n<p style=\"text-align: justify\">\n\t<span data-mce-mark=\"1\" style=\"color: #800000\"><span data-mce-mark=\"1\" style=\"color: #505050\">Sotsioloogilised anal\u00fc\u00fcsid v\u00f5imaldavad selgitada, millised on erinevad huvigrupid, nende arusaamad, hoiakud ja huvid, ning mil viisil leida nende huvigruppidega \u00fchine keel.\u00a0MAREKisse kaasatud sotsiaalteadlased aitavad leida \u00fchiseid arusaamu ja kompromissikohtasid maap\u00f5ueressursside planeerimisega tegelevate riigiasutuste ning kohalike omavalitsuste, kaevandamise huvigruppide ja kohalike kogukondade vahel. Koost\u00f6\u00f6 sotsioloogide ja kommunikatsiooniekspertidega v\u00f5imaldab pakkuda lahendusi arendusprojektide sotsiaalseks turunduseks riivamata kohalike, vabakonna v\u00f5i teiste huvipoolte \u00f5iglustunnet ja arvestades nende vajadusi.<\/span><\/span>\n<\/p>\n<p>\n\t<strong>Kontakt: <\/strong><a href=\"https:\/\/sisu.ut.ee\/marek\/inimesed\">Kati Orru\u00a0 <\/a>kati.orru(\u00e4t)ut.ee,\u00a0 <a href=\"https:\/\/sisu.ut.ee\/marek\/inimesed\">Alar Rosentau<\/a>\u00a0alar.rosentau(\u00e4t)ut.ee\n<\/p>\n<p>\n\t<a href=\"https:\/\/sisu.ut.ee\/marek\/kksotsioloogia_projektid\">\u00a0<\/a><\/p>\n","protected":false},"excerpt":{"rendered":"<p>Inimtegevusega (nt. kaevandamise ja t\u00f6\u00f6stusega) muudetud keskkonnad on olulised inimeste tervise ja nende heaolu m\u00f5jutajaid. Tegeleme pinna-ja p\u00f5hjavee uuringutega, kus prognoosime ja hindame inimtegevuse m\u00f5jusid pinna- ja p\u00f5hjavee d\u00fcnaamikale, ning potentsiaalset m\u00f5ju vee kvaliteedile. Teostame kaevandus-ja t\u00f6\u00f6stusj\u00e4\u00e4tmete uuringuid, et\u00a0 v\u00e4lja &#8230;<\/p>\n","protected":false},"author":69,"featured_media":0,"parent":0,"menu_order":0,"comment_status":"closed","ping_status":"closed","template":"","meta":{"_acf_changed":false,"inline_featured_image":false,"footnotes":""},"class_list":["post-17","page","type-page","status-publish","hentry"],"acf":[],"_links":{"self":[{"href":"https:\/\/sisu.ut.ee\/marek\/wp-json\/wp\/v2\/pages\/17","targetHints":{"allow":["GET"]}}],"collection":[{"href":"https:\/\/sisu.ut.ee\/marek\/wp-json\/wp\/v2\/pages"}],"about":[{"href":"https:\/\/sisu.ut.ee\/marek\/wp-json\/wp\/v2\/types\/page"}],"author":[{"embeddable":true,"href":"https:\/\/sisu.ut.ee\/marek\/wp-json\/wp\/v2\/users\/69"}],"replies":[{"embeddable":true,"href":"https:\/\/sisu.ut.ee\/marek\/wp-json\/wp\/v2\/comments?post=17"}],"version-history":[{"count":1,"href":"https:\/\/sisu.ut.ee\/marek\/wp-json\/wp\/v2\/pages\/17\/revisions"}],"predecessor-version":[{"id":368,"href":"https:\/\/sisu.ut.ee\/marek\/wp-json\/wp\/v2\/pages\/17\/revisions\/368"}],"wp:attachment":[{"href":"https:\/\/sisu.ut.ee\/marek\/wp-json\/wp\/v2\/media?parent=17"}],"curies":[{"name":"wp","href":"https:\/\/api.w.org\/{rel}","templated":true}]}}