{"id":12,"date":"2024-04-04T01:55:39","date_gmt":"2024-04-03T22:55:39","guid":{"rendered":"https:\/\/sisu.ut.ee\/marek\/jooksvad-projektid\/"},"modified":"2024-04-29T13:00:15","modified_gmt":"2024-04-29T10:00:15","slug":"jooksvad-projektid","status":"publish","type":"page","link":"https:\/\/sisu.ut.ee\/marek\/jooksvad-projektid\/","title":{"rendered":"JOOKSVAD PROJEKTID:"},"content":{"rendered":"<ul>\n<li><span id=\"cWFQ_5\" class=\"z-label\">Ida-Virumaa tahkete t\u00f6\u00f6stusj\u00e4\u00e4tmete levik, omadused ja taaskasutuse v\u00f5imalused, 1 026 112 EUR<\/span><\/li>\n<li><span id=\"aYHQ_5\" class=\"z-label\">Ida-Virumaa mineraalsete j\u00e4\u00e4tmete v\u00e4\u00e4rindamise tehnoloogiad<\/span>, 1 331 968 EUR<\/li>\n<li><span id=\"aYHQ_5\" class=\"z-label\">Innovatsioon betooni valmistamisel ohtlike j\u00e4\u00e4tmete k\u00e4itlemise rakendustes, 239 243 EUR<\/span><\/li>\n<li><span id=\"aYHQ_5\" class=\"z-label\">M\u00e4rgalade taastamine kui lahendus s\u00fcsiniku sidumiseks, l\u00f5imides inimtegevust elurikkusega<\/span>, juhtpartner University College Dublin, 2 111 406,25 EUR<\/li>\n<li><span id=\"aYHQ_5\" class=\"z-label\">Rail Baltica m\u00f5jualasse j\u00e4\u00e4vatel rabadel (M\u00e4nniku, R\u00e4\u00e4ma, L\u00f5o) seiretegevuste l\u00e4biviimine<\/span>, 45 500 EUR<\/li>\n<li><span id=\"aYHQ_5\" class=\"z-label\">Geotermaalenergia-alane n\u00f5ustamine<\/span>, 21 000EUR<\/li>\n<li><span id=\"aYHQ_5\" class=\"z-label\">H\u00fcdrogeoloogiline uuring Pandivere ja Adavere-P\u00f5ltsamaa nitraaditundlikul alal<\/span>, 45 000 EUR<\/li>\n<li><span id=\"aYHQ_5\" class=\"z-label\">Riigitee 2 (E263) Tallinn-Tartu-V\u00f5ru-Luhamaa km 84,6-107,0 M\u00e4o-Imavere l\u00f5igu 2+2 maantee p\u00f5hiprojekti koostamine \u2013 maaradari uuringud, 7600 EUR <\/span><\/li>\n<\/ul>\n","protected":false},"excerpt":{"rendered":"<p>Ida-Virumaa tahkete t\u00f6\u00f6stusj\u00e4\u00e4tmete levik, omadused ja taaskasutuse v\u00f5imalused, 1 026 112 EUR Ida-Virumaa mineraalsete j\u00e4\u00e4tmete v\u00e4\u00e4rindamise tehnoloogiad, 1 331 968 EUR Innovatsioon betooni valmistamisel ohtlike j\u00e4\u00e4tmete k\u00e4itlemise rakendustes, 239 243 EUR M\u00e4rgalade taastamine kui lahendus s\u00fcsiniku sidumiseks, l\u00f5imides inimtegevust elurikkusega, &#8230;<\/p>\n","protected":false},"author":69,"featured_media":0,"parent":0,"menu_order":0,"comment_status":"closed","ping_status":"closed","template":"","meta":{"_acf_changed":false,"inline_featured_image":false,"footnotes":""},"class_list":["post-12","page","type-page","status-publish","hentry"],"acf":[],"_links":{"self":[{"href":"https:\/\/sisu.ut.ee\/marek\/wp-json\/wp\/v2\/pages\/12","targetHints":{"allow":["GET"]}}],"collection":[{"href":"https:\/\/sisu.ut.ee\/marek\/wp-json\/wp\/v2\/pages"}],"about":[{"href":"https:\/\/sisu.ut.ee\/marek\/wp-json\/wp\/v2\/types\/page"}],"author":[{"embeddable":true,"href":"https:\/\/sisu.ut.ee\/marek\/wp-json\/wp\/v2\/users\/69"}],"replies":[{"embeddable":true,"href":"https:\/\/sisu.ut.ee\/marek\/wp-json\/wp\/v2\/comments?post=12"}],"version-history":[{"count":2,"href":"https:\/\/sisu.ut.ee\/marek\/wp-json\/wp\/v2\/pages\/12\/revisions"}],"predecessor-version":[{"id":399,"href":"https:\/\/sisu.ut.ee\/marek\/wp-json\/wp\/v2\/pages\/12\/revisions\/399"}],"wp:attachment":[{"href":"https:\/\/sisu.ut.ee\/marek\/wp-json\/wp\/v2\/media?parent=12"}],"curies":[{"name":"wp","href":"https:\/\/api.w.org\/{rel}","templated":true}]}}