{"id":7,"date":"2024-04-04T08:58:45","date_gmt":"2024-04-04T05:58:45","guid":{"rendered":"https:\/\/sisu.ut.ee\/makingidentitycount\/et\/"},"modified":"2026-02-26T15:29:29","modified_gmt":"2026-02-26T13:29:29","slug":"et","status":"publish","type":"page","link":"https:\/\/sisu.ut.ee\/makingidentitycount\/et\/?lang=et","title":{"rendered":"Avaleht"},"content":{"rendered":"<h2>Rahvuslik identiteet ja Eesti-Venemaa suhted: pikiuuring eliitide ja masside diskursuste kohta<\/h2>\n<p style=\"text-align: justify;\">Sotsiaalteaduste konstruktivistlikule k\u00e4sitlusele on Venemaa ja Balti riikide omavahelised suhted aga ka venekeelsete kogukondade positsioon Baltimaades olnud oluliseks proovikiviks. Senised tulemused n\u00e4itavad, et identiteedipoliitika on oluliselt m\u00f5jutanud nii riikidevahelise suhtluse kui ka \u00fchiskonna l\u00f5imumise ja diferentseerumise keerukaid mustreid. Kuna olemasolevad uuringud k\u00e4sitlevad eliitide rahvusliku identiteedi diskursusi, on meie projekti eesm\u00e4rk luua ulatuslik interpreteeriv andmestik, mis h\u00f5lmab \u00fchiskondlikke diskursusi ka rohujuure tasandil. Projekt on osa globaalsest v\u00f5rgustikust \u201eMaking Identity Count\u201c (<a href=\"http:\/\/www.makingidentitycount.com\/estonia\">Estonia \u2014 Making Identity Count | Home<\/a>), mis esialgselt h\u00f5lmas ainult suurriike. Eesti kohta k\u00e4iva andmebaasi loomise ja olemasoleva Venemaa andmestiku laiendamise tulemusel saab uurimisr\u00fchm anda uue hinnangu Eesti identiteedimaastiku arenemisele, tuginedes identiteedidiskursuste v\u00f5rdlevatele anal\u00fc\u00fcsidele l\u00e4bi aja. See v\u00f5imaldab selgitada asjaolusid, mille korral \u00fchiskondlikult juurdunud rahvuslik identiteet v\u00f5ib m\u00f5jutada poliitikat, ja seda saab kasutada poliitikakujundamisel ning riskianal\u00fc\u00fcsiks.<\/p>\n<p><strong>V\u00f5tmes\u00f5nad<\/strong>: rahvuslik identiteet, Eesti, Venemaa, diskursusanal\u00fc\u00fcs, \u00fchiskondlikud diskursused<\/p>\n<p style=\"text-align: center;\"><i>Projekti finantseerib Eesti Teadusagentuur (PRG 1052)<\/i><\/p>\n","protected":false},"excerpt":{"rendered":"<p>Rahvuslik identiteet ja Eesti-Venemaa suhted: pikiuuring eliitide ja masside diskursuste kohta Sotsiaalteaduste konstruktivistlikule k\u00e4sitlusele on Venemaa ja Balti riikide omavahelised suhted aga ka venekeelsete kogukondade positsioon Baltimaades olnud oluliseks proovikiviks. Senised tulemused n\u00e4itavad, et identiteedipoliitika on oluliselt m\u00f5jutanud nii riikidevahelise &#8230;<\/p>\n","protected":false},"author":322,"featured_media":0,"parent":0,"menu_order":0,"comment_status":"closed","ping_status":"closed","template":"","meta":{"_acf_changed":false,"inline_featured_image":false,"footnotes":""},"class_list":["post-7","page","type-page","status-publish","hentry"],"acf":[],"_links":{"self":[{"href":"https:\/\/sisu.ut.ee\/makingidentitycount\/wp-json\/wp\/v2\/pages\/7","targetHints":{"allow":["GET"]}}],"collection":[{"href":"https:\/\/sisu.ut.ee\/makingidentitycount\/wp-json\/wp\/v2\/pages"}],"about":[{"href":"https:\/\/sisu.ut.ee\/makingidentitycount\/wp-json\/wp\/v2\/types\/page"}],"author":[{"embeddable":true,"href":"https:\/\/sisu.ut.ee\/makingidentitycount\/wp-json\/wp\/v2\/users\/322"}],"replies":[{"embeddable":true,"href":"https:\/\/sisu.ut.ee\/makingidentitycount\/wp-json\/wp\/v2\/comments?post=7"}],"version-history":[{"count":2,"href":"https:\/\/sisu.ut.ee\/makingidentitycount\/wp-json\/wp\/v2\/pages\/7\/revisions"}],"predecessor-version":[{"id":407,"href":"https:\/\/sisu.ut.ee\/makingidentitycount\/wp-json\/wp\/v2\/pages\/7\/revisions\/407"}],"wp:attachment":[{"href":"https:\/\/sisu.ut.ee\/makingidentitycount\/wp-json\/wp\/v2\/media?parent=7"}],"curies":[{"name":"wp","href":"https:\/\/api.w.org\/{rel}","templated":true}]}}