{"id":13,"date":"2024-04-03T23:20:46","date_gmt":"2024-04-03T20:20:46","guid":{"rendered":"https:\/\/sisu.ut.ee\/majutus\/aruandlus-planeerimine-ja-kontroll\/"},"modified":"2024-04-03T23:20:48","modified_gmt":"2024-04-03T20:20:48","slug":"aruandlus-planeerimine-ja-kontroll","status":"publish","type":"page","link":"https:\/\/sisu.ut.ee\/majutus\/aruandlus-planeerimine-ja-kontroll\/","title":{"rendered":"Aruandlus, planeerimine ja kontroll"},"content":{"rendered":"<p>Eelnevalt k\u00e4sitlesime majutusettev\u00f5tte v\u00e4lis- ja sisekliendiga seotud t\u00f6\u00f6protsesse. Majutusettev\u00f5tte juhil tuleb lisaks tegeleda mitmete \u00fclesannetega, mis on samuti osa t\u00f6\u00f6korraldusest:<\/p>\n<table class=\"table table-hover\" border=\"0\">\n<tbody>\n<tr>\n<td>\n<ul>\n<li>lepingute s\u00f5lmimine tarnijatega v\u00f5i nende uuendamine;<\/li>\n<li>laotoimingud \u2013 kauba tellimine, inventuuri tegemine:<\/li>\n<li>taara- ja j\u00e4\u00e4tmemajanduse korraldamine;<\/li>\n<li>t\u00f6\u00f6- ja puhkeaja jaarvestus, puhkuste planeerimine;<\/li>\n<li>majutusstatistika koostamine Eesti Statistikaametile;<\/li>\n<li>majutusettev\u00f5tte majandustegevuse anal\u00fc\u00fcs, statistiliste n\u00e4itajate anal\u00fc\u00fcs;<\/li>\n<li>teeninduskvaliteedi kontroll, hindamine ja parendustegevuste planeerimine;<\/li>\n<li>k\u00fclastajate rahulolu uuringu l\u00e4biiimine, anal\u00fc\u00fcsimine, edasise tegevuskava koostamine;<\/li>\n<li>personali koolituste planeerimine, l\u00e4biviimine;<\/li>\n<li>majutusettev\u00f5tte eelarve koostamine;<\/li>\n<li>turundusplaani koostamine;<\/li>\n<li>k\u00e4ibejuhtimise strateegia koostamine;<\/li>\n<li>hooldusremondi planeerimine, tehnoloogiliste uuenduste sisseviimine\u00a0jms investeeringud.<\/li>\n<\/ul>\n<p>\u00a0<\/p>\n<\/td>\n<td>\n<p><img loading=\"lazy\" decoding=\"async\" width=\"279\" height=\"395\" class=\"alignnone wp-image-17\" src=\"https:\/\/sisu.ut.ee\/wp-content\/uploads\/sites\/81\/2.3._ankeet.jpg\" title=\"2.3._ankeet.jpg\" alt=\"Uuringuankeet\" srcset=\"https:\/\/sisu.ut.ee\/wp-content\/uploads\/sites\/81\/2.3._ankeet.jpg 279w, https:\/\/sisu.ut.ee\/wp-content\/uploads\/sites\/81\/2.3._ankeet-212x300.jpg 212w\" sizes=\"auto, (max-width: 279px) 100vw, 279px\"><\/p>\n<p>Pildil: Hotellitoas ootab k\u00fclastajat rahuloluuringu ankeet (Allikas: autori erakogu)<\/p>\n<\/td>\n<\/tr>\n<\/tbody>\n<\/table>\n<p>Eeltoodud loetelu ei ole l\u00f5plik, kuid annab \u00fcsna hea \u00fclevaate, millega igap\u00e4evaselt majutusettev\u00f5ttes tegeletakse.\u00a0<\/p>\n","protected":false},"excerpt":{"rendered":"<p>Eelnevalt k\u00e4sitlesime majutusettev\u00f5tte v\u00e4lis- ja sisekliendiga seotud t\u00f6\u00f6protsesse. Majutusettev\u00f5tte juhil tuleb lisaks tegeleda mitmete \u00fclesannetega, mis on samuti osa t\u00f6\u00f6korraldusest: lepingute s\u00f5lmimine tarnijatega v\u00f5i nende uuendamine; laotoimingud \u2013 kauba tellimine, inventuuri tegemine: taara- ja j\u00e4\u00e4tmemajanduse korraldamine; t\u00f6\u00f6- ja puhkeaja jaarvestus, &#8230;<\/p>\n","protected":false},"author":23,"featured_media":0,"parent":0,"menu_order":0,"comment_status":"closed","ping_status":"closed","template":"","meta":{"_acf_changed":false,"inline_featured_image":false,"footnotes":""},"class_list":["post-13","page","type-page","status-publish","hentry"],"acf":[],"_links":{"self":[{"href":"https:\/\/sisu.ut.ee\/majutus\/wp-json\/wp\/v2\/pages\/13","targetHints":{"allow":["GET"]}}],"collection":[{"href":"https:\/\/sisu.ut.ee\/majutus\/wp-json\/wp\/v2\/pages"}],"about":[{"href":"https:\/\/sisu.ut.ee\/majutus\/wp-json\/wp\/v2\/types\/page"}],"author":[{"embeddable":true,"href":"https:\/\/sisu.ut.ee\/majutus\/wp-json\/wp\/v2\/users\/23"}],"replies":[{"embeddable":true,"href":"https:\/\/sisu.ut.ee\/majutus\/wp-json\/wp\/v2\/comments?post=13"}],"version-history":[{"count":1,"href":"https:\/\/sisu.ut.ee\/majutus\/wp-json\/wp\/v2\/pages\/13\/revisions"}],"predecessor-version":[{"id":38,"href":"https:\/\/sisu.ut.ee\/majutus\/wp-json\/wp\/v2\/pages\/13\/revisions\/38"}],"wp:attachment":[{"href":"https:\/\/sisu.ut.ee\/majutus\/wp-json\/wp\/v2\/media?parent=13"}],"curies":[{"name":"wp","href":"https:\/\/api.w.org\/{rel}","templated":true}]}}