{"id":18,"date":"2024-04-04T06:13:16","date_gmt":"2024-04-04T03:13:16","guid":{"rendered":"https:\/\/sisu.ut.ee\/maavarad\/polevkivi\/"},"modified":"2024-04-04T06:13:31","modified_gmt":"2024-04-04T03:13:31","slug":"polevkivi","status":"publish","type":"page","link":"https:\/\/sisu.ut.ee\/maavarad\/polevkivi\/","title":{"rendered":"P\u00f5levkivi"},"content":{"rendered":"<table class=\"table table-hover\">\n<tbody>\n<tr>\n<td>\n<p>\n\t\t\t\t\tP\u00f5levkivi ehk kukersiit on l\u00e4bi aegade olnud Eesti olulisemaks maavaraks.\n\t\t\t\t<\/p>\n<p>\n\t\t\t\t\tKukersiit on Ordoviitsiumi madalmeres kuhjunud orgaaniline sete, olemuselt t\u00fc\u00fcpiline settekivim, mis koosneb umbes 50% ulatuses p\u00f5levast fossiliseerunud orgaanilisest ainest ja savi- ning lubiaine lisandist. Orgaanilist ainet (kerogeeni) on temas 15-70%. Kerogeeniga on seotud kukersiidi kui p\u00f5leva maavara omadused ja kvaliteet. Selle orgaanilise aine l\u00e4hteallikaks olid meres massiliselt elutsenud sinivetikad (ts\u00fcanobakterid)\u00a0<i>Gloecapsamorpha prisca<\/i>\u00a0Zalessky. Lubiainesest mineraalosa on p\u00f5hiliselt tekkinud meres elanud organismide lubikodadest ja nende purunenud kildudest. P\u00f5levkivi k\u00fcttev\u00e4\u00e4rtus on v\u00e4hemalt 6,1 MJ\/kg (1450 kcal\/kg).\n\t\t\t\t<\/p>\n<p>\n\t\t\t\t\tPole teada, kes ja kuidas avastas Eestis p\u00f5levkivi; esimesed kirjalikud teated on p\u00e4rit aastast 1777 (A. W. Hupel).\n\t\t\t\t<\/p>\n<p>\n\t\t\t\t\tKaevandamine algas Ida-Virumaal, kui avati karj\u00e4\u00e4rid Pavandus (1918) ja L\u00e4\u00e4ne-Virumaal Vanam\u00f5isas (1919) ning kaevandused Kukrusel (1920) ja Kivi\u00f5lis (1922). Esialgu kasutati p\u00f5levkivi vaid tahke k\u00fctusena tsemendit\u00f6\u00f6stuses, vedurite ja majapidamiste k\u00fctteks. P\u00f5levkivi esimene t\u00f6\u00f6stuslik suurtarbija oli 1920. aastatel Kunda tsemendit\u00f6\u00f6stus, mille p\u00f6\u00f6rdahjud viidi 1921 aastal t\u00e4ielikult \u00fcle p\u00f5levkivik\u00fcttele. Esimene t\u00f6\u00f6stuslikus mahus p\u00f5levkivi\u00f5li tootev tehas rajati 1924. aastal Kohtla-J\u00e4rvele. P\u00f5levkivit\u00f6\u00f6stuse peamisteks toodeteks oli k\u00fctte\u00f5li, immutus\u00f5li ja madalamargiline autobensiin, k\u00f5rvalproduktina toodeti ka gaasi.\n\t\t\t\t<\/p>\n<p>\n\t\t\t\t\tT\u00e4htis etapp p\u00f5levkivienergeetika ajaloos algas 1924. aastal, mil p\u00f5levkiviga hakati k\u00fctma Tallinna soojuselektrijaama. Seda loetaksegi Eesti p\u00f5levkivienergeetika algusaastaks.\n\t\t\t\t<\/p>\n<p>\n\t\t\t\t\tEristatakse Eesti p\u00f5levkivimaardlat ja Tapa p\u00f5levkivi leiukohta, kaevandatakse aga ainult Eesti maardlas, mida loetakse ka \u00fcleriigilise t\u00e4htsusega maardlaks. Tapa maardla p\u00f5levkivi suhteliselt paksud kihid on halva kvaliteediga ja lasuvad s\u00fcgaval. P\u00f5levkivi moodustab pidevaid kihte Kirde-Eesti ja naabruses asuva Vene F\u00f6deratsiooni Leningradi oblasti alusp\u00f5hja Kukruse lademes, mis kuulub \u00fclem-Ordoviitsiumisse.\n\t\t\t\t<\/p>\n<p>\n\t\t\t\t\t<img loading=\"lazy\" decoding=\"async\" width=\"488\" height=\"235\" class=\"alignnone wp-image-108\" src=\"https:\/\/sisu.ut.ee\/wp-content\/uploads\/sites\/433\/polevkivi_maardlad.jpg\" title=\"polevkivi_maardlad.jpg\" alt=\"maardlad\" srcset=\"https:\/\/sisu.ut.ee\/wp-content\/uploads\/sites\/433\/polevkivi_maardlad.jpg 488w, https:\/\/sisu.ut.ee\/wp-content\/uploads\/sites\/433\/polevkivi_maardlad-300x144.jpg 300w\" sizes=\"auto, (max-width: 488px) 100vw, 488px\">\n\t\t\t\t<\/p>\n<p>\n\t\t\t\t\tEesti p\u00f5levkivimaardla tootsa kihindi moodustavad Kukruse lademe Kivi\u00f5li kihistiku alumise osa 7 kukersiidikihti (A-F<sub>1<\/sub>) ja nende vahel olevad 6 pae vahekihti. Tootsa kihindi paksus on maardla p\u00f5hja- ja idaosas 2,7 \u2013 2,9 m ning v\u00e4heneb l\u00f5una ja l\u00e4\u00e4ne suunas.\n\t\t\t\t<\/p>\n<p>\n\t\t\t\t\t<img loading=\"lazy\" decoding=\"async\" width=\"520\" height=\"367\" class=\"alignnone wp-image-109\" src=\"https:\/\/sisu.ut.ee\/wp-content\/uploads\/sites\/433\/tootus1a.jpg\" title=\"tootus1a.jpg\" alt=\"tootus1.a\" srcset=\"https:\/\/sisu.ut.ee\/wp-content\/uploads\/sites\/433\/tootus1a.jpg 520w, https:\/\/sisu.ut.ee\/wp-content\/uploads\/sites\/433\/tootus1a-300x212.jpg 300w\" sizes=\"auto, (max-width: 520px) 100vw, 520px\">\n\t\t\t\t<\/p>\n<p>\n\t\t\t\t\t<b>P\u00f5levkivi tootsa kihindi ehitus. Viivikonna kihistu kuulub Kukruse lademesse.<\/b>\n\t\t\t\t<\/p>\n<p>\n\t\t\t\t\t<br><img loading=\"lazy\" decoding=\"async\" width=\"1000\" height=\"750\" class=\"alignnone wp-image-110\" src=\"https:\/\/sisu.ut.ee\/wp-content\/uploads\/sites\/433\/tootus2.jpg\" title=\"tootus2.jpg\" alt=\"tootus2\" srcset=\"https:\/\/sisu.ut.ee\/wp-content\/uploads\/sites\/433\/tootus2.jpg 1000w, https:\/\/sisu.ut.ee\/wp-content\/uploads\/sites\/433\/tootus2-300x225.jpg 300w, https:\/\/sisu.ut.ee\/wp-content\/uploads\/sites\/433\/tootus2-768x576.jpg 768w\" sizes=\"auto, (max-width: 1000px) 100vw, 1000px\">\n\t\t\t\t<\/p>\n<p>\n\t\t\t\t\t<b>Tootus kiht Kohtla-N\u00f5mme kaevanduses (t\u00fchised foto vasakus servas)<\/b>\n\t\t\t\t<\/p>\n<p>\n\t\t\t\t\t\u00a0<br><img loading=\"lazy\" decoding=\"async\" width=\"1000\" height=\"713\" class=\"alignnone wp-image-111\" src=\"https:\/\/sisu.ut.ee\/wp-content\/uploads\/sites\/433\/kohtla1.jpg\" title=\"kohtla1.jpg\" alt=\"kohtla1\" srcset=\"https:\/\/sisu.ut.ee\/wp-content\/uploads\/sites\/433\/kohtla1.jpg 1000w, https:\/\/sisu.ut.ee\/wp-content\/uploads\/sites\/433\/kohtla1-300x214.jpg 300w, https:\/\/sisu.ut.ee\/wp-content\/uploads\/sites\/433\/kohtla1-768x548.jpg 768w\" sizes=\"auto, (max-width: 1000px) 100vw, 1000px\">\n\t\t\t\t<\/p>\n<p>\n\t\t\t\t\t<b>P\u00f5levkivi tootmine Kohtlas 1921. aastal<\/b>\n\t\t\t\t<\/p>\n<p>\n\t\t\t\t\t\u00a0\n\t\t\t\t<\/p>\n<p>\n\t\t\t\t\tSuuremateks p\u00f5levkivi tarbijateks on soojuselektrijaamad, kus kasutatakse 80-82% kaevandatavast p\u00f5levkivist, keemiat\u00f6\u00f6stus (15-17%) ja tsemendit\u00f6\u00f6stus (2-3%). Ida-Viru suured elektrijaamad katavad valdava osa Eesti riigi elektrienergia vajadusest. Mineraalaine suure sisalduse t\u00f5ttu pole p\u00f5levkivi transport kaevandamiskohast kaugele \u00f5igustatud. Seep\u00e4rast asuvadki k\u00f5ik tarbijad kaevanduste l\u00e4hedal.\n\t\t\t\t<\/p>\n<p>\n\t\t\t\t\tPealmaakaevandamine toimub Aidu, Narva, Vanak\u00fcla, P\u00f5hja-Kivi\u00f5li ja Ubja karj\u00e4\u00e4rides. Praegu olemasolevate paljandusmasinate park v\u00f5imaldab tasuvalt p\u00f5levkivi kaevandada kuni 30 m s\u00fcgavuselt. Allmaakaevandamine toimub p\u00f5levkivimaardla osas, mis asub J\u00f5hvist l\u00f5una pool ja kus kihindi lebamiss\u00fcgavus on 40-70 m piirides. Siin toodetakse p\u00f5levkivi Estonia ja Viru kaevandustes. Kokku toodeti 2009. aastal p\u00f5levkivi 12 604 900 tonni (<a href=\"http:\/\/geoportaal.maaamet.ee\/est\/Andmed-ja-kaardid\/Geoloogilised-andmed\/Maardlad-p83.html\">Maa-amet<\/a>).\n\t\t\t\t<\/p>\n<p>\n\t\t\t\t\tP\u00f5levkivi kasutamise riiklik arengukava 2008-2015\u00a0n\u00e4eb ette s\u00e4testada p\u00f5levkivivaru s\u00e4\u00e4stlikul kasutamisel kaevandamise piiriks kuni 20 miljonit tonni aastas. Prioriteetsena tuleb p\u00f5levkivi kasutada elektri ja p\u00f5levkivi\u00f5li tootmiseks riigisisese tarbimise katteks.\n\t\t\t\t<\/p>\n<p>\n\t\t\t\t\t\u00a0\n\t\t\t\t<\/p>\n<p>\t\t\t\t\t<img loading=\"lazy\" decoding=\"async\" width=\"309\" height=\"346\" class=\"alignnone wp-image-112\" src=\"https:\/\/sisu.ut.ee\/wp-content\/uploads\/sites\/433\/gloe1.jpg\" title=\"gloe1.jpg\" alt=\"gloe1\" srcset=\"https:\/\/sisu.ut.ee\/wp-content\/uploads\/sites\/433\/gloe1.jpg 309w, https:\/\/sisu.ut.ee\/wp-content\/uploads\/sites\/433\/gloe1-268x300.jpg 268w\" sizes=\"auto, (max-width: 309px) 100vw, 309px\"><\/p>\n<p>\n\t\t\t\t\t<b>Rakulise ehitusega vetika\u00a0<i>Gloecapsamorpha prisca<\/i>\u00a0koloonia (foto J. N\u00f5lvak)<\/b>\n\t\t\t\t<\/p>\n<p>\n\t\t\t\t\t\u00a0\n\t\t\t\t<\/p>\n<p>\n\t\t\t\t\t<img loading=\"lazy\" decoding=\"async\" width=\"1000\" height=\"593\" class=\"alignnone wp-image-113\" src=\"https:\/\/sisu.ut.ee\/wp-content\/uploads\/sites\/433\/p_kivi1.jpg\" title=\"p_kivi1.jpg\" alt=\"p_kivi1\" srcset=\"https:\/\/sisu.ut.ee\/wp-content\/uploads\/sites\/433\/p_kivi1.jpg 1000w, https:\/\/sisu.ut.ee\/wp-content\/uploads\/sites\/433\/p_kivi1-300x178.jpg 300w, https:\/\/sisu.ut.ee\/wp-content\/uploads\/sites\/433\/p_kivi1-768x455.jpg 768w\" sizes=\"auto, (max-width: 1000px) 100vw, 1000px\">\n\t\t\t\t<\/p>\n<p>\n\t\t\t\t\t<b>P\u00f5levkivi v\u00e4rvus varieerub kakaopruunist kollakaspruunini, ja on alati tumedam, kui lubjakivi<\/b>\n\t\t\t\t<\/p>\n<p>\n\t\t\t\t\t\u00a0\n\t\t\t\t<\/p>\n<p>\n\t\t\t\t\t<img loading=\"lazy\" decoding=\"async\" width=\"520\" height=\"475\" class=\"alignnone wp-image-114\" src=\"https:\/\/sisu.ut.ee\/wp-content\/uploads\/sites\/433\/p_kivi2a.jpg\" title=\"p_kivi2a.jpg\" alt=\"p_kivi2a\" srcset=\"https:\/\/sisu.ut.ee\/wp-content\/uploads\/sites\/433\/p_kivi2a.jpg 520w, https:\/\/sisu.ut.ee\/wp-content\/uploads\/sites\/433\/p_kivi2a-300x274.jpg 300w\" sizes=\"auto, (max-width: 520px) 100vw, 520px\">\n\t\t\t\t<\/p>\n<p>\n\t\t\t\t\t<b>Tihti n\u00e4eb p\u00f5levkivis v\u00e4ljasurnud organismide kivistisi<\/b>\n\t\t\t\t<\/p>\n<p>\n\t\t\t\t\t\u00a0\n\t\t\t\t<\/p>\n<p>\n\t\t\t\t\t<img loading=\"lazy\" decoding=\"async\" width=\"520\" height=\"390\" class=\"alignnone wp-image-115\" src=\"https:\/\/sisu.ut.ee\/wp-content\/uploads\/sites\/433\/kombain1a.jpg\" title=\"kombain1a.jpg\" alt=\"kombain1a\" srcset=\"https:\/\/sisu.ut.ee\/wp-content\/uploads\/sites\/433\/kombain1a.jpg 520w, https:\/\/sisu.ut.ee\/wp-content\/uploads\/sites\/433\/kombain1a-300x225.jpg 300w\" sizes=\"auto, (max-width: 520px) 100vw, 520px\">\n\t\t\t\t<\/p>\n<p>\n\t\t\t\t\t<b>P\u00f5levkivi kihiline v\u00e4ljamine p\u00f5levkivikombainiga Wirtgen 2500 P\u00f5hja-Kivi\u00f5li karj\u00e4\u00e4ris<\/b>\n\t\t\t\t<\/p>\n<p>\n\t\t\t\t\t\u00a0\n\t\t\t\t<\/p>\n<p>\n\t\t\t\t\t<img loading=\"lazy\" decoding=\"async\" width=\"520\" height=\"390\" class=\"alignnone wp-image-116\" src=\"https:\/\/sisu.ut.ee\/wp-content\/uploads\/sites\/433\/aidu1a.jpg\" title=\"aidu1a.jpg\" alt=\"aidu1a\" srcset=\"https:\/\/sisu.ut.ee\/wp-content\/uploads\/sites\/433\/aidu1a.jpg 520w, https:\/\/sisu.ut.ee\/wp-content\/uploads\/sites\/433\/aidu1a-300x225.jpg 300w\" sizes=\"auto, (max-width: 520px) 100vw, 520px\">\n\t\t\t\t<\/p>\n<p>\n\t\t\t\t\t<b>P\u00f5levkivi lahtine kaevandmaine Aidu karj\u00e4\u00e4ris<\/b>\n\t\t\t\t<\/p>\n<p>\n\t\t\t\t\t\u00a0\n\t\t\t\t<\/p>\n<p>\n\t\t\t\t\t<img loading=\"lazy\" decoding=\"async\" width=\"520\" height=\"390\" class=\"alignnone wp-image-117\" src=\"https:\/\/sisu.ut.ee\/wp-content\/uploads\/sites\/433\/aidu2a.jpg\" title=\"aidu2a.jpg\" alt=\"aidu2a\" srcset=\"https:\/\/sisu.ut.ee\/wp-content\/uploads\/sites\/433\/aidu2a.jpg 520w, https:\/\/sisu.ut.ee\/wp-content\/uploads\/sites\/433\/aidu2a-300x225.jpg 300w\" sizes=\"auto, (max-width: 520px) 100vw, 520px\">\n\t\t\t\t<\/p>\n<p>\n\t\t\t\t\t<b>Rekultiveeritud (metsastatud) Aidu karj\u00e4\u00e4ri endine tootmisala<\/b>\n\t\t\t\t<\/p>\n<p>\n\t\t\t\t\t<img loading=\"lazy\" decoding=\"async\" width=\"520\" height=\"390\" class=\"alignnone wp-image-118\" src=\"https:\/\/sisu.ut.ee\/wp-content\/uploads\/sites\/433\/rikastus1a.jpg\" title=\"rikastus1a.jpg\" alt=\"rikastus1a\" srcset=\"https:\/\/sisu.ut.ee\/wp-content\/uploads\/sites\/433\/rikastus1a.jpg 520w, https:\/\/sisu.ut.ee\/wp-content\/uploads\/sites\/433\/rikastus1a-300x225.jpg 300w\" sizes=\"auto, (max-width: 520px) 100vw, 520px\">\n\t\t\t\t<\/p>\n<p>\n\t\t\t\t\t\u00a0\n\t\t\t\t<\/p>\n<p>\n\t\t\t\t\t<b>Kohtla-N\u00f5mme kaevanduse endine rikastusvabrik<\/b>\n\t\t\t\t<\/p>\n<p>\n\t\t\t\t\tKohtla-N\u00f5mme kaevanduses l\u00f5petati 2002. aastal tootmine ja avati\u00a0<a href=\"http:\/\/www.kaevanduspark.ee\/\">Kohtla kaevanduspark-muuseum<\/a>).\n\t\t\t\t<\/p>\n<p>\n\t\t\t\t\t<img loading=\"lazy\" decoding=\"async\" width=\"520\" height=\"390\" class=\"alignnone wp-image-119\" src=\"https:\/\/sisu.ut.ee\/wp-content\/uploads\/sites\/433\/pyssi1a.jpg\" title=\"pyssi1a.jpg\" alt=\"pyssi1a\" srcset=\"https:\/\/sisu.ut.ee\/wp-content\/uploads\/sites\/433\/pyssi1a.jpg 520w, https:\/\/sisu.ut.ee\/wp-content\/uploads\/sites\/433\/pyssi1a-300x225.jpg 300w\" sizes=\"auto, (max-width: 520px) 100vw, 520px\">\n\t\t\t\t<\/p>\n<p>\n\t\t\t\t\t<b>P\u00fcssi j\u00f5ujaama tuham\u00e4ed, suurema suhteline k\u00f5rgus on 61 meetrit<\/b>\n\t\t\t\t<\/p>\n<p>\n\t\t\t\t\t<img loading=\"lazy\" decoding=\"async\" width=\"520\" height=\"389\" class=\"alignnone wp-image-120\" src=\"https:\/\/sisu.ut.ee\/wp-content\/uploads\/sites\/433\/kiviqli_tuham1a.jpg\" title=\"kiviqli_tuham1a.jpg\" alt=\"kiviolituha1\" srcset=\"https:\/\/sisu.ut.ee\/wp-content\/uploads\/sites\/433\/kiviqli_tuham1a.jpg 520w, https:\/\/sisu.ut.ee\/wp-content\/uploads\/sites\/433\/kiviqli_tuham1a-300x224.jpg 300w\" sizes=\"auto, (max-width: 520px) 100vw, 520px\">\n\t\t\t\t<\/p>\n<p>\n\t\t\t\t\t<b>Kivi\u00f5li keemiakombinaadi uuem tuham\u00e4gi<\/b>\n\t\t\t\t<\/p>\n<p>\n\t\t\t\t\t\u00a0\n\t\t\t\t<\/p>\n<p>\n\t\t\t\t\t<strong>Vaata videot maavarade tootmisest siit:\u00a0<\/strong><a data-url=\"https:\/\/www.uttv.ee\/naita?id=4909\" href=\"https:\/\/www.uttv.ee\/naita?id=4909\" target=\"_blank\" title=\"\" rel=\"noopener\">maavarad<\/a>\n\t\t\t\t<\/p>\n<\/td>\n<\/tr>\n<\/tbody>\n<\/table>\n","protected":false},"excerpt":{"rendered":"<p>P\u00f5levkivi ehk kukersiit on l\u00e4bi aegade olnud Eesti olulisemaks maavaraks. Kukersiit on Ordoviitsiumi madalmeres kuhjunud orgaaniline sete, olemuselt t\u00fc\u00fcpiline settekivim, mis koosneb umbes 50% ulatuses p\u00f5levast fossiliseerunud orgaanilisest ainest ja savi- ning lubiaine lisandist. Orgaanilist ainet (kerogeeni) on temas 15-70%. &#8230;<\/p>\n","protected":false},"author":226,"featured_media":0,"parent":0,"menu_order":0,"comment_status":"closed","ping_status":"closed","template":"","meta":{"_acf_changed":false,"inline_featured_image":false,"footnotes":""},"class_list":["post-18","page","type-page","status-publish","hentry"],"acf":[],"_links":{"self":[{"href":"https:\/\/sisu.ut.ee\/maavarad\/wp-json\/wp\/v2\/pages\/18","targetHints":{"allow":["GET"]}}],"collection":[{"href":"https:\/\/sisu.ut.ee\/maavarad\/wp-json\/wp\/v2\/pages"}],"about":[{"href":"https:\/\/sisu.ut.ee\/maavarad\/wp-json\/wp\/v2\/types\/page"}],"author":[{"embeddable":true,"href":"https:\/\/sisu.ut.ee\/maavarad\/wp-json\/wp\/v2\/users\/226"}],"replies":[{"embeddable":true,"href":"https:\/\/sisu.ut.ee\/maavarad\/wp-json\/wp\/v2\/comments?post=18"}],"version-history":[{"count":1,"href":"https:\/\/sisu.ut.ee\/maavarad\/wp-json\/wp\/v2\/pages\/18\/revisions"}],"predecessor-version":[{"id":154,"href":"https:\/\/sisu.ut.ee\/maavarad\/wp-json\/wp\/v2\/pages\/18\/revisions\/154"}],"wp:attachment":[{"href":"https:\/\/sisu.ut.ee\/maavarad\/wp-json\/wp\/v2\/media?parent=18"}],"curies":[{"name":"wp","href":"https:\/\/api.w.org\/{rel}","templated":true}]}}