{"id":9,"date":"2024-04-04T00:29:01","date_gmt":"2024-04-03T21:29:01","guid":{"rendered":"https:\/\/sisu.ut.ee\/loodusfestival\/lvm\/"},"modified":"2025-02-28T12:17:01","modified_gmt":"2025-02-28T10:17:01","slug":"lvm","status":"publish","type":"page","link":"https:\/\/sisu.ut.ee\/loodusfestival\/lvm\/","title":{"rendered":"Loodusvaatluste maraton"},"content":{"rendered":"<p><span style=\"color: #008000;\"><strong>7. juuni 12.00 kuni 8. juuni kell 12.00<\/strong><\/span><br>Avalike alade registreerimine ja toetuste taotlemine algas 21.02.2025. Toetuste taotlemine kestab kuni 31. m\u00e4rtsini, avalike alade registreerimine kuni 30. aprillini.<br>Eraalade registreerimine on avatud kuni 31. maini.<\/p>\n\n\n\n<p><a href=\"http:\/\/Elurikkus.ee\/lvm\" data-type=\"link\" data-id=\"Elurikkus.ee\/lvm\">eElurikkuse veebilehelt<\/a>, mis on Loodusvaatluste Maratoni ametlik koduleht, leiab rohkem tutvustavat infot, registreeritud alade nimekirja, olulised kuup\u00e4evad ning\u00a0liigim\u00e4\u00e4rajate soovitusi.<\/p>\n\n\n\n<div class=\"wp-block-buttons is-layout-flex wp-block-buttons-is-layout-flex\">\n<div class=\"wp-block-button\"><a class=\"wp-block-button__link wp-element-button\" href=\"https:\/\/elurikkus.ee\/lvm\" target=\"_blank\" rel=\"noreferrer noopener\">Loe edasi<\/a><\/div>\n\n\n\n<div class=\"wp-block-button\"><a class=\"wp-block-button__link wp-element-button\" href=\"https:\/\/elurikkus.ee\/lvm\/registreeritud-vaatlusalad-2024\" target=\"_blank\" rel=\"noreferrer noopener\">Ala registreerima<\/a><\/div>\n<\/div>\n\n\n\n<p>Loodusvaatluste maraton on Loodusloovusfestivali suurs\u00fcndmus, mille k\u00e4igus osalejad teevad 24 tunni jooksul vaatlusi eelnevalt registreeritud aladel, pannes kirja v\u00f5imalikult palju kohatud liike.<\/p>\n\n\n\n<p>Loodusvaatluste maratoni eeskujuks on rahvusvaheline vaatlusformaat <em>BioBlitz<\/em>: kindlas paigas tuvastatakse kindlal ajavahemikul nii palju looma-, taime- ja seeneliike kui v\u00f5imalik. <em>BioBlitz<\/em> kestab tavaliselt 24 tundi, et vaadelda elurikkuse avaldumise vorme kogu \u00f6\u00f6p\u00e4eva jooksul.\u00a0Vaatlused sisestatakse andmeportaali, kust need on avalikult k\u00e4ttesaadavad (v.a. I kategooria liigid).<\/p>\n\n\n\n<figure class=\"wp-block-pullquote\"><blockquote><p>Loodusvaatluste maraton on teaduslike andmete kogumise aktsioon, mille kaudu saab iga\u00fcks panustada teadusandmete kogumisse<\/p><\/blockquote><\/figure>\n\n\n\n<p>Lisaks pakuvad vaatlusalade korraldajad ning Loodusfestivali partnerid\u00a0loodushariduslikku sisu l\u00e4bi tegevuste, mis toimuvad maratonile eelneval ajal v\u00f5i avalikel aladel maratoni toimumise ajal.<\/p>\n\n\n\n<div class=\"wp-block-buttons is-layout-flex wp-block-buttons-is-layout-flex\">\n<div class=\"wp-block-button\"><a class=\"wp-block-button__link wp-element-button\" href=\"https:\/\/elurikkus.ee\/lvm\/registreeritud-vaatlusalad-2024\" target=\"_blank\" rel=\"noreferrer noopener\">Tutvu registreeritud aladega<\/a><\/div>\n<\/div>\n\n\n\n<div style=\"height:70px\" aria-hidden=\"true\" class=\"wp-block-spacer\"><\/div>\n\n\n\n<p><strong>Vaatlusi v\u00f5ib teha iga\u00fcks.<\/strong> Vaatluste tegemiseks peab olema registreeritud vaatlusala. Vaatlusala v\u00f5ib olla avalik, kuhu on oodatud k\u00f5ik huvilised, v\u00f5i privaatne. Vaatlusala v\u00f5ib registreerida nii asutus kui \u00fcksikisik. Vaatlusalaks sobib mis tahes suurusega ala koduaias, pargis, niidul, metsas v\u00f5i rannikul. Kes ise ala registreerida ei soovi, saab vaatlusi minna tegema endale sobivaimale avalikule alale.<\/p>\n\n\n\n<p><strong>Iga vaatlus on v\u00e4\u00e4rtuslik: <\/strong>nii tavalised kui haruldased liigid levivad, v\u00e4henevad v\u00f5i paljunevad ajas ning j\u00e4rjepideva j\u00e4lgimise kaudu saavad teadlased t\u00e4nu kogutud vaatlustele olulist infot. Iga huviline, kes aitab vaatlusi teha ning vaatlusi andmebaasi sisestada, panustab seel\u00e4bi teadusesse ja loodushoidu. Vaatluste tegemiseks ei pea tundma paljusid liike, sest kasutada v\u00f5ib m\u00e4\u00e4rajate abi ja vaatlusi saab teha koos juhendajatega.<\/p>\n\n\n\n<p><strong>Vaatluste sisestamiseks on kaks v\u00f5imalust:<\/strong> kasutada PlutoF GO nutirakendust v\u00f5i legulus.tools veebirakendust. K\u00f5ige lihtsam ja kiirem on vaatlusalal kasutada nutitelefonis olevat nutirakendust, mille abil saab kohapeal sisestada k\u00f5ik vajalikud andmed leitud liigi kohta ning lisada t\u00e4iendavalt foto v\u00f5i helisalvestuse.<\/p>\n\n\n\n<div class=\"wp-block-buttons is-layout-flex wp-block-buttons-is-layout-flex\">\n<div class=\"wp-block-button\"><a class=\"wp-block-button__link wp-element-button\" href=\"https:\/\/elurikkus.ee\/lvm\/juhendid\" target=\"_blank\" rel=\"noreferrer noopener\">Tutvu juhenditega<\/a><\/div>\n<\/div>\n\n\n\n<div style=\"height:70px\" aria-hidden=\"true\" class=\"wp-block-spacer\"><\/div>\n\n\n\n<p><strong>Selleks, et ka kooli\u00f5pilastel oleks v\u00f5imalus loodusvaatluste maratonist osa v\u00f5tta, korraldame 5. mai \u2013 6. juuni 2025 teist korda ka loodusvaatluste minimaratoni koolidele.<\/strong> Iga osalev kool saab luua oma vaatlusala ja valida sobivaima aja seal vaatluste tegemiseks. Vaatlusala v\u00f5ib asuda kooli territooriumil v\u00f5i muus looduslikus paigas. Soovi korral saab kaasa teha esmalt minimaratonil ja seej\u00e4rel 7.\u20138. juunil toimuval p\u00f5himaratonil.<\/p>\n\n\n\n<div class=\"wp-block-buttons is-layout-flex wp-block-buttons-is-layout-flex\">\n<div class=\"wp-block-button\"><a class=\"wp-block-button__link wp-element-button\" href=\"https:\/\/elurikkus.ee\/lvm\/minimaraton\" target=\"_blank\" rel=\"noreferrer noopener\">Loe edasi<\/a><\/div>\n<\/div>\n\n\n\n<div style=\"height:50px\" aria-hidden=\"true\" class=\"wp-block-spacer\"><\/div>\n\n\n\n<p><em>Loodusvaatluste maratoni korraldab Tartu \u00dclikooli loodusmuuseum ja botaanikaaed koost\u00f6\u00f6s loodusharidust edendavate asutuste ning vabatahtlikega.<\/em><\/p>\n\n\n\n<div style=\"height:30px\" aria-hidden=\"true\" class=\"wp-block-spacer\"><\/div>\n\n\n\n<p class=\"has-extra-large-font-size\"><strong>KONTAKT<\/strong><\/p>\n\n\n\n<div class=\"wp-block-columns is-layout-flex wp-container-core-columns-is-layout-9d6595d7 wp-block-columns-is-layout-flex\">\n<div class=\"wp-block-column is-layout-flow wp-block-column-is-layout-flow\"><div class=\"person-card border rounded p-2 pb-4 mb-4\">\n\t<div class=\"d-flex \">\n\t\t\t\t<div class=\"person-card__info\">\n\t\t\t\t\t\t\t<h3 class=\"h4 mb-2\">Margit Hirv<\/h3>\n\t\t\t\t\t\t\t\t\t\t<div class=\"mb-2\">\n\t\t\t\t\t<p>Loodusvaatluste maratoni alade ja minimaratoni koordinaator<br>\nLoodusloovusfestival<\/p>\n\n\t\t\t\t<\/div>\n\t\t\t\t\t\t\t\t\t\t\t\t\t<p class=\"mb-0\">+372 523 9736<\/p>\n\t\t\t\t\t\t\t\t\t\t<a href=\"mailto:margit.hirv@ut.ee\" class=\"mb-0\">margit.hirv@ut.ee<\/a>\n\t\t\t\t\t<\/div>\n\t<\/div>\n\t<\/div>\n<\/div>\n\n\n\n<div class=\"wp-block-column is-layout-flow wp-block-column-is-layout-flow\"><\/div>\n<\/div>\n","protected":false},"excerpt":{"rendered":"<p>7. juuni 12.00 kuni 8. juuni kell 12.00Avalike alade registreerimine ja toetuste taotlemine algas 21.02.2025. Toetuste taotlemine kestab kuni 31. m\u00e4rtsini, avalike alade registreerimine kuni 30. aprillini.Eraalade registreerimine on avatud kuni 31. maini. eElurikkuse veebilehelt, mis on Loodusvaatluste Maratoni ametlik &#8230;<\/p>\n","protected":false},"author":54,"featured_media":0,"parent":0,"menu_order":0,"comment_status":"closed","ping_status":"closed","template":"","meta":{"_acf_changed":false,"inline_featured_image":false,"footnotes":""},"class_list":["post-9","page","type-page","status-publish","hentry"],"acf":[],"_links":{"self":[{"href":"https:\/\/sisu.ut.ee\/loodusfestival\/wp-json\/wp\/v2\/pages\/9","targetHints":{"allow":["GET"]}}],"collection":[{"href":"https:\/\/sisu.ut.ee\/loodusfestival\/wp-json\/wp\/v2\/pages"}],"about":[{"href":"https:\/\/sisu.ut.ee\/loodusfestival\/wp-json\/wp\/v2\/types\/page"}],"author":[{"embeddable":true,"href":"https:\/\/sisu.ut.ee\/loodusfestival\/wp-json\/wp\/v2\/users\/54"}],"replies":[{"embeddable":true,"href":"https:\/\/sisu.ut.ee\/loodusfestival\/wp-json\/wp\/v2\/comments?post=9"}],"version-history":[{"count":29,"href":"https:\/\/sisu.ut.ee\/loodusfestival\/wp-json\/wp\/v2\/pages\/9\/revisions"}],"predecessor-version":[{"id":2315,"href":"https:\/\/sisu.ut.ee\/loodusfestival\/wp-json\/wp\/v2\/pages\/9\/revisions\/2315"}],"wp:attachment":[{"href":"https:\/\/sisu.ut.ee\/loodusfestival\/wp-json\/wp\/v2\/media?parent=9"}],"curies":[{"name":"wp","href":"https:\/\/api.w.org\/{rel}","templated":true}]}}