{"id":70,"date":"2024-04-04T00:29:05","date_gmt":"2024-04-03T21:29:05","guid":{"rendered":"https:\/\/sisu.ut.ee\/loodusfestival\/tallinn\/"},"modified":"2024-04-04T00:36:15","modified_gmt":"2024-04-03T21:36:15","slug":"tallinn","status":"publish","type":"page","link":"https:\/\/sisu.ut.ee\/loodusfestival\/tallinn\/","title":{"rendered":"Loodusfestival Tallinnas"},"content":{"rendered":"<div>\n\t<img loading=\"lazy\" decoding=\"async\" width=\"1665\" height=\"303\" class=\"alignnone wp-image-198\" src=\"https:\/\/sisu.ut.ee\/wp-content\/uploads\/sites\/123\/lf2019_14juuni.png\" title=\"lf2019_14juuni.png\" alt=\"lf2019_14juuni.png\" srcset=\"https:\/\/sisu.ut.ee\/wp-content\/uploads\/sites\/123\/lf2019_14juuni.png 1665w, https:\/\/sisu.ut.ee\/wp-content\/uploads\/sites\/123\/lf2019_14juuni-300x55.png 300w, https:\/\/sisu.ut.ee\/wp-content\/uploads\/sites\/123\/lf2019_14juuni-1024x186.png 1024w, https:\/\/sisu.ut.ee\/wp-content\/uploads\/sites\/123\/lf2019_14juuni-768x140.png 768w, https:\/\/sisu.ut.ee\/wp-content\/uploads\/sites\/123\/lf2019_14juuni-1536x280.png 1536w\" sizes=\"auto, (max-width: 1665px) 100vw, 1665px\">\n<\/div>\n<div>\n\t<span style=\"font-family:Arial,Helvetica,sans-serif\"><span style=\"font-size:16px\"><strong>12.30\u201314.00 Vaatlusretk: putukad <\/strong>Tallinna loomaaias<\/span><\/span>\n<\/div>\n<div>\n\t<span style=\"font-family:Arial,Helvetica,sans-serif\"><span style=\"font-size:16px\">Vaatlus toimub loodusvaatluste maratoni Tallinna loomaaia vaatlusalal.<\/span><\/span>\n<\/div>\n<div>\n\t\u00a0\n<\/div>\n<div>\n<div dir=\"ltr\">\n\t\t<span style=\"font-family:Arial,Helvetica,sans-serif\"><span style=\"font-size:16px\"><strong>12.00\u201318.00 Avatud staap liikide m\u00e4\u00e4ramiseks <\/strong>Tallinna loomaaias<\/span><\/span>\n\t<\/div>\n<div dir=\"ltr\">\n\t\t<span style=\"font-family:Arial,Helvetica,sans-serif\"><span style=\"font-size:16px\">Avatud staabis\u00a0saavad huvilised\u00a0juhendamise j\u00e4rgi proovida m\u00e4\u00e4ramist ja leidude uurimist.Vaatlus toimub loodusvaatluste maratoni Tallinna loomaaia vaatlusalal. <\/span><\/span>\n\t<\/div>\n<div dir=\"ltr\">\n\t\t\u00a0\n\t<\/div>\n<\/div>\n<div>\n\t<span style=\"font-family:Arial,Helvetica,sans-serif\"><span style=\"font-size:16px\"><strong>14.00\u201322.00 Loodusteadlased juhendavad\u00a0loodusvaatluste huvilisi <\/strong>Tallinna putukav\u00e4ilal<\/span><\/span>\n<\/div>\n<div>\n\t<span style=\"font-family:Arial,Helvetica,sans-serif\"><span style=\"font-size:16px\">Vaatlused toimuvad loodusvaatluste maratoni <strong><a data-url=\"https:\/\/www.tallinn.ee\/est\/augmented-urbans\/Loodusfestival-Putukavailal-2\" href=\"https:\/\/www.tallinn.ee\/est\/augmented-urbans\/Loodusfestival-Putukavailal-2\" target=\"_blank\" title=\"\" rel=\"noopener\">Tallinna putukav\u00e4ila vaatlusalal<\/a><\/strong>.\u00a0Lisainfo: www.tallinn.ee\/putukas\/<\/span><\/span>\n<\/div>\n<div>\n\t\u00a0\n<\/div>\n<div>\n<div dir=\"ltr\">\n\t\t<span style=\"font-family:Arial,Helvetica,sans-serif\"><span style=\"font-size:16px\"><strong>14.00 Putukav\u00e4ila n\u00e4ituse avamine<\/strong><\/span><\/span>\n\t<\/div>\n<div dir=\"ltr\">\n\t\t<span style=\"font-family:Arial,Helvetica,sans-serif\"><span style=\"font-size:16px\">\u00dcritus toimub loodusvaatluste maratoni <strong><a data-url=\"https:\/\/www.tallinn.ee\/est\/augmented-urbans\/Loodusfestival-Putukavailal-2\" href=\"https:\/\/www.tallinn.ee\/est\/augmented-urbans\/Loodusfestival-Putukavailal-2\" target=\"_blank\" title=\"\" rel=\"noopener\">Tallinna putukav\u00e4ila vaatlusalal<\/a><\/strong>.\u00a0Lisainfo: www.tallinn.ee\/putukas\/<\/span><\/span>\n\t<\/div>\n<div dir=\"ltr\">\n\t\t\u00a0\n\t<\/div>\n<div dir=\"ltr\">\n\t\t<span style=\"font-family:Arial,Helvetica,sans-serif\"><span style=\"font-size:16px\"><strong>14.30\u201316.00 Vaatlusretk: linnud <\/strong>Tallinna loomaaias<\/span><\/span>\n\t<\/div>\n<div dir=\"ltr\">\n\t\t<span style=\"font-family:Arial,Helvetica,sans-serif\"><span style=\"font-size:16px\">Vaatlus toimub loodusvaatluste maratoni Tallinna loomaaia vaatlusalal.<\/span><\/span>\n\t<\/div>\n<div dir=\"ltr\">\n\t\t\u00a0\n\t<\/div>\n<div dir=\"ltr\">\n\t\t<span style=\"font-family:Arial,Helvetica,sans-serif\"><span style=\"font-size:16px\"><strong>16.30\u201318.00 Vaatlusretk: taimed\u00a0<\/strong>Tallinna loomaaias<\/span><\/span>\n\t<\/div>\n<div dir=\"ltr\">\n\t\t<span style=\"font-family:Arial,Helvetica,sans-serif\"><span style=\"font-size:16px\">Vaatlus toimub loodusvaatluste maratoni Tallinna loomaaia vaatlusalal.<\/span><\/span>\n\t<\/div>\n<div dir=\"ltr\">\n\t\t\u00a0\n\t<\/div>\n<div dir=\"ltr\">\n\t\t<span style=\"font-family:Arial,Helvetica,sans-serif\"><span style=\"font-size:16px\"><strong>19.30 Vaatlusretked koos loodusteadlaste ja linnaplaneerijatega<\/strong> Putukav\u00e4ila alal <\/span><\/span>\n\t<\/div>\n<div dir=\"ltr\">\n\t\t<span style=\"font-family:Arial,Helvetica,sans-serif\"><span style=\"font-size:16px\">Vaadeldakse\u00a0linnu-, imetaja-, putuka-, taime-, sambla- ja samblikuliike.\u00a0Vaatlused toimuvad loodusvaatluste maratoni <strong><a data-url=\"https:\/\/www.tallinn.ee\/est\/augmented-urbans\/Loodusfestival-Putukavailal-2\" href=\"https:\/\/www.tallinn.ee\/est\/augmented-urbans\/Loodusfestival-Putukavailal-2\" target=\"_blank\" title=\"\" rel=\"noopener\">Tallinna putukav\u00e4ila vaatlusalal<\/a><\/strong>.\u00a0Lisainfo: www.tallinn.ee\/putukas\/<\/span><\/span>\n\t<\/div>\n<div dir=\"ltr\">\n\t\t\u00a0\n\t<\/div>\n<div>\n\t\t<span style=\"font-family:Arial,Helvetica,sans-serif\"><span style=\"font-size:16px\"><strong>23.00\u201301.00\u00a0\u00d6\u00f6liblikate vaatlus <\/strong>Tallinna putukav\u00e4ilal<\/span><\/span>\n\t<\/div>\n<div>\n\t\t<span style=\"font-size:16px\"><span style=\"font-family:Arial,Helvetica,sans-serif\">Vaatlus\u00a0toimuvad loodusvaatluste maratoni <strong><a data-url=\"https:\/\/www.tallinn.ee\/est\/augmented-urbans\/Loodusfestival-Putukavailal-2\" href=\"https:\/\/www.tallinn.ee\/est\/augmented-urbans\/Loodusfestival-Putukavailal-2\" target=\"_blank\" title=\"\" rel=\"noopener\">Tallinna putukav\u00e4ila vaatlusalal<\/a><\/strong>.\u00a0Lisainfo: www.tallinn.ee\/putukas\/<\/span><\/span>\n\t<\/div>\n<\/div>\n<div>\n\t\u00a0\n<\/div>\n<div>\n\t<img loading=\"lazy\" decoding=\"async\" width=\"1665\" height=\"303\" class=\"alignnone wp-image-199\" src=\"https:\/\/sisu.ut.ee\/wp-content\/uploads\/sites\/123\/lf2019_15juuni.png\" title=\"lf2019_15juuni.png\" alt=\"lf2019_15juuni.png\" srcset=\"https:\/\/sisu.ut.ee\/wp-content\/uploads\/sites\/123\/lf2019_15juuni.png 1665w, https:\/\/sisu.ut.ee\/wp-content\/uploads\/sites\/123\/lf2019_15juuni-300x55.png 300w, https:\/\/sisu.ut.ee\/wp-content\/uploads\/sites\/123\/lf2019_15juuni-1024x186.png 1024w, https:\/\/sisu.ut.ee\/wp-content\/uploads\/sites\/123\/lf2019_15juuni-768x140.png 768w, https:\/\/sisu.ut.ee\/wp-content\/uploads\/sites\/123\/lf2019_15juuni-1536x280.png 1536w\" sizes=\"auto, (max-width: 1665px) 100vw, 1665px\">\n<\/div>\n<div>\n\t<span style=\"font-size:16px\"><span style=\"font-family:Arial,Helvetica,sans-serif\"><strong>06.30\u201307.30\u00a0Varahommikune loomavaatlus\u00a0<\/strong>Tallinna loomaaias, Paldiski mnt 145<\/span><\/span>\n<\/div>\n<div>\n\t<span style=\"font-size:16px\"><span style=\"font-family:Arial,Helvetica,sans-serif\">Loomaaias ei ole loomad ainult puurides ja aedikutes, vaid elavad ka t\u00e4iesti vabalt meie \u00fcmber. Uudistame, kuidas alustavad oma p\u00e4eva nii loomaaialoomad kui vabalt elavad loomaaiaasukad.<\/span><\/span>\n<\/div>\n<div>\n\t<span style=\"font-size:16px\"><span style=\"font-family:Arial,Helvetica,sans-serif\">Pilet 2 \u20ac. Eelregisreerumine\u00a0<a href=\"http:\/\/www.tallinnzoo.ee\/\">tallinnzoo.ee<\/a><\/span><\/span>\n<\/div>\n<div>\n\t\u00a0\n<\/div>\n<div>\n\t<span style=\"font-size:16px\"><span style=\"font-family:Arial,Helvetica,sans-serif\"><strong>12.00 \u201cToit ja tervis loodusest\u201d\u00a0<\/strong>Tallinna botaanikaaias<\/span><\/span>\n<\/div>\n<div>\n\t<span style=\"font-size:16px\"><span style=\"font-family:Arial,Helvetica,sans-serif\">Jalutusk\u00e4igul Tallinna botaanikaaias teemal \u201eToit ja tervis loodusest\u201c tuletatakse meelde vanu ja kogutakse uusi teadmisi \u00fcmbritseva taimemaailma kohta. Jagatakse ka toiduretsepte. Retke juhib metoodik Karin Evik. Sissep\u00e4\u00e4s Tallinna botaanikaaia piletiga.\u00a0<\/span><\/span>\n<\/div>\n<div>\n\t<span style=\"font-size:16px\"><span style=\"font-family:Arial,Helvetica,sans-serif\">Sissep\u00e4\u00e4s botaanikaaia piletiga. Eelregistreerumine\u00a0<a href=\"https:\/\/goo.gl\/wENZot\">goo.gl\/wENZot<\/a><\/span><\/span>\n<\/div>\n<div>\n\t\u00a0\n<\/div>\n<div>\n\t<span style=\"font-size:16px\"><span style=\"font-family:Arial,Helvetica,sans-serif\"><strong>12.00\u201314.00 Putukate-mutukate t\u00f6\u00f6tuba\u00a0<\/strong>Tallinna loomaaias, Ehitajate tee 150<\/span><\/span>\n<\/div>\n<div>\n\t<span style=\"font-size:16px\"><span style=\"font-family:Arial,Helvetica,sans-serif\">P\u00fc\u00fcame ja uurime selgrootuid meie \u00fcmber, avastame ka tiigivee elustikku. M\u00f5eldud k\u00f5igile huvilistele. T\u00f6\u00f6tuba viiakse l\u00e4bi nii eesti kui ka vene keeles.<\/span><\/span>\n<\/div>\n<div>\n\t<span style=\"font-size:16px\"><span style=\"font-family:Arial,Helvetica,sans-serif\">Pilet 2 \u20ac.<\/span><\/span>\n<\/div>\n<div>\n\t\u00a0\n<\/div>\n<div>\n\t<span style=\"font-size:16px\"><span style=\"font-family:Arial,Helvetica,sans-serif\"><strong>14.00 T\u00f6\u00f6tuba lastele: tutvumine ravimtaimemaailmaga\u00a0<\/strong>Tallinna botaanikaaias<\/span><\/span>\n<\/div>\n<div>\n\t<span style=\"font-size:16px\"><span style=\"font-family:Arial,Helvetica,sans-serif\">Lapsed saavad t\u00f6\u00f6toas valmistada lihtsa herbaarlehe ravimtaimedega. Teeme juttu meie kodumaistest ja aias kasvatatavatest ravimtaimedest ning tutvume nendega botaanikaaia meelteaias. Taimi aitab tundma \u00f5ppida otsimism\u00e4ng. T\u00f6\u00f6toas juhendab metoodik Tiia Jaanus.\u00a0<\/span><\/span>\n<\/div>\n<div>\n\t<span style=\"font-size:16px\"><span style=\"font-family:Arial,Helvetica,sans-serif\">Sissep\u00e4\u00e4s botaanikaaia piletiga. Eelregistreerumine\u00a0<a href=\"https:\/\/goo.gl\/TSK2uj\">goo.gl\/TSK2uj<\/a><\/span><\/span>\n<\/div>\n<div>\n\t\u00a0\n<\/div>\n<div>\n\t<span style=\"font-size:16px\"><span style=\"font-family:Arial,Helvetica,sans-serif\"><strong>14.00\u201315.00 Matk Veskimetsas<\/strong><\/span><\/span>\n<\/div>\n<div>\n\t<span style=\"font-size:16px\"><span style=\"font-family:Arial,Helvetica,sans-serif\">Matkame loomaaia t\u00e4helepanuv\u00e4\u00e4rses laialehises salumetsas, mille sarnaseid leidub vaid v\u00e4hestes kohtades Eestimaal. Tutvume vaba\u00f5hu p\u00fcsin\u00e4itusega. Korraldab Tallinna loomaaaed.<\/span><\/span>\n<\/div>\n<div>\n\t<span style=\"font-size:16px\"><span style=\"font-family:Arial,Helvetica,sans-serif\">Pilet 2 \u20ac. Algus loomaaia p\u00f5hjav\u00e4ravast, Paldiski mnt 145<\/span><\/span>\n<\/div>\n<div>\n\t\u00a0\n<\/div>\n<div>\n\t<span style=\"font-size:16px\"><span style=\"font-family:Arial,Helvetica,sans-serif\">Korraldajatel on \u00f5igus teha programmis\u00a0muudatusi<\/span><\/span>\n<\/div>\n<div>\n\t\u00a0\n<\/div>\n","protected":false},"excerpt":{"rendered":"<p>12.30\u201314.00 Vaatlusretk: putukad Tallinna loomaaias Vaatlus toimub loodusvaatluste maratoni Tallinna loomaaia vaatlusalal. \u00a0 12.00\u201318.00 Avatud staap liikide m\u00e4\u00e4ramiseks Tallinna loomaaias Avatud staabis\u00a0saavad huvilised\u00a0juhendamise j\u00e4rgi proovida m\u00e4\u00e4ramist ja leidude uurimist.Vaatlus toimub loodusvaatluste maratoni Tallinna loomaaia vaatlusalal. \u00a0 14.00\u201322.00 Loodusteadlased juhendavad\u00a0loodusvaatluste huvilisi &#8230;<\/p>\n","protected":false},"author":54,"featured_media":0,"parent":0,"menu_order":0,"comment_status":"closed","ping_status":"closed","template":"","meta":{"_acf_changed":false,"inline_featured_image":false,"footnotes":""},"class_list":["post-70","page","type-page","status-publish","hentry"],"acf":[],"_links":{"self":[{"href":"https:\/\/sisu.ut.ee\/loodusfestival\/wp-json\/wp\/v2\/pages\/70","targetHints":{"allow":["GET"]}}],"collection":[{"href":"https:\/\/sisu.ut.ee\/loodusfestival\/wp-json\/wp\/v2\/pages"}],"about":[{"href":"https:\/\/sisu.ut.ee\/loodusfestival\/wp-json\/wp\/v2\/types\/page"}],"author":[{"embeddable":true,"href":"https:\/\/sisu.ut.ee\/loodusfestival\/wp-json\/wp\/v2\/users\/54"}],"replies":[{"embeddable":true,"href":"https:\/\/sisu.ut.ee\/loodusfestival\/wp-json\/wp\/v2\/comments?post=70"}],"version-history":[{"count":1,"href":"https:\/\/sisu.ut.ee\/loodusfestival\/wp-json\/wp\/v2\/pages\/70\/revisions"}],"predecessor-version":[{"id":636,"href":"https:\/\/sisu.ut.ee\/loodusfestival\/wp-json\/wp\/v2\/pages\/70\/revisions\/636"}],"wp:attachment":[{"href":"https:\/\/sisu.ut.ee\/loodusfestival\/wp-json\/wp\/v2\/media?parent=70"}],"curies":[{"name":"wp","href":"https:\/\/api.w.org\/{rel}","templated":true}]}}