{"id":68,"date":"2024-04-04T00:29:04","date_gmt":"2024-04-03T21:29:04","guid":{"rendered":"https:\/\/sisu.ut.ee\/loodusfestival\/filmiprogramm-2021\/"},"modified":"2024-04-04T00:36:15","modified_gmt":"2024-04-03T21:36:15","slug":"filmiprogramm-2021","status":"publish","type":"page","link":"https:\/\/sisu.ut.ee\/loodusfestival\/filmiprogramm-2021\/","title":{"rendered":"Filmiprogramm 2021"},"content":{"rendered":"<p>\n\tLoodusfestivali traditsiooniline filmiprogramm Tartu loodusmajas toimub sel korral kahel j\u00e4rjestikusel \u00f5htul. Vaatame filme, mis puudutavad selle aasta festivali teemat \u2013 koost\u00f6\u00f6d looduses. P\u00e4rast seanssi vestleme loodusteadlaste ja ekspertidega filmis n\u00e4htust ja p\u00f5rgatame tekkinud m\u00f5tteid.<em>\u00a0Osalemine filmi\u00f5htutel\u00a0on tasuta. Istekohad saalis on hajutatud ning\u00a0saali t\u00e4ituvus 50%.<\/em>\n<\/p>\n<p>\n\t<\/p><div class=\"accordion mb-3\">\n        <div class=\"accordion-item accordion-item--white\">\n        <h2 class=\"accordion-header\" id=\"accordion-69d5cabeae3c2-heading\">\n            <button class=\"accordion-button collapsed\" type=\"button\" data-bs-toggle=\"collapse\" data-bs-target=\"#accordion-69d5cabeae3c2-collapse\" aria-expanded=\"true\" aria-controls=\"accordion-69d5cabeae3c2-collapse\"><strong>KOLMAP\u00c4EV, 9. JUUNI<\/strong><\/button>\n        <\/h2>\n        <div id=\"accordion-69d5cabeae3c2-collapse\" class=\"accordion-collapse collapse\" aria-labelledby=\"accordion-69d5cabeae3c2-heading\">\n            <div class=\"accordion-body\">\n\n<p>\n\t<img loading=\"lazy\" decoding=\"async\" alt=\"film1\" data-file_info=\"%7B%22fid%22:%2262735%22,%22view_mode%22:%22default%22,%22type%22:%22media%22%7D\" height=\"465\" src=\"https:\/\/sisu.ut.ee\/wp-content\/uploads\/sites\/123\/film1.png\" title=\"\" width=\"828\">\n<\/p>\n<p>\n\t<strong>17:30\u00a0<\/strong>Film\u00a0<strong>\u201eNiidud \u2013 kaotatud paradiis\u201c<\/strong>\u00a0(\u201cThe Meadow \u2013\u00a0Paradise Lost\u201d \u2013 2020, pikkus 44\u2019, Saksamaa). Re\u017eiss\u00f6\u00f6r Jan Haft.\u00a0Film on inglise keeles, eestikeelsete subtiitritega.\u00a0Filmi kommenteerib ja arutelu juhib bioloog ja looduskaitseteadlane, Tartu \u00dclikooli \u00f6koloogia ja maateaduste instituudi kaasprofessor ning maastike elurikkuse t\u00f6\u00f6r\u00fchma juht Aveliina Helm.\u00a0\n<\/p>\n<p>\n\t<a href=\"https:\/\/youtu.be\/NIrv9_srlEg\" target=\"_blank\" title=\"\" rel=\"noopener\">Vaata treilerit!<\/a>\n<\/p>\n<p>\n\t<em>Mitmekesine ja rikkalik lilleniit on paradiis, bioloogilise mitmekesisuse keskpunkt otse meie ukse ees! K\u00e4esolev film uuribki seda v\u00e4rvikat elupaika. Kuidas see elupaik eksisteerib, kui seda regulaarselt h\u00e4vitatakse? Miks teevad nii paljud elusolendid oma kodu paika, mida kaks korda aastas niidetakse? Kas me ei saaks niitusid rahule j\u00e4tta, lasta neil kasvada ja l\u00f5petada nende niitmine? See film vastab k\u00f5ikidele neile k\u00fcsimustele ja r\u00e4\u00e4gib mitmekesiste niitude drastilisest v\u00e4henemisest kogu maailmas. Kaasaegne p\u00f5llumajandus on viinud selle elupaiga v\u00e4ljasuremise \u00e4\u00e4rele.<\/em>\n<\/p>\n<p>\n\t\u00a0\n<\/p>\n<p>\n\t___\n<\/p>\n<p>\n\t<img loading=\"lazy\" decoding=\"async\" alt=\"film2\" data-file_info=\"%7B%22fid%22:%2262736%22,%22view_mode%22:%22default%22,%22type%22:%22media%22%7D\" height=\"465\" src=\"https:\/\/sisu.ut.ee\/wp-content\/uploads\/sites\/123\/film2.png\" title=\"\" width=\"828\">\n<\/p>\n<p>\n\t<strong>19:00\u00a0<\/strong>Film\u00a0<strong>\u201eL\u00f5vid ja h\u00fc\u00e4\u00e4nid \u2013 surmatoojad ja eluvardjad\u201c<\/strong>\u00a0(\u201cLions and Hyenas: Owners of Death, Guardians of Life\u201d \u2013 2019, pikkus 52\u2019, Hispaania). Re\u017eiss\u00f6\u00f6r Nacho Ruiz. Film on inglise keeles, eestikeelsete subtiitritega.\u00a0Filmi kommenteerib ja arutelu juhib\u00a0Keskkonnaagentuuri suurkiskjate ekspert\u00a0Peep M\u00e4nnil.\n<\/p>\n<p>\n\t<a data-url=\"https:\/\/www.maff.ee\/film\/view_express_entity\/171\" href=\"https:\/\/www.maff.ee\/film\/view_express_entity\/171\" target=\"_blank\" title=\"\" rel=\"noopener\">Vaata treilerit!<\/a>\n<\/p>\n<p>\n\t<em>Aastatuhandeid on l\u00f5vid ja h\u00fc\u00e4\u00e4nad liha p\u00e4rast k\u00f5vasti v\u00f5istelnud. M\u00f5lemad kontrollivad, varastavad teineteise tagant ja tapavad teineteist. Kuid selles m\u00e4ngus j\u00e4\u00e4vad m\u00f5lemad ellu ja keegi ei valitse. Nende saatused on \u00fchendatud. See on lugu iidsest vastasseisust Aafrika k\u00f5ige ikoonilisemate kiskjate vahel.<\/em>\n<\/p>\n<p>\n\t<\/p><\/div>\n        <\/div>\n        <\/div>\n    <\/div>\n\n<p>\n\t<\/p><div class=\"accordion mb-3\">\n        <div class=\"accordion-item accordion-item--white\">\n        <h2 class=\"accordion-header\" id=\"accordion-69d5cabeae3cd-heading\">\n            <button class=\"accordion-button collapsed\" type=\"button\" data-bs-toggle=\"collapse\" data-bs-target=\"#accordion-69d5cabeae3cd-collapse\" aria-expanded=\"true\" aria-controls=\"accordion-69d5cabeae3cd-collapse\"><strong>NELJAP\u00c4EV, 10. JUUNI<\/strong><\/button>\n        <\/h2>\n        <div id=\"accordion-69d5cabeae3cd-collapse\" class=\"accordion-collapse collapse\" aria-labelledby=\"accordion-69d5cabeae3cd-heading\">\n            <div class=\"accordion-body\">\n\n<p>\n\t<img loading=\"lazy\" decoding=\"async\" alt=\"film3\" data-file_info=\"%7B%22fid%22:%2262737%22,%22view_mode%22:%22default%22,%22type%22:%22media%22%7D\" height=\"622\" src=\"https:\/\/sisu.ut.ee\/wp-content\/uploads\/sites\/123\/film3.png\" title=\"\" width=\"829\">\n<\/p>\n<p>\n\t<strong>17:30<\/strong>\u00a0Film\u00a0<strong>\u201ePuude varjatud elu\u201c<\/strong>\u00a0(\u201cThe hidden life of trees\u201d \u2013 2020, pikkus 1h 36min, Saksamaa). Re\u017eiss\u00f6\u00f6r J\u00f6rg Adolph.\u00a0Film on saksa keeles, inglise-\u00a0ja eestikeelsete subtiitritega.\u00a0Filmi kommenteerib ja arutelu juhib bioloog, T\u00dc \u00f6koloogia ja maateaduste instituudi koosluse \u00f6koloogia professor Mari Moora.\n<\/p>\n<p>\n\t<a data-url=\"https:\/\/globalscreen.de\/mm\/en\/promotion\/qsksk9\" href=\"https:\/\/globalscreen.de\/mm\/en\/promotion\/qsksk9\" target=\"_blank\" title=\"\" rel=\"noopener\">Vaata treilerit!<\/a>\n<\/p>\n<p>\n\t<em>Kas puud r\u00e4\u00e4givad? Kas puudel on tunded ja m\u00e4lu? Need on k\u00fcsimused, mis on aktuaalsed ka praeguses Eestis. Samanimelise menuraamatu p\u00f5hjal tehtud dokumentaalfilm viib vaataja just neile radadele, kus peaksime endalt k\u00fcsima, mis saab siis, kui inimene loodust h\u00e4vitab. Mis saab siis, kui inimene enam ei hooli? M\u00f5ned \u00fctlevad, et see aeg ongi k\u00e4es, suured muutused kliimas on inimtegevuse otsene tulemus. Aus ja s\u00fcgav film vaatab teemale otsa ning esitab valusaid ja tundlikke k\u00fcsimusi, otse ja avatult.\u00a0Film tutvustab l\u00e4bi saksa metsniku Peter Wohllebeni pilgu metsa ja puude salap\u00e4rast elu. Puud k\u00e4ituvad sotsiaalselt. Puud teavad, et \u00fcksinda pole nad mets. Ainult koost\u00f6\u00f6d tehes, \u00fcksteise eest hoolitsedes saavutatakse rohkem, elatakse v\u00e4ga vanaks. Seda v\u00f5iksime me Wohllebeni arvates just puudelt \u00f5ppida. Koost\u00f6\u00f6 ja suhtlus nii liigisiseselt kui liikide vahel on oluline osa toimivast \u00f6kos\u00fcsteemist.<\/em>\n<\/p>\n<p>\n\t\u00a0\n<\/p>\n<p>\n\t<em>__<\/em>\n<\/p>\n<p>\n\t<img loading=\"lazy\" decoding=\"async\" alt=\"film4\" data-file_info=\"%7B%22fid%22:%2262738%22,%22view_mode%22:%22default%22,%22type%22:%22media%22%7D\" height=\"622\" src=\"https:\/\/sisu.ut.ee\/wp-content\/uploads\/sites\/123\/film4.png\" title=\"\" width=\"829\">\n<\/p>\n<p>\n\t<strong>19:30\u00a0<\/strong>Film\u00a0<strong>\u201ePuude kuninganna\u201c<\/strong>\u00a0(\u201cQueen of trees\u201d \u2013 2005, pikkus 52\u2019, \u00dchendkuningriigid). Re\u017eiss\u00f6\u00f6rid Mark Deeble, Victoria Stone.\u00a0Film on inglise keeles, eestikeelsete subtiitritega.\u00a0Filmi kommenteerib ja arutelu juhib\u00a0putukateadlane ja loodusfotograaf Urmas Tartes.\n<\/p>\n<p>\n\t<a data-url=\"https:\/\/youtu.be\/KMNPZPYCCw4\" href=\"https:\/\/youtu.be\/KMNPZPYCCw4\" target=\"_blank\" title=\"\" rel=\"noopener\">Vaata treilerit!<\/a>\n<\/p>\n<p>\n\t<em>Lugu Aafrika viigipuust ja selle erilistest suhetest sellest s\u00f5ltuvate loomadega. Dokumentaalis n\u00e4idatakse viigipuu ja imepisikese putuka viigikireslase miljonite aastate jooksul v\u00e4ljakujunenud koost\u00f6\u00f6d.\u00a0<\/em>\n<\/p>\n<p>\n\t<\/p><\/div>\n        <\/div>\n        <\/div>\n    <\/div>\n","protected":false},"excerpt":{"rendered":"<p>Loodusfestivali traditsiooniline filmiprogramm Tartu loodusmajas toimub sel korral kahel j\u00e4rjestikusel \u00f5htul. Vaatame filme, mis puudutavad selle aasta festivali teemat \u2013 koost\u00f6\u00f6d looduses. P\u00e4rast seanssi vestleme loodusteadlaste ja ekspertidega filmis n\u00e4htust ja p\u00f5rgatame tekkinud m\u00f5tteid.\u00a0Osalemine filmi\u00f5htutel\u00a0on tasuta. Istekohad saalis on hajutatud &#8230;<\/p>\n","protected":false},"author":54,"featured_media":0,"parent":0,"menu_order":0,"comment_status":"closed","ping_status":"closed","template":"","meta":{"_acf_changed":false,"inline_featured_image":false,"footnotes":""},"class_list":["post-68","page","type-page","status-publish","hentry"],"acf":[],"_links":{"self":[{"href":"https:\/\/sisu.ut.ee\/loodusfestival\/wp-json\/wp\/v2\/pages\/68","targetHints":{"allow":["GET"]}}],"collection":[{"href":"https:\/\/sisu.ut.ee\/loodusfestival\/wp-json\/wp\/v2\/pages"}],"about":[{"href":"https:\/\/sisu.ut.ee\/loodusfestival\/wp-json\/wp\/v2\/types\/page"}],"author":[{"embeddable":true,"href":"https:\/\/sisu.ut.ee\/loodusfestival\/wp-json\/wp\/v2\/users\/54"}],"replies":[{"embeddable":true,"href":"https:\/\/sisu.ut.ee\/loodusfestival\/wp-json\/wp\/v2\/comments?post=68"}],"version-history":[{"count":1,"href":"https:\/\/sisu.ut.ee\/loodusfestival\/wp-json\/wp\/v2\/pages\/68\/revisions"}],"predecessor-version":[{"id":638,"href":"https:\/\/sisu.ut.ee\/loodusfestival\/wp-json\/wp\/v2\/pages\/68\/revisions\/638"}],"wp:attachment":[{"href":"https:\/\/sisu.ut.ee\/loodusfestival\/wp-json\/wp\/v2\/media?parent=68"}],"curies":[{"name":"wp","href":"https:\/\/api.w.org\/{rel}","templated":true}]}}