{"id":28,"date":"2024-04-04T00:29:02","date_gmt":"2024-04-03T21:29:02","guid":{"rendered":"https:\/\/sisu.ut.ee\/loodusfestival\/linnupesade-sari\/"},"modified":"2024-04-04T00:36:17","modified_gmt":"2024-04-03T21:36:17","slug":"linnupesade-sari","status":"publish","type":"page","link":"https:\/\/sisu.ut.ee\/loodusfestival\/linnupesade-sari\/","title":{"rendered":"Linnupesade sari"},"content":{"rendered":"<p>\n\t<strong>Linnupesade sari on kontsertide ja luule\u00fcrituste kimp. Uuri linnupesi ja tule \u00fcritustele!<\/strong>\n<\/p>\n<p>\n\t<\/p><div class=\"accordion mb-3\">\n        <div class=\"accordion-item accordion-item--white\">\n        <h2 class=\"accordion-header\" id=\"accordion-69d5b031b9677-heading\">\n            <button class=\"accordion-button collapsed\" type=\"button\" data-bs-toggle=\"collapse\" data-bs-target=\"#accordion-69d5b031b9677-collapse\" aria-expanded=\"true\" aria-controls=\"accordion-69d5b031b9677-collapse\"><b>10.3.2024 kell 16 Tartu \u00dclikooli botaanikaaias laulja Lisanna Kuninga kontsert<\/b><\/button>\n        <\/h2>\n        <div id=\"accordion-69d5b031b9677-collapse\" class=\"accordion-collapse collapse\" aria-labelledby=\"accordion-69d5b031b9677-heading\">\n            <div class=\"accordion-body\"><br><span style=\"color:#008000\"><span style=\"font-size:18px\"><strong>Linnupesade sarja avab laulja Lisanna Kuningas\u00a0<\/strong><\/span><\/span>\n\n<p>\n\t<strong>P\u00fchap\u00e4eval, 10. m\u00e4rtsil kell 16 esineb Tartu \u00dclikooli botaanikaaias Loodusloovusfestivali linnupesade sarja ava\u00fcritusel Lisanna Kuningas. Kontsert l\u00f5petab k\u00fcmme p\u00e4eva kestva orhideen\u00e4ituse.\u00a0<\/strong>\n<\/p>\n<p>\n\tLisanna Kuningas on 27-aastane laulja ja laulukirjutaja, kes on vendade eeskujul kirjutanud muusikat sahtlisse juba peaaegu viisteist aastat. \u201eK\u00f5ik armumised, pettumused, lahkuminekud on l\u00e4bi lauldud. L\u00f5puks on koitnud, et ei saa kogu seda vara jagamata j\u00e4tta ning sestap on vaja juba varsti v\u00e4lja anda esimene EP ning jagada oma muusikat,\u201c s\u00f5nas Lisanna.\u00a0<br>\u00a0<br>Lisanna vend Marten Kuningas lisas: \u201eLisanna laulud ei ole mitte ainult h\u00e4sti kirjutatud, neis on ka intiimne isiklik m\u00f5\u00f5de, mis t\u00f5mbab kuulaja endaga kaasa. Oma emotsionaalse lauluviisi ja kuiva huumoriga on tema kontserdid t\u00e4iesti ainulaadsed. Need, kes k\u00e4inud ja kuulnud, ootavad aga lisa\u2026nna!\u201c\u00a0\n<\/p>\n<p>\n\tKontsert toimub <strong>10. m\u00e4rtsil kell 16<\/strong> Tartu \u00dclikooli botaanikaaia palmihoones. Osalemine botaanikaaia piletiga. Pileteid saab soetada kohapealt kassast.\u00a0\n<\/p>\n<p>\n\tLinnupesade sari kuulub <a href=\"http:\/\/loodusfestival.ee\/\" rel=\"noreferrer noopener\" target=\"_blank\">Elluj\u00e4\u00e4mise Kunstide Loodusloovusfestivali<\/a> loovprogrammi, mis on osa Euroopa Kultuuripealinn Tartu 2024 p\u00f5hiprogrammist.\u00a0\n<\/p>\n<p>\n\tTegu on avaliku \u00fcritusega. Korraldaja v\u00f5ib \u00fcritusel teha pilte, videoid ja helisalvestisi ning jagada neid nii osalejatega kui ka avalikes meediakanalites, samuti kasutada sarnaste \u00fcrituste turundamiseks.<\/p><\/div>\n        <\/div>\n        <\/div>\n    <\/div>\n\n<p>\n\t<\/p><div class=\"accordion mb-3\">\n        <div class=\"accordion-item accordion-item--white\">\n        <h2 class=\"accordion-header\" id=\"accordion-69d5b031b9693-heading\">\n            <button class=\"accordion-button collapsed\" type=\"button\" data-bs-toggle=\"collapse\" data-bs-target=\"#accordion-69d5b031b9693-collapse\" aria-expanded=\"true\" aria-controls=\"accordion-69d5b031b9693-collapse\"><strong>29.5.2024 kell 18\u00a0Tartu \u00dclikooli loodusmuuseumis loodusluule\u00f5htu Maarja P\u00e4rna ja duo Carlotta P\u00f5dra ja Veljo Runneliga<\/strong><\/button>\n        <\/h2>\n        <div id=\"accordion-69d5b031b9693-collapse\" class=\"accordion-collapse collapse\" aria-labelledby=\"accordion-69d5b031b9693-heading\">\n            <div class=\"accordion-body\"><br><span style=\"color:#008000\"><span style=\"font-size:18px\"><strong>Linnupesade sari: Tartu linnakirjanik Maarja P\u00e4rtna ja ning duo Carlotta P\u00f5dra ja Veljo Runnel\u00a0\u00a0<\/strong><\/span><\/span>\n\n<p>\n\t<strong>Maikuu loodusluule\u00f5htul esinevad Tartu linnakirjanik Maarja P\u00e4rtna ning duo Carlotta P\u00f5dra ja Veljo Runnel. Hooaja viimane loodusluule\u00f5htu kuulub linnupesade sarja.\u00a0\u00a0<\/strong>\n<\/p>\n<p>\n\tLoodusluule\u00f5htu on \u00f5dusas \u00f5hkkonnas kohtumine kirjanikuga. S\u00fcndmuse esimeses pooles esitab luuletaja oma teoseid. \u00d5htu teises pooles saavad julgemad jagada vabal laval omaloomingut.\u00a0\n<\/p>\n<p>\n\tMaarja P\u00e4rtna on 2024. aasta Tartu linnakirjanik, t\u00f5lkija ja toimetaja, kes tegeleb oma loomingus sotsiaal\u00f6koloogiliste teemadega. Ta on avaldanud viis luulekogu. Neist hiljutisimad on ruumipoeetiline \u201eVivaarium\u201c (2019), mis \u00fchendab ajalootrauma kliima\u00e4revusega, ja proosaluulekogu \u201eElav linn\u201c (2022), mis keskendub linnaloodusele ja parema kooselu v\u00f5imalikkusele mitteinimloomadega.\u00a0\n<\/p>\n<p>\n\tP\u00e4rtna on \u00f5ppinud Tartu \u00dclikoolis inglise keelt ja kirjandust ning maailmakirjandust. T\u00f5lkijana on ta eesti keelde vahendanud Kathleen Jamie, Margaret Atwoodi, Edward Saidi ja Robert Macfarlane\u2019i esseesid. Ta on t\u00f6\u00f6tanud kirjandustoimetajana v\u00e4ljaannetes M\u00fc\u00fcrileht ja V\u00e4rske R\u00f5hk ning toimetanud mitmeid luulekogusid. P\u00e4rtna on p\u00e4lvinud Gustav Suitsu luuleauhinna, Juhan Liivi luuleauhinna ja Tartu Noore kultuurikandja aunimetuse. Tema luuletusi on t\u00f5lgitud rohkem kui k\u00fcmnesse keelde.\u00a0\n<\/p>\n<p>\n\tSel korral astub \u00fcles muusikaline duo Carlotta P\u00f5dra ja Veljo Runnel. Carlotta ja Veljo on kaks kolleegi, kelle muusikaline koost\u00f6\u00f6 sai alguse Tartu \u00dclikooli loodusmuuseumi ja botaanikaaia <a href=\"https:\/\/podcasters.spotify.com\/pod\/show\/tartu-likooli-loodusmuuseum\" rel=\"noreferrer noopener\" target=\"_blank\">Rukkir\u00e4\u00e4gu taskuh\u00e4\u00e4lingu<\/a> tunnusloo kujundamisest. 2022. aastast alates musitseerivad nad koos nii oma l\u00f5buks kui ka loodusmuuseumi ja botaanikaai kollektiivi \u00fcritustel. Nende repertuaaris kuuleb omaloomingut: isikup\u00e4raseid t\u00f5lgendusi loodusest.\u00a0\u00a0\n<\/p>\n<p>\n\tLoodusluule\u00f5htu Maarja P\u00e4rtnaga toimub <strong>29. mail kell 18<\/strong> Tartu \u00dclikooli botaanikaaias. Osalemine piletiga 3\u20ac. S\u00fcndmuse jooksul kostitame publikut joogipoolise ja k\u00fcpsistega.\u00a0\n<\/p>\n<p>\n\tLoodusluule\u00f5htu korraldamist toetab <a data-url=\"https:\/\/www.kulka.ee\/et\" href=\"https:\/\/www.kulka.ee\/et\" target=\"_blank\" title=\"\" rel=\"noopener\">Eesti Kultuurkapital<\/a>. Linnupesade sari kuulub Elluj\u00e4\u00e4mise Kunstide Loodusloovusfestivali loovprogrammi, mis on osa Euroopa Kultuuripealinn Tartu 2024 p\u00f5hiprogrammist.\u00a0\n<\/p>\n<p>\n\tTegu on avaliku \u00fcritusega. Korraldaja v\u00f5ib \u00fcritusel teha pilte, videoid ja helisalvestisi ning jagada neid nii osalejatega kui ka avalikes meediakanalites, samuti kasutada sarnaste \u00fcrituste turundamiseks.<\/p><\/div>\n        <\/div>\n        <\/div>\n    <\/div><div class=\"accordion mb-3\">\n        <div class=\"accordion-item accordion-item--white\">\n        <h2 class=\"accordion-header\" id=\"accordion-69d5b031b969c-heading\">\n            <button class=\"accordion-button collapsed\" type=\"button\" data-bs-toggle=\"collapse\" data-bs-target=\"#accordion-69d5b031b969c-collapse\" aria-expanded=\"true\" aria-controls=\"accordion-69d5b031b969c-collapse\"><strong>6.6.2024 kell 21\u00a0Tartu \u00dclikooli botaanikaaias\u00a0duo Varm &amp; Correia\u00a0kontsert<\/strong><\/button>\n        <\/h2>\n        <div id=\"accordion-69d5b031b969c-collapse\" class=\"accordion-collapse collapse\" aria-labelledby=\"accordion-69d5b031b969c-heading\">\n            <div class=\"accordion-body\"><br><span style=\"color:#008000\"><strong><span style=\"font-size:18px\">Linnupesade sari: s\u00fcnteetiliste helide\u00a0duo Varm &amp; Correia\u00a0<\/span><\/strong><\/span>\n\n<p>\n\t<strong>Linnupesas loob duo Varm &amp; Correia v\u00f5nkelise keskkonna, kus \u00fchendatakse loomulikud ja s\u00fcnteetilised helid. Kontsert toimub neljap\u00e4eval, 6. juunil kell 21 Tartu \u00dclikooli botaanikaaias.<\/strong>\n<\/p>\n<p>\n\tRahvusvahelise duo Varm &amp; Correia koosseisu kuuluvad Taavi Varm ja Nuno Correia. Nende eesm\u00e4rk on kombineerida looduslikke ja s\u00fcnteetilisi helisid \u00fchtseks k\u00f5lamaastikuks, mis loob erinevaid ruume ja lugusid. Duo \u00e4rgitab m\u00f5tlema inimeste, tehnoloogia ja looduse vaheliste suhete \u00fcle.\n<\/p>\n<p>\n\t<strong>Taavi Varm<\/strong> on Tallinnast (Eesti Kunstiakadeemia) p\u00e4rit meediakunstnik ja teadlane, kelle taustaks on etenduskunst ja videokunst.\u00a0\u00a0\n<\/p>\n<p>\n\t<strong>Nuno Correia<\/strong> on Portugalist p\u00e4rit interaktsioonidisaini valdkonna akadeemik (Tallinna \u00dclikool) ja audiovisuaalsele eksperimentaalsetele etteastetele spetsialiseerunud meediakunstnik.\n<\/p>\n<p>\n\tDuo Varm &amp; Correia kontsert toimub neljap\u00e4eval, <strong>6. juunil kell 21<\/strong> Tartu \u00dclikooli botaanikaaias. Kontsert on tasuta.\u00a0\u00a0\n<\/p>\n<p>\n\tLinnupesade sari kuulub Elluj\u00e4\u00e4mise Kunstide Loodusloovusfestivali loovprogrammi, mis on osa Euroopa Kultuuripealinn Tartu 2024 p\u00f5hiprogrammist.\u00a0\n<\/p>\n<p>\n\tTegu on avaliku \u00fcritusega. Korraldaja v\u00f5ib \u00fcritusel teha pilte, videoid ja helisalvestisi ning jagada neid nii osalejatega kui ka avalikes meediakanalites, samuti kasutada sarnaste \u00fcrituste turundamiseks.<\/p><\/div>\n        <\/div>\n        <\/div>\n    <\/div><div class=\"accordion mb-3\">\n        <div class=\"accordion-item accordion-item--white\">\n        <h2 class=\"accordion-header\" id=\"accordion-69d5b031b96a2-heading\">\n            <button class=\"accordion-button collapsed\" type=\"button\" data-bs-toggle=\"collapse\" data-bs-target=\"#accordion-69d5b031b96a2-collapse\" aria-expanded=\"true\" aria-controls=\"accordion-69d5b031b96a2-collapse\"><strong>7.6.2024 kell 21\u00a0Tartu \u00dclikooli botaanikaaias\u00a0jazzklarnetisti David Rothenbergi kontsert<\/strong><\/button>\n        <\/h2>\n        <div id=\"accordion-69d5b031b96a2-collapse\" class=\"accordion-collapse collapse\" aria-labelledby=\"accordion-69d5b031b96a2-heading\">\n            <div class=\"accordion-body\"><br><span style=\"color:#008000\"><span style=\"font-size:18px\"><strong>Linnupesade sari: botaanikaaia tiigi helid toob kuuldele David Rothenberg\u00a0<\/strong><\/span><\/span>\n\n<p>\n\t<strong>Neljandas linnupesas manab ameerika jazzklarnetist ja filosoof David Rothenberg kuuldele botaanikaaia tiigi helid. Kontsert toimub reedel, 7. juunil kell 21 Tartu \u00dclikooli botaanikaaias.<\/strong>\n<\/p>\n<p>\n\tDavid Rothenberg on helilooja, jazzklarnetist ja New Jersey Tehnoloogiainstituudi filosoofia- ja muusikaprofessor, kes inspireerib oma teoste loomisel inimese ja looduse vahelistest suhetest. Rothenberg p\u00f5imib oma loomingusse loodush\u00e4\u00e4li.\n<\/p>\n<p>\n\tRothenberg on oma nime all v\u00e4lja andnud v\u00e4hemalt nelik\u00fcmmend albumit. Sealhulgas \u201eOn the Cliffs of the Heart\u201c, mille ajakiri Jazziz nimetas 1995. aastal v\u00e4lja antud k\u00fcmne parima albumi hulka.\n<\/p>\n<p>\n\tRothenberg on ka kirjanik \u2013 tema sulest on ilmunud raamatud \u201eWhy Birds Sing\u201c ja \u201eThousand Mile Song\u201c. 2024. aasta algul andis Rothenberg v\u00e4lja raamatu \u201eSecret Sounds of Ponds\u201c, kust saab lugeda tiikide vee-elustiku helidest, mida Rothenberg oma loomingus kasutab.\n<\/p>\n<p>\n\tKontsert on tasuta. Linnupesade sari kuulub Elluj\u00e4\u00e4mise Kunstide Loodusloovusfestivali loovprogrammi, mis on osa Euroopa Kultuuripealinn Tartu 2024 p\u00f5hiprogrammist.\n<\/p>\n<p>\n\tTegu on avaliku \u00fcritusega. Korraldaja v\u00f5ib \u00fcritusel teha pilte, videoid ja helisalvestisi ning jagada neid nii osalejatega kui ka avalikes meediakanalites, samuti kasutada sarnaste \u00fcrituste turundamiseks.<\/p><\/div>\n        <\/div>\n        <\/div>\n    <\/div><div class=\"accordion mb-3\">\n        <div class=\"accordion-item accordion-item--white\">\n        <h2 class=\"accordion-header\" id=\"accordion-69d5b031b96a7-heading\">\n            <button class=\"accordion-button collapsed\" type=\"button\" data-bs-toggle=\"collapse\" data-bs-target=\"#accordion-69d5b031b96a7-collapse\" aria-expanded=\"true\" aria-controls=\"accordion-69d5b031b96a7-collapse\"><strong>9.6.2024 kell 18\u00a0Tartu \u00dclikooli botaanikaaias Mr. Garfield elamuslik\u00a0muusikaline\u00a0kogemus<\/strong><\/button>\n        <\/h2>\n        <div id=\"accordion-69d5b031b96a7-collapse\" class=\"accordion-collapse collapse\" aria-labelledby=\"accordion-69d5b031b96a7-heading\">\n            <div class=\"accordion-body\"><br><span style=\"font-size:18px\"><span style=\"color:#008000\"><strong>Linnupesade sari: Loodusloovusfestivali Perep\u00e4eval esitab Mr. Garfield loodusest inspireeritud helisid<\/strong><\/span><\/span>\n\n<p>\n\t<strong>Loodusloovusfestivali programmi kuulub Perep\u00e4ev, mis toimub p\u00fchap\u00e4eval, 9. juunil Tartu \u00dclikooli botaanikaaias. Perep\u00e4eval saab osa v\u00f5tta loodusharidusliku sisuga t\u00f6\u00f6tubadest ja p\u00e4eva l\u00f5pus pakub Mr. Garfield elamuslikku muusikalist kogemust.<\/strong>\n<\/p>\n<p>\n\tPerep\u00e4eva j\u00e4tkuks toimub kell 18\u201321 kontsert, millest kaks tundi sisustab Mr. Garfield. Kodanikunimega Tuudur Tamme on t\u00e4naseks muusikaga tegelenud juba pea 30 aastat. Tema muusikas kohtuvad kosmiline k\u00f5iksus, lootustandvad harmooniad ning m\u00f5nus annus mahedust. Inspiratsioon on eelk\u00f5ige tulnud loodusest ja 1980. aastate muusikast. Perep\u00e4eval m\u00e4ngib ta oma lemmikpalasid, mille j\u00e4rgi on k\u00f5ik huvilised oodatud tantsima.\n<\/p>\n<p>\n\tLinnupesade sari kuulub Elluj\u00e4\u00e4mise Kunstide Loodusloovusfestivali loovprogrammi, mis on osa Euroopa Kultuuripealinn Tartu 2024 p\u00f5hiprogrammist.\n<\/p>\n<p>\n\tTegu on avaliku \u00fcritusega. Korraldaja v\u00f5ib \u00fcritusel teha pilte, videoid ja helisalvestisi ning jagada neid nii osalejatega kui ka avalikes meediakanalites, samuti kasutada sarnaste \u00fcrituste turundamiseks.<\/p><\/div>\n        <\/div>\n        <\/div>\n    <\/div><div class=\"accordion mb-3\">\n        <div class=\"accordion-item accordion-item--white\">\n        <h2 class=\"accordion-header\" id=\"accordion-69d5b031b96ae-heading\">\n            <button class=\"accordion-button collapsed\" type=\"button\" data-bs-toggle=\"collapse\" data-bs-target=\"#accordion-69d5b031b96ae-collapse\" aria-expanded=\"true\" aria-controls=\"accordion-69d5b031b96ae-collapse\"><strong>10.6.2024 kell 18\u00a0Tartu \u00dclikooli loodusmuuseumis ekskursioon\u00a0Inge Kukega<\/strong><\/button>\n        <\/h2>\n        <div id=\"accordion-69d5b031b96ae-collapse\" class=\"accordion-collapse collapse\" aria-labelledby=\"accordion-69d5b031b96ae-heading\">\n            <div class=\"accordion-body\"><br><span style=\"color:#008000\"><span style=\"font-size:18px\"><strong>Linnupesade sari: Inge Kukk tutvustab Tartu \u00dclikooli loodusmuuseumis pesitsevaid Euroopa rahvuslinde<\/strong><\/span><\/span>\n\n<p>\n\t<strong>Linnupesade sarja kuuluvad Inge Kuke ekskursioonid rahvuslindest. Ekskursioonid toimuvad 10. juunil kell 18 ning 11. juunil kell 16 Tartu \u00dclikooli loodusmuuseumis.\u00a0<\/strong>\n<\/p>\n<p>\n\tTartu \u00dclikooli loodusmuuseum on ainuke koht Eestis, kus saab oma silmaga n\u00e4ha niiv\u00f5rd suurt hulka maailma eri nurkadest p\u00e4rit linde, kelle seast otsime v\u00e4lja 15 rahvuslinnu staatusesse t\u00f5stetud lindu ja kuulame nende h\u00e4\u00e4litsusi. Saame teada, miks algatati rahvuslindude valimine ning kuidas valisid erinevad riigid omale rahvuslinde. Uurime loodusmuuseumi vitriinides peamiselt Euroopa riikide rahvuslinde ja p\u00fc\u00fcame \u00e4ra arvata miks just \u00fcks v\u00f5i teine lind on t\u00f5stetud rahvuslinnu staatusesse.\u00a0\n<\/p>\n<p>\n\tEkskursiooni viib l\u00e4bi peaspetsialist Inge Kukk. Ta t\u00f6\u00f6tab Tartu \u00dclikooli loodusmuuseumi n\u00e4ituste ja loodushariduse osakonnas juba k\u00fcmme aastat, kus tema \u00fclesandeks on olnud p\u00fcsiekspositsiooni v\u00e4ljapanemine ning muuseumi ajalooga seotud n\u00e4ituste ja tr\u00fckiste koostamine.\u00a0\n<\/p>\n<p>\n\t\u201eOlles kunstiajaloo ja ajaloo taustaga, on mulle huvi pakkunud muuseumi ajaloo v\u00f5i eksponaatidega seotud \u201evalgete laikude\u201c k\u00f5rvaldamine. Loodusmuuseumi eksponaadid ei pea tutvustama mitte ainult \u00fche v\u00f5i teise liigi paiknemist eluslooduse s\u00fcstemaatikas, vaid k\u00fclastajat huvitab ka eksponaatide sattumine muuseumisse \u2013 nendega seotud t\u00f5ep\u00e4rased v\u00f5i legendilaadsed lood, mille v\u00e4ljaselgitamine on mullegi huvitav,\u201c s\u00f5nas Inge Kukk.\n<\/p>\n<p>\n\tRahvuslindude ekskursioonid toimuvad 10. juunil kell 18 ja 11. juunil kell 16. Osav\u00f5tt on tasuta. Eelnevalt tuleb registreeruda telefonil 737 6076 v\u00f5i e-posti aadressil <a href=\"mailto:loodusmuuseum@ut.ee\" rel=\"noreferrer noopener\" target=\"_blank\">loodusmuuseum@ut.ee<\/a>.\n<\/p>\n<p>\n\tLinnupesade sari kuulub Elluj\u00e4\u00e4mise Kunstide Loodusloovusfestivali loovprogrammi, mis on osa Euroopa Kultuuripealinn Tartu 2024 p\u00f5hiprogrammist.\n<\/p>\n<p>\n\tTegu on avaliku \u00fcritusega. Korraldaja v\u00f5ib \u00fcritusel teha pilte, videoid ja helisalvestisi ning jagada neid nii osalejatega kui ka avalikes meediakanalites, samuti kasutada sarnaste \u00fcrituste turundamiseks.<\/p><\/div>\n        <\/div>\n        <\/div>\n    <\/div><div class=\"accordion mb-3\">\n        <div class=\"accordion-item accordion-item--white\">\n        <h2 class=\"accordion-header\" id=\"accordion-69d5b031b96bb-heading\">\n            <button class=\"accordion-button collapsed\" type=\"button\" data-bs-toggle=\"collapse\" data-bs-target=\"#accordion-69d5b031b96bb-collapse\" aria-expanded=\"true\" aria-controls=\"accordion-69d5b031b96bb-collapse\"><strong>11.6.2024 kell 16\u00a0Tartu \u00dclikooli loodusmuuseumis ekskursioon\u00a0Inge Kukega<\/strong><\/button>\n        <\/h2>\n        <div id=\"accordion-69d5b031b96bb-collapse\" class=\"accordion-collapse collapse\" aria-labelledby=\"accordion-69d5b031b96bb-heading\">\n            <div class=\"accordion-body\"><br><strong><span style=\"color:#008000\"><span><span style=\"font-size:18px\">Linnupesade sari: Inge Kukk tutvustab Tartu \u00dclikooli loodusmuuseumis pesitsevaid Euroopa rahvuslinde\u00a0<\/span><\/span><\/span><\/strong>\n\n<p>\n\t<strong>Linnupesade sarja kuuluvad Inge Kuke ekskursioonid rahvuslindest. Ekskursioonid toimuvad 10. juunil kell 18 ning 11. juunil kell 16 Tartu \u00dclikooli loodusmuuseumis.\u00a0<\/strong>\n<\/p>\n<p>\n\tTartu \u00dclikooli loodusmuuseum on ainuke koht Eestis, kus saab oma silmaga n\u00e4ha niiv\u00f5rd suurt hulka maailma eri nurkadest p\u00e4rit linde, kelle seast otsime v\u00e4lja 15 rahvuslinnu staatusesse t\u00f5stetud lindu ja kuulame nende h\u00e4\u00e4litsusi. Saame teada, miks algatati rahvuslindude valimine ning kuidas valisid erinevad riigid omale rahvuslinde. Uurime loodusmuuseumi vitriinides peamiselt Euroopa riikide rahvuslinde ja p\u00fc\u00fcame \u00e4ra arvata miks just \u00fcks v\u00f5i teine lind on t\u00f5stetud rahvuslinnu staatusesse.\u00a0\n<\/p>\n<p>\n\tEkskursiooni viib l\u00e4bi peaspetsialist Inge Kukk. Ta t\u00f6\u00f6tab Tartu \u00dclikooli loodusmuuseumi n\u00e4ituste ja loodushariduse osakonnas juba k\u00fcmme aastat, kus tema \u00fclesandeks on olnud p\u00fcsiekspositsiooni v\u00e4ljapanemine ning muuseumi ajalooga seotud n\u00e4ituste ja tr\u00fckiste koostamine.\u00a0\n<\/p>\n<p>\n\t\u201eOlles kunstiajaloo ja ajaloo taustaga, on mulle huvi pakkunud muuseumi ajaloo v\u00f5i eksponaatidega seotud \u201evalgete laikude\u201c k\u00f5rvaldamine. Loodusmuuseumi eksponaadid ei pea tutvustama mitte ainult \u00fche v\u00f5i teise liigi paiknemist eluslooduse s\u00fcstemaatikas, vaid k\u00fclastajat huvitab ka eksponaatide sattumine muuseumisse \u2013 nendega seotud t\u00f5ep\u00e4rased v\u00f5i legendilaadsed lood, mille v\u00e4ljaselgitamine on mullegi huvitav,\u201c s\u00f5nas Inge Kukk.\n<\/p>\n<p>\n\tRahvuslindude ekskursioonid toimuvad 10. juunil kell 18 ja 11. juunil kell 16. Osav\u00f5tt on tasuta. Eelnevalt tuleb registreeruda telefonil 737 6076 v\u00f5i e-posti aadressil <a href=\"mailto:loodusmuuseum@ut.ee\" rel=\"noreferrer noopener\" target=\"_blank\">loodusmuuseum@ut.ee<\/a>.\n<\/p>\n<p>\n\tLinnupesade sari kuulub Elluj\u00e4\u00e4mise Kunstide Loodusloovusfestivali loovprogrammi, mis on osa Euroopa Kultuuripealinn Tartu 2024 p\u00f5hiprogrammist.\n<\/p>\n<p>\n\tTegu on avaliku \u00fcritusega. Korraldaja v\u00f5ib \u00fcritusel teha pilte, videoid ja helisalvestisi ning jagada neid nii osalejatega kui ka avalikes meediakanalites, samuti kasutada sarnaste \u00fcrituste turundamiseks.<\/p><\/div>\n        <\/div>\n        <\/div>\n    <\/div>\n","protected":false},"excerpt":{"rendered":"<p>Linnupesade sari on kontsertide ja luule\u00fcrituste kimp. Uuri linnupesi ja tule \u00fcritustele! 10.3.2024 kell 16 Tartu \u00dclikooli botaanikaaias laulja Lisanna Kuninga kontsert Linnupesade sarja avab laulja Lisanna Kuningas\u00a0 P\u00fchap\u00e4eval, 10. m\u00e4rtsil kell 16 esineb Tartu \u00dclikooli botaanikaaias Loodusloovusfestivali linnupesade sarja &#8230;<\/p>\n","protected":false},"author":54,"featured_media":0,"parent":0,"menu_order":0,"comment_status":"closed","ping_status":"closed","template":"","meta":{"_acf_changed":false,"inline_featured_image":false,"footnotes":""},"class_list":["post-28","page","type-page","status-publish","hentry"],"acf":[],"_links":{"self":[{"href":"https:\/\/sisu.ut.ee\/loodusfestival\/wp-json\/wp\/v2\/pages\/28","targetHints":{"allow":["GET"]}}],"collection":[{"href":"https:\/\/sisu.ut.ee\/loodusfestival\/wp-json\/wp\/v2\/pages"}],"about":[{"href":"https:\/\/sisu.ut.ee\/loodusfestival\/wp-json\/wp\/v2\/types\/page"}],"author":[{"embeddable":true,"href":"https:\/\/sisu.ut.ee\/loodusfestival\/wp-json\/wp\/v2\/users\/54"}],"replies":[{"embeddable":true,"href":"https:\/\/sisu.ut.ee\/loodusfestival\/wp-json\/wp\/v2\/comments?post=28"}],"version-history":[{"count":1,"href":"https:\/\/sisu.ut.ee\/loodusfestival\/wp-json\/wp\/v2\/pages\/28\/revisions"}],"predecessor-version":[{"id":678,"href":"https:\/\/sisu.ut.ee\/loodusfestival\/wp-json\/wp\/v2\/pages\/28\/revisions\/678"}],"wp:attachment":[{"href":"https:\/\/sisu.ut.ee\/loodusfestival\/wp-json\/wp\/v2\/media?parent=28"}],"curies":[{"name":"wp","href":"https:\/\/api.w.org\/{rel}","templated":true}]}}