{"id":25,"date":"2024-04-04T00:29:02","date_gmt":"2024-04-03T21:29:02","guid":{"rendered":"https:\/\/sisu.ut.ee\/loodusfestival\/korraldajad-0\/"},"modified":"2024-06-02T08:26:17","modified_gmt":"2024-06-02T05:26:17","slug":"partnerid","status":"publish","type":"page","link":"https:\/\/sisu.ut.ee\/loodusfestival\/partnerid\/","title":{"rendered":"Partnerid"},"content":{"rendered":"<p><span style=\"color: #006400;\"><strong><span style=\"font-size: 16px;\">LOODUSFESTIVALI S\u00dcNDMUSEID ON KORRALDANUD:<\/span><\/strong><\/span><\/p>\n<p><strong>Tartu \u00dclikooli loodusmuuseum ja botaanikaaed<\/strong><br>\n<a href=\"https:\/\/www.natmuseum.ut.ee\/\">https:\/\/www.natmuseum.ut.ee\/<\/a><\/p>\n<p dir=\"ltr\"><strong>Tartu \u00dclikooli maailma keelte ja kultuuride kolled\u017e<\/strong><br>\nhttps:\/\/www.maailmakeeled.ut.ee\/et<\/p>\n<p dir=\"ltr\"><strong>Tartu \u00dclikooli filosoofia\u00a0ja semiootika instituut<\/strong><br>\nhttps:\/\/filsem.ut.ee\/et<\/p>\n<p dir=\"ltr\"><strong>Prantsuse Instituut Eestis<\/strong><br>\n<a href=\"https:\/\/ife.ee\/\">https:\/\/ife.ee\/<\/a><\/p>\n<p dir=\"ltr\"><strong>Eesti Kultuurkapital<\/strong><br>\n<a href=\"https:\/\/www.kulka.ee\/et\">https:\/\/www.kulka.ee\/et<\/a><\/p>\n<p dir=\"ltr\"><strong>Tartu Kunstimaja<\/strong><br>\n<a href=\"http:\/\/kunstimaja.ee\/\">http:\/\/kunstimaja.ee\/<\/a><\/p>\n<p dir=\"ltr\"><strong>Tartmus<\/strong><br>\n<a href=\"https:\/\/tartmus.ee\/\">https:\/\/tartmus.ee\/<\/a><\/p>\n<p dir=\"ltr\"><strong>Eesti Maa\u00fclikool<\/strong><br>\n<a href=\"https:\/\/www.emu.ee\/\">https:\/\/www.emu.ee\/<\/a><\/p>\n<p dir=\"ltr\"><strong>EM\u00dc V\u00f5rtsj\u00e4rve \u00f5ppekeskus<\/strong><br>\n<a href=\"https:\/\/kalala.emu.ee\/\">https:\/\/kalala.emu.ee\/<\/a><\/p>\n<p dir=\"ltr\"><strong>Eesti Ornitoloogia\u00fching<\/strong><br>\n<a href=\"http:\/\/www.eoy.ee\/\">www.eoy.ee<\/a><\/p>\n<p dir=\"ltr\"><strong>Eestimaa Looduse Fond<\/strong><br>\n<a href=\"https:\/\/elfond.ee\/elf\">https:\/\/elfond.ee\/elf<\/a><\/p>\n<p dir=\"ltr\"><strong>Eesti Roheline Liikumine<\/strong><br>\n<a href=\"https:\/\/roheline.ee\/\">https:\/\/roheline.ee\/<\/a><\/p>\n<p dir=\"ltr\"><strong>Emaj\u00f5e Aed<\/strong><br>\nhttps:\/\/emajoeaed.weebly.com<\/p>\n<p dir=\"ltr\"><strong>J\u00f5e- ja J\u00e4rvehuntide Akadeemia<\/strong><br>\n<a href=\"https:\/\/joehundid.ee\/\">https:\/\/joehundid.ee\/<\/a><br>\n<a href=\"https:\/\/lodi.ee\/\">https:\/\/lodi.ee\/<\/a><\/p>\n<p dir=\"ltr\"><strong>Tartu \u00dcli\u00f5pilaste Looduskaitsering<\/strong><br>\n<a href=\"https:\/\/ring.ee\/\">https:\/\/ring.ee\/<\/a><\/p>\n<p dir=\"ltr\"><strong>Tartu Maheaed<\/strong><br>\n<a href=\"https:\/\/tootsipeenar.wordpress.com\/\">https:\/\/tootsipeenar.wordpress.com\/<\/a><\/p>\n<p dir=\"ltr\"><strong>J\u00e4\u00e4aja Keskus<\/strong><br>\n<a href=\"https:\/\/jaaaeg.ee\/\">https:\/\/jaaaeg.ee\/<\/a><\/p>\n<p dir=\"ltr\"><strong>Tallinna Botaanikaaed<\/strong><br>\n<a href=\"https:\/\/botaanikaaed.ee\/\">https:\/\/botaanikaaed.ee\/<\/a><\/p>\n<p dir=\"ltr\"><strong>Tallinna Loomaaed<\/strong><br>\n<a href=\"https:\/\/tallinnzoo.ee\/\">https:\/\/tallinnzoo.ee\/<\/a><\/p>\n<p dir=\"ltr\"><strong>Tartu Loodusmaja<\/strong><br>\n<a href=\"https:\/\/www.tartuloodusmaja.ee\/\">https:\/\/www.tartuloodusmaja.ee\/<\/a><\/p>\n<p dir=\"ltr\"><strong>R\u00e4pina Aianduskool<\/strong><br>\n<a href=\"https:\/\/www.aianduskool.ee\/\">https:\/\/www.aianduskool.ee\/<\/a><\/p>\n<p dir=\"ltr\"><strong>Pernova Loodusmaja<\/strong><br>\n<a href=\"https:\/\/www.pernova.ee\/loodusmaja\/\">https:\/\/www.pernova.ee\/loodusmaja\/<\/a><\/p>\n<p dir=\"ltr\"><strong>Bioneer<\/strong><br>\n<a href=\"https:\/\/bioneer.ee\/\">https:\/\/bioneer.ee\/<\/a><\/p>\n<p dir=\"ltr\"><strong>Pisirohe<\/strong><br>\n<a href=\"https:\/\/pisirohe.ee\/\">https:\/\/pisirohe.ee\/<\/a><\/p>\n<p dir=\"ltr\"><strong>Fotografiska<\/strong><br>\n<a href=\"https:\/\/www.fotografiska.com\/tallinn\">https:\/\/www.fotografiska.com\/tallinn<\/a><\/p>\n<p dir=\"ltr\"><strong>Peipsi Koost\u00f6\u00f6 Keskus<\/strong><br>\n<a href=\"http:\/\/www.ctc.ee\/et\">http:\/\/www.ctc.ee\/et<\/a><\/p>\n<p dir=\"ltr\"><strong>Teaduskeskus AHHAA<\/strong><br>\n<a href=\"https:\/\/ahhaa.ee\/et\">https:\/\/ahhaa.ee\/et<\/a><\/p>\n<p dir=\"ltr\"><strong>Eesti Kirjandusmuuseum<\/strong><br>\nhttps:\/\/www.kirmus.ee\/et<\/p>\n<p dir=\"ltr\"><strong>Eesti Rahvaluule Arhiiv (ERA)<\/strong><br>\nhttp:\/\/www.folklore.ee\/era\/ava.htm<\/p>\n<p dir=\"ltr\"><strong>Keskkonnainvesteeringute Keskus (KIK)<\/strong><br>\nhttps:\/\/www.kik.ee\/et<\/p>\n<p dir=\"ltr\"><strong>Keskkonnaamet<\/strong><br>\nhttps:\/\/keskkonnaamet.ee\/<\/p>\n<p dir=\"ltr\"><strong>Rohekratt<\/strong><br>\n<a href=\"http:\/\/www.kratikoda.ee\/\" target=\"_blank\" rel=\"noopener noreferrer\" data-auth=\"NotApplicable\" data-linkindex=\"3\" data-ogsc=\"\">www.kratikoda.ee<\/a><\/p>\n<p dir=\"ltr\"><strong>TYPA<\/strong><br>\nhttps:\/\/typa.ee\/<\/p>\n<p dir=\"ltr\"><strong>Liina Lember<\/strong><br>\nhttps:\/\/liinalember.com\/<\/p>\n<p dir=\"ltr\"><strong>Linnuvaatleja<\/strong><br>\nhttps:\/\/linnuvaatleja.ee\/<\/p>\n<p dir=\"ltr\"><strong>Erkki Otsman ja Allan Jakobi<\/strong><\/p>\n<p dir=\"ltr\"><strong>Estonian Fashion Festival<\/strong><br>\nhttps:\/\/fashionfestival.ee\/<\/p>\n<p dir=\"ltr\"><strong>Riina Kasterpalu<\/strong><br>\nhttps:\/\/www.tulesina.ee\/<\/p>\n<p dir=\"ltr\"><strong>Kennet J\u00e4dal<\/strong><\/p>\n<p dir=\"ltr\"><strong>Peep Tobreluts<\/strong><\/p>\n<p dir=\"ltr\"><strong>Euroopa kultuuripealinn Tartu projekt\u00a0\u201eKasvades oma toiduga\u201c<\/strong><br>\nhttps:\/\/tartu2024.ee\/kasvadesomatoiduga<\/p>\n<p dir=\"ltr\"><strong>V\u00f5rumaa Keskraamatukogu<\/strong><\/p>\n<p dir=\"ltr\"><strong>Loodusemees<\/strong><br>\n<a href=\"https:\/\/loodusemees.ee\">https:\/\/loodusemees.ee<\/a><\/p>\n<p dir=\"ltr\">\n<\/p>","protected":false},"excerpt":{"rendered":"<p>LOODUSFESTIVALI S\u00dcNDMUSEID ON KORRALDANUD: Tartu \u00dclikooli loodusmuuseum ja botaanikaaed https:\/\/www.natmuseum.ut.ee\/ Tartu \u00dclikooli maailma keelte ja kultuuride kolled\u017e https:\/\/www.maailmakeeled.ut.ee\/et Tartu \u00dclikooli filosoofia\u00a0ja semiootika instituut https:\/\/filsem.ut.ee\/et Prantsuse Instituut Eestis https:\/\/ife.ee\/ Eesti Kultuurkapital https:\/\/www.kulka.ee\/et Tartu Kunstimaja http:\/\/kunstimaja.ee\/ Tartmus https:\/\/tartmus.ee\/ Eesti Maa\u00fclikool https:\/\/www.emu.ee\/ EM\u00dc &#8230;<\/p>\n","protected":false},"author":54,"featured_media":0,"parent":0,"menu_order":0,"comment_status":"closed","ping_status":"closed","template":"","meta":{"_acf_changed":false,"inline_featured_image":false,"footnotes":""},"class_list":["post-25","page","type-page","status-publish","hentry"],"acf":[],"_links":{"self":[{"href":"https:\/\/sisu.ut.ee\/loodusfestival\/wp-json\/wp\/v2\/pages\/25","targetHints":{"allow":["GET"]}}],"collection":[{"href":"https:\/\/sisu.ut.ee\/loodusfestival\/wp-json\/wp\/v2\/pages"}],"about":[{"href":"https:\/\/sisu.ut.ee\/loodusfestival\/wp-json\/wp\/v2\/types\/page"}],"author":[{"embeddable":true,"href":"https:\/\/sisu.ut.ee\/loodusfestival\/wp-json\/wp\/v2\/users\/54"}],"replies":[{"embeddable":true,"href":"https:\/\/sisu.ut.ee\/loodusfestival\/wp-json\/wp\/v2\/comments?post=25"}],"version-history":[{"count":3,"href":"https:\/\/sisu.ut.ee\/loodusfestival\/wp-json\/wp\/v2\/pages\/25\/revisions"}],"predecessor-version":[{"id":2108,"href":"https:\/\/sisu.ut.ee\/loodusfestival\/wp-json\/wp\/v2\/pages\/25\/revisions\/2108"}],"wp:attachment":[{"href":"https:\/\/sisu.ut.ee\/loodusfestival\/wp-json\/wp\/v2\/media?parent=25"}],"curies":[{"name":"wp","href":"https:\/\/api.w.org\/{rel}","templated":true}]}}