{"id":20,"date":"2024-04-04T00:29:01","date_gmt":"2024-04-03T21:29:01","guid":{"rendered":"https:\/\/sisu.ut.ee\/loodusfestival\/vaatlusalade-registreerimine\/"},"modified":"2024-04-04T00:36:18","modified_gmt":"2024-04-03T21:36:18","slug":"vaatlusalade-registreerimine","status":"publish","type":"page","link":"https:\/\/sisu.ut.ee\/loodusfestival\/vaatlusalade-registreerimine\/","title":{"rendered":"Vaatlusalade registreerimine"},"content":{"rendered":"<div>\n\t<strong style=\"arial,helvetica,sans-serif;14px;font-style:normal;font-variant:normal;font-weight:700;letter-spacing:normal;text-align:left;text-decoration:none;text-indent:0px;text-transform:none\">Loodusvaatluste maraton toimub 6.\u20137. juunil 2020.<\/strong><span style=\"float:none;arial,helvetica,sans-serif;14px;font-style:normal;font-variant:normal;font-weight:400;letter-spacing:normal;text-align:left;text-decoration:none;text-indent:0px;text-transform:none\"> <\/span><span style=\"font-family:Arial,Helvetica,sans-serif\"><font style=\"background-color:#ffffff\"><strong>Vaatlusalade registreerimine on avatud kuni 24. mai 2020. <\/strong><\/font><span style=\"font-size:16px\"><strong><a title=\"\" href=\"http:\/\/bit.ly\/LVM_registreerimine2020\" target=\"_blank\" data-url=\"http:\/\/bit.ly\/LVM_registreerimine2020\" rel=\"noopener\">REGISTREERIMA<\/a><\/strong><\/span><\/span>\n<\/div>\n<div>\n\t<span style=\"font-family:Arial,Helvetica,sans-serif\"><font style=\"background-color:#ffffff\">Loe ka <\/font><\/span><strong><a title=\"\" href=\"http:\/\/loodusfestival.ee\/lvmkkk\" target=\"_blank\" data-url=\"http:\/\/loodusfestival.ee\/lvmkkk\" rel=\"noopener\">korduma kippuvaid k\u00fcsimusi<\/a><\/strong><span style=\"font-family:Arial,Helvetica,sans-serif\"><font style=\"background-color:#ffffff\">, tutvu vaatlusalade kategooriatega allpool ja v<\/font><font style=\"background-color:#ffffff\">aata Loodusvaatluste maratoni <\/font><\/span><strong><a title=\"\" href=\"https:\/\/youtu.be\/1Q_iE4pfflU?t=1\" target=\"_blank\" data-url=\"https:\/\/youtu.be\/1Q_iE4pfflU?t=1\" rel=\"noopener\">\u00f5ppevideot<\/a><\/strong><span style=\"font-family:Arial,Helvetica,sans-serif\"><font style=\"background-color:#ffffff\">.\u00a0<\/font><\/span>\n<\/div>\n<div>\n\t\u00a0\n<\/div>\n<div>\n<p>\n\t\t<\/p><div class=\"accordion mb-3\">\n        <div class=\"accordion-item accordion-item--white\">\n        <h2 class=\"accordion-header\" id=\"accordion-69d5fe5f1870b-heading\">\n            <button class=\"accordion-button collapsed\" type=\"button\" data-bs-toggle=\"collapse\" data-bs-target=\"#accordion-69d5fe5f1870b-collapse\" aria-expanded=\"true\" aria-controls=\"accordion-69d5fe5f1870b-collapse\">Loodusvaatluste maraton Covid-19 olukorras<\/button>\n        <\/h2>\n        <div id=\"accordion-69d5fe5f1870b-collapse\" class=\"accordion-collapse collapse\" aria-labelledby=\"accordion-69d5fe5f1870b-heading\">\n            <div class=\"accordion-body\">Sellel aastal on maratoni toimumisele pannud oma pitseri Covid-19 ning riigis kehtestatud eriolukord. Kuna hetkel pole v\u00f5imalik prognoosida, millised piirangud maratoni ajal kehtivad, siis peame l\u00e4htuma 2 + 2 reeglist. See t\u00e4hendab, et ei saa korraldada ettekandeid, r\u00fchmadega loodusretki v\u00f5i muid grupiviisilisi tegevusi. V\u00f5imalik on registreerida avalikke ja privaatseid vaatlusalasid. Kui selgub, et enne vaatlusmaratoni toimumist on lubatud ka grupiviisilised tegevused, siis v\u00f5ivad avalike vaatlusalade koordinaatorid juhendatud vaatlusretki v\u00f5i loenguid riiklikult kehtestatud n\u00f5udeid arvesse v\u00f5ttes programmi lisada. Sel juhul levitavad seda infot alade koordinaatorid. Soovitame registreerida oma ala eraldi Facebooki s\u00fcndmusena ning k\u00f5ige viimast infot just seal jagada. Sel juhul saavad peakorraldajad inimesi juhatada hetkel kehtiva infoni.\n\t\n<p>\n\t\tMida teha saab?\n\t<\/p>\n<p>\n\t\tKuna loodusvaatluste maratoni \u00fcheks eesm\u00e4rgiks on vaatlusalade liikide nimekirja loomine, siis siis seda saab vaatluste p\u00f5hjal teha ka 2+2 reeglit j\u00e4rgides. Vaatlejad saavad kahekaupa ja perekonniti looduses liikuda ning vaatlustarkvara kasutades, laadida \u00fcles vaadeldud liikide fotosid, mis on m\u00e4\u00e4rangute aluseks. Loodusvaatluste maratoni peakorraldajad j\u00e4lgivad, et sellised vaatlused saaks ekspertide poolt m\u00e4\u00e4ratud. Koordinaatorid v\u00f5iks jagada enda kanalite kaudu soovitusi, kus ja kuidas alal liikuda. Kuna oluline roll on vaatleja tehtavatel fotodel, videotel ja helifailidel, teeme vaatlusperioodiks k\u00e4ttesaadavaks soovitused, milliste liigir\u00fchmade fotodest on abi ning kuidas t\u00e4psemalt fotosid\/videosid\/helisalvestusi teha.<\/p><\/div>\n        <\/div>\n        <\/div>\n    <\/div>\n\t\n<\/div>\n<div>\n\t\u00a0\n<\/div>\n<div>\n\t<strong><span style=\"font-family:Arial,Helvetica,sans-serif\"><span style=\"color:#000080\"><span style=\"font-size:18px\"><font style=\"background-color:#ffffff\">VAATLUSALADE KATEGOORIAD<\/font><\/span><\/span><\/span><\/strong>\n<\/div>\n<div>\n\t<span style=\"font-family:Arial,Helvetica,sans-serif\"><font style=\"background-color:#ffffff\"><span style=\"color:#ff0000\">NB! Seoses piirangutega avalike s\u00fcndmuste korraldamisel \u00fchtlustame vaatlusalade \u201cKuldkingad\u201d, \u201cH\u00f5behaigrud\u201d ja \u201cVask\u00f6\u00f6lased\u201d reegleid.<\/span><\/font><font style=\"background-color:#ffffff\"> <span style=\"color:#ff0000\">Nendel aladel toimub kontaktivaba loodusvaatluste tegemine ning staabi ja juhendaja n\u00f5uet ei ole. Palume j\u00e4lgida konkreetse vaatlusala infot.<\/span><\/font><\/span>\n<\/div>\n<div>\n\t\u00a0\n<\/div>\n<div>\n\t\u00a0\n<\/div>\n<div>\n\t<img loading=\"lazy\" decoding=\"async\" width=\"809\" height=\"700\" class=\"alignnone wp-image-110\" src=\"https:\/\/sisu.ut.ee\/wp-content\/uploads\/sites\/123\/loodusvaatluste_maraton_vaatlusalad_v2ike.png\" title=\"Loodusvaatluste maratoni vaatlusalade kategooriad\" alt=\"Loodusvaatluste maratoni vaatlusalade kategooriad\" srcset=\"https:\/\/sisu.ut.ee\/wp-content\/uploads\/sites\/123\/loodusvaatluste_maraton_vaatlusalad_v2ike.png 809w, https:\/\/sisu.ut.ee\/wp-content\/uploads\/sites\/123\/loodusvaatluste_maraton_vaatlusalad_v2ike-300x260.png 300w, https:\/\/sisu.ut.ee\/wp-content\/uploads\/sites\/123\/loodusvaatluste_maraton_vaatlusalad_v2ike-768x665.png 768w\" sizes=\"auto, (max-width: 809px) 100vw, 809px\">\n<\/div>\n<div>\n\t\u00a0\n<\/div>\n<div>\n\t<span style=\"text-align: left;text-transform: none;text-indent: 0px;letter-spacing: normal;font-style: normal;font-variant: normal;font-weight: 400;text-decoration: none;float: none\">Vaatlusala registreerimisel on v\u00f5imalik valida nelja erineva vaatlusala kategooria vahel. <\/span><span style=\"color:#ff0000\"><span style=\"text-align: left;text-transform: none;text-indent: 0px;letter-spacing: normal;font-style: normal;font-variant: normal;font-weight: 400;text-decoration: none;float: none\"><strong>NB! Vaatlusala kategooria ei kohusta maratonialal leidma v\u00f5i vaatlema nimes sisalduvat liiki.<\/strong>\u00a0<\/span><\/span>\n<\/div>\n<div>\n\t\u00a0\n<\/div>\n<ul>\n<li>\n\t\t<span style=\"font-family:Arial,Helvetica,sans-serif\"><span style=\"font-size:16px\"><strong><font style=\"background-color:#ffffff\">Kuldkingad (avalik vaatlusala staabi ja juhendajaga) <\/font><\/strong><\/span><\/span>\n\t<\/li>\n<\/ul>\n<div>\n\t<span style=\"font-family:Arial,Helvetica,sans-serif\"><font style=\"background-color:#ffffff\">Vaatlusalal on koordinaator, kes vastutab tegevuste eest ja on vaatlejaile kontaktisikuks, panustab omalt poolt ka kommunikatsiooni, et leida osalejaid.<br>Vaatlusalal peab olema v\u00f5imalik teha vaatlusi 24 tunni jooksul (tagatud ligip\u00e4\u00e4s vaatlusterritooriumile).<br>Vaatlusalal on staap, kus on ka abivahendeid loomade ja taimede m\u00e4\u00e4ramiseks jms.<br>Vaatlusalal on abiks v\u00e4hemalt 1 erialaspetsialist, kes aitab teatud liigir\u00fchmi m\u00e4\u00e4rata.<br>Vaatlusalal korraldatakse v\u00e4hemalt 1 loodusharidusliku sisuga \u00fcritus, loeng vms.<\/font><\/span>\n<\/div>\n<div>\n\t\u00a0\n<\/div>\n<ul>\n<li>\n\t\t<span style=\"font-family:Arial,Helvetica,sans-serif\"><strong><span style=\"font-size:16px\"><font style=\"background-color:#ffffff\">H\u00f5behaigrud (avalik vaatlusala juhendajaga, staapi ei ole) <\/font><\/span><\/strong><\/span>\n\t<\/li>\n<\/ul>\n<div>\n\t<span style=\"font-family:Arial,Helvetica,sans-serif\"><font style=\"background-color:#ffffff\">Vaatlusalal on koordinaator, kes vastutab tegevuste eest ja on vaatlejaile kontaktisikuks.<br>Vaatlusalal peab olema v\u00f5imalik teha vaatlusi 24 tunni jooksul (tagatud ligip\u00e4\u00e4s vaatlusterritooriumile).<br>Vaatlusalal on abiks v\u00e4hemalt 1 erialaspetsialist, kes aitab teatud liigir\u00fchmi m\u00e4\u00e4rata.<\/font><\/span>\n<\/div>\n<div>\n\t\u00a0\n<\/div>\n<ul>\n<li>\n\t\t<span style=\"font-family:Arial,Helvetica,sans-serif\"><span style=\"font-size:16px\"><strong><font style=\"background-color:#ffffff\">Vask\u00f6\u00f6lased (avalik vaatlusala, iseteenindus) <\/font><\/strong><\/span><\/span>\n\t<\/li>\n<\/ul>\n<div>\n\t<span style=\"font-family:Arial,Helvetica,sans-serif\"><font style=\"background-color:#ffffff\">Vaatlusala kontaktisik annab korraldajatele infot vaatluspunkti kohta.<br>Vaatlusalal peab olema v\u00f5imalik teha vaatlusi 24 tunni jooksul (tagatud ligip\u00e4\u00e4s vaatlusterritooriumile).<\/font><\/span>\n<\/div>\n<div>\n\t\u00a0\n<\/div>\n<ul>\n<li>\n\t\t<span style=\"font-family:Arial,Helvetica,sans-serif\"><span style=\"font-size:16px\"><strong><font style=\"background-color:#ffffff\">Eremiitp\u00f5rnikad (avalik juurdep\u00e4\u00e4s puudub) <\/font><\/strong><\/span><\/span>\n\t<\/li>\n<\/ul>\n<div>\n\t<span style=\"font-family:Arial,Helvetica,sans-serif\"><font style=\"background-color:#ffffff\">Vaatlusala kontaktisik annab korraldajatele infot vaatluspunkti kohta.<br>Vaatlusala on eramaal, avalik juurdep\u00e4\u00e4s puudub. <\/font><\/span>\n<\/div>\n<div>\n\t\u00a0\n<\/div>\n<div>\n\t<span style=\"font-family:Arial,Helvetica,sans-serif\"><span style=\"font-size:16px\"><strong><a title=\"\" href=\"http:\/\/bit.ly\/LVM_registreerimine2020\" target=\"_blank\" data-url=\"http:\/\/bit.ly\/LVM_registreerimine2020\" rel=\"noopener\">REGISTREERIMA<\/a><\/strong><\/span><\/span>\n<\/div>\n","protected":false},"excerpt":{"rendered":"<p>Loodusvaatluste maraton toimub 6.\u20137. juunil 2020. Vaatlusalade registreerimine on avatud kuni 24. mai 2020. REGISTREERIMA Loe ka korduma kippuvaid k\u00fcsimusi, tutvu vaatlusalade kategooriatega allpool ja vaata Loodusvaatluste maratoni \u00f5ppevideot.\u00a0 \u00a0 Loodusvaatluste maraton Covid-19 olukorras Sellel aastal on maratoni toimumisele pannud &#8230;<\/p>\n","protected":false},"author":54,"featured_media":0,"parent":0,"menu_order":0,"comment_status":"closed","ping_status":"closed","template":"","meta":{"_acf_changed":false,"inline_featured_image":false,"footnotes":""},"class_list":["post-20","page","type-page","status-publish","hentry"],"acf":[],"_links":{"self":[{"href":"https:\/\/sisu.ut.ee\/loodusfestival\/wp-json\/wp\/v2\/pages\/20","targetHints":{"allow":["GET"]}}],"collection":[{"href":"https:\/\/sisu.ut.ee\/loodusfestival\/wp-json\/wp\/v2\/pages"}],"about":[{"href":"https:\/\/sisu.ut.ee\/loodusfestival\/wp-json\/wp\/v2\/types\/page"}],"author":[{"embeddable":true,"href":"https:\/\/sisu.ut.ee\/loodusfestival\/wp-json\/wp\/v2\/users\/54"}],"replies":[{"embeddable":true,"href":"https:\/\/sisu.ut.ee\/loodusfestival\/wp-json\/wp\/v2\/comments?post=20"}],"version-history":[{"count":1,"href":"https:\/\/sisu.ut.ee\/loodusfestival\/wp-json\/wp\/v2\/pages\/20\/revisions"}],"predecessor-version":[{"id":686,"href":"https:\/\/sisu.ut.ee\/loodusfestival\/wp-json\/wp\/v2\/pages\/20\/revisions\/686"}],"wp:attachment":[{"href":"https:\/\/sisu.ut.ee\/loodusfestival\/wp-json\/wp\/v2\/media?parent=20"}],"curies":[{"name":"wp","href":"https:\/\/api.w.org\/{rel}","templated":true}]}}