{"id":11,"date":"2024-04-04T00:29:01","date_gmt":"2024-04-03T21:29:01","guid":{"rendered":"https:\/\/sisu.ut.ee\/loodusfestival\/festivali-programm-2023\/"},"modified":"2024-04-04T00:36:18","modified_gmt":"2024-04-03T21:36:18","slug":"festivali-programm-2023","status":"publish","type":"page","link":"https:\/\/sisu.ut.ee\/loodusfestival\/festivali-programm-2023\/","title":{"rendered":"Loodusfestival 2023"},"content":{"rendered":"<p>\n\t<img loading=\"lazy\" decoding=\"async\" alt=\"Loodusfestival 2023\" data-file_info=\"%7B%22fid%22:%2275628%22,%22view_mode%22:%22default%22,%22type%22:%22media%22%7D\" height=\"345\" src=\"https:\/\/sisu.ut.ee\/wp-content\/uploads\/sites\/123\/vilf_23_3_transparent.png\" title=\"\" width=\"1535\">\n<\/p>\n<p>\n\tJ\u00e4rjekorras \u00fcheksas Loodusfestival toimus 7.\u201311. juunini ning keskendus aedade elule ja ilurikkusele.\n<\/p>\n<p>\n\tLoodusfestivali seekordne peateema oli \u201eElu aed\u201d. Viie p\u00e4eva jooksul toimus palju p\u00f5nevaid t\u00f6\u00f6tubasid, kontserte, loenguid, vestlusringe, loodusretki ning ekskursioone, mis tutvustasid n\u00e4iteks valgusreostuse m\u00f5ju \u00f6\u00f6liblikatele, \u00f5petasid \u00e4ra tundma linde laulu j\u00e4rgi, s\u00f6\u00f6giks tarvitama metsikuid taimeliike, k\u00e4sitlesid looduss\u00e4stlikke elustiiliteemasid, arutlesid elurikkuse v\u00e4\u00e4rtuste\u00a0\u00fcle ning pakkusid loodusest inspireeritud muusikaelamusi.\u00a0Kokku osales programmi koostamisel ja korraldamisel rohkem kui 20 asutust ning eraisikut. Kavas leidus s\u00fcndmuseid Tartus ja Tartumaal, R\u00e4pinas, Tallinnas ja V\u00f5rus, isegi veebis, kokku ligi 60 s\u00fcndmust. S\u00fcndmustest osav\u00f5tt oli arvukas ning osalejad olid v\u00e4ga rahul \u2013 on hea meel, et Loodusfestival on j\u00f5udmas j\u00e4rjest rohkema publikuni.\n<\/p>\n<p>\n\tKoost\u00f6\u00f6s \u00d6\u00f6\u00fclikooliga toimus festivali eels\u00fcndmusena 24. mail Tartu \u00dclikooli loodusmuuseumis avalik salvestus, kus looma\u00f6koloog Tuul Sepp ning linnaarhitekt Elo Kiivet arutlesid teemal \u201eElu aed on metsikult ilus\u201d (salvestuse kuulamislink ilmub l\u00e4hiajal).\n<\/p>\n<p>\n\t***\n<\/p>\n<p data-ogsb=\"rgb(255, 255, 255)\" data-ogsc=\"\">\n\tTartu \u00dclikooli loodusmuuseum ja botaanikaaed<br><span style=\"color:#006400\">PRESSITEADE<\/span><br><span style=\"color:#008000\">10.5.2023\u00a0\u00a0<\/span>\n<\/p>\n<p data-ogsb=\"rgb(255, 255, 255)\" data-ogsc=\"\">\n\t<b data-ogsc=\"\">Loodusfestival\u00a0algab traditsioonilise linnulauluhommikuga Toomem\u00e4el\u00a0<\/b>\n<\/p>\n<p data-ogsb=\"rgb(255, 255, 255)\" data-ogsc=\"\">\n\t<b data-ogsc=\"\">Loodusfestivali programm on inspireeritud elurikkusest aedades ja liikumisaastast. Viie p\u00e4eva jooksul toimub p\u00f5nevaid t\u00f6\u00f6tube, kontserte, retki ning tegevusi kogu perele. Festivali programm on avalik kodulehel.\u00a0\u00a0<\/b>\n<\/p>\n<p data-ogsb=\"rgb(255, 255, 255)\" data-ogsc=\"\">\n\t7.\u201311. juunini toimuva\u00a0Loodusfestivali programmis leidub \u00fcle 60 s\u00fcndmuse, mis toimuvad Tartus ja Tartumaal, Tallinnas, R\u00e4pinas, V\u00f5rus ning loodusvaatluste maratoni avalikel aladel mitmel pool Eestis. S\u00fcndmusi korraldavad k\u00f5ik 30 partnerit, kelle hulgas on neid, kes on\u00a0\u00fcritusi festivali kavas\u00a0korraldanud varasematel aastatel, ja ka neid, kes v\u00f5tavad programmist osa esimest korda.\u00a0\n<\/p>\n<p data-ogsb=\"rgb(255, 255, 255)\" data-ogsc=\"\">\n\tLoodusfestivali kavva kuulub \u00fcle 60 s\u00fcndmuse. Sel korral on t\u00e4helepanu suunatud nii avalikele kui ka eraaedadele ja neis peituvatele aaretele, eelk\u00f5ige looduslikule elurikkusele.\u00a0\u201eSel aastal kutsume aias m\u00f5nulema ja aiailu nautima, aga ka liikuma ja kuulama. Lihtsustamaks kavast meelep\u00e4raste s\u00fcndmuste leidmist, katsetame piktogrammide abil teemakategooriate loomist, nii et saaks kergesti leida peredele sobivaid s\u00fcndmusi v\u00f5i n\u00e4iteks kontserte ja loenguid,\u201c\u00a0s\u00f5nas\u00a0Loodusfestivali projektijuht Kaarin Hein.\u00a0\u201e\u00c4ra ei j\u00e4\u00e4 ka traditsioonilised s\u00fcndmused \u2013 festival algab kolmap\u00e4eva varahommikul linnulauluhommikuga Toomem\u00e4el.\u201c\u00a0\n<\/p>\n<p data-ogsb=\"rgb(255, 255, 255)\" data-ogsc=\"\">\n\tLoodusfestivalil toimuvad ekskursioonid nii Tartu kui ka Tallinna botaanikaaedades, lisaks leiab programmist mitmeid tegevusi, mis toimuvad era- ja kogukonnaaedades ning avalikes parkides. N\u00e4dalavahetusel toimuvad kogu perele suunatud s\u00fcndmused Tartu Aparaaditehase hoovis ning Tallinna Loomaaias.\u00a0Loodusfestivali t\u00e4hts\u00fcndmus, loodusvaatluste maraton toimub 10.\u201311.\u00a0juunini. Maratonist osa v\u00f5tmiseks tuleb registreerida vaatlusala 1. juuniks.\u00a0\n<\/p>\n<p data-ogsb=\"rgb(255, 255, 255)\" data-ogsc=\"\">\n\tLoodusfestival\u00a0t\u00f5stab t\u00e4helepanu keskmesse Tartu \u00dclikooli botaanikaaia, mis t\u00e4histab\u00a0t\u00e4navu\u00a0220. aastap\u00e4eva. Festivali avas\u00fcndmus\u00a0toimub\u00a0botaanikaaias 7. juunil\u00a0kell 12\u201314. S\u00f5na saavad Valdur Mikita\u00a0ning\u00a0Urmas Tartes,\u00a0kuulutatakse v\u00e4lja linnalooduse fotokonkursi \u201eMetsik linn\u201c v\u00f5itjad ja\u00a0avatakse foton\u00e4itus. Meeleolu loob\u00a0laulu-akordioni duo Erkki Otsman ja Allan Jakobi. Festivali ajal toimub botaanikaaias veel mitmeid tegevusi.\u00a0\n<\/p>\n<p data-ogsb=\"rgb(255, 255, 255)\" data-ogsc=\"\">\n\tLoodusfestival\u00a0toimub 7.\u201311. juunini \u00fcle Eesti. Festival kutsub v\u00e4\u00e4rtustama linnalooduse kui elukeskkonna mitmekesisust, m\u00e4rkama loodust linnas ning edendama elurikkust soosivaid k\u00e4itumisharjumusi. Festivali korraldab Tartu \u00dclikooli loodusmuuseum ja botaanikaaed koos partneritega.\u00a0Loodusfestival\u00a0kuulub Euroopa kultuuripealinn Tartu 2024 programmi.\u00a0Loodusfestivali toetavad Keskkonnainvesteeringute Keskus ja SA Tartu 2024.\u00a0\u00a0\n<\/p>\n<p>\n\t\u00a0<\/p>\n","protected":false},"excerpt":{"rendered":"<p>J\u00e4rjekorras \u00fcheksas Loodusfestival toimus 7.\u201311. juunini ning keskendus aedade elule ja ilurikkusele. Loodusfestivali seekordne peateema oli \u201eElu aed\u201d. Viie p\u00e4eva jooksul toimus palju p\u00f5nevaid t\u00f6\u00f6tubasid, kontserte, loenguid, vestlusringe, loodusretki ning ekskursioone, mis tutvustasid n\u00e4iteks valgusreostuse m\u00f5ju \u00f6\u00f6liblikatele, \u00f5petasid \u00e4ra tundma &#8230;<\/p>\n","protected":false},"author":54,"featured_media":0,"parent":0,"menu_order":0,"comment_status":"closed","ping_status":"closed","template":"","meta":{"_acf_changed":false,"inline_featured_image":false,"footnotes":""},"class_list":["post-11","page","type-page","status-publish","hentry"],"acf":[],"_links":{"self":[{"href":"https:\/\/sisu.ut.ee\/loodusfestival\/wp-json\/wp\/v2\/pages\/11","targetHints":{"allow":["GET"]}}],"collection":[{"href":"https:\/\/sisu.ut.ee\/loodusfestival\/wp-json\/wp\/v2\/pages"}],"about":[{"href":"https:\/\/sisu.ut.ee\/loodusfestival\/wp-json\/wp\/v2\/types\/page"}],"author":[{"embeddable":true,"href":"https:\/\/sisu.ut.ee\/loodusfestival\/wp-json\/wp\/v2\/users\/54"}],"replies":[{"embeddable":true,"href":"https:\/\/sisu.ut.ee\/loodusfestival\/wp-json\/wp\/v2\/comments?post=11"}],"version-history":[{"count":1,"href":"https:\/\/sisu.ut.ee\/loodusfestival\/wp-json\/wp\/v2\/pages\/11\/revisions"}],"predecessor-version":[{"id":695,"href":"https:\/\/sisu.ut.ee\/loodusfestival\/wp-json\/wp\/v2\/pages\/11\/revisions\/695"}],"wp:attachment":[{"href":"https:\/\/sisu.ut.ee\/loodusfestival\/wp-json\/wp\/v2\/media?parent=11"}],"curies":[{"name":"wp","href":"https:\/\/api.w.org\/{rel}","templated":true}]}}