{"id":101,"date":"2024-04-04T00:29:07","date_gmt":"2024-04-03T21:29:07","guid":{"rendered":"https:\/\/sisu.ut.ee\/loodusfestival\/avaleht\/"},"modified":"2025-05-07T14:30:14","modified_gmt":"2025-05-07T11:30:14","slug":"avaleht","status":"publish","type":"page","link":"https:\/\/sisu.ut.ee\/loodusfestival\/","title":{"rendered":"Loodusloovusfestival"},"content":{"rendered":"<p><\/p>\n\n\n\n<p><strong>Loodusloovusfestivali koduleht on kolinud! Vaata k\u00f5ige uuemat infot <a href=\"https:\/\/natmuseum.ut.ee\/et\/llf\">natmuseum.ut.ee\/et\/llf<\/a>!<\/strong><\/p>\n\n\n\n<p><\/p>\n\n\n\n<p><strong>2025. aasta Loodusloovusfestival toimub 6.\u20138. juunini!<\/strong><\/p>\n\n\n\n<ul class=\"wp-block-list\">\n<li><a href=\"https:\/\/elurikkus.ee\/minimaraton\" data-type=\"link\" data-id=\"https:\/\/elurikkus.ee\/minimaraton\">Loodusvaatluste minimaraton koolidele<\/a> toimub 5. maist kuni 6. juunini.<\/li>\n\n\n\n<li>Linnuj\u00e4mmile ootame 6. juuni \u00f5htul Tartu \u00dclikooli botaanikaaias. Piletid on m\u00fc\u00fcgil <a href=\"https:\/\/fienta.com\/et\/linnujamm\">Fientas<\/a>!<\/li>\n\n\n\n<li>7. juunil toimub <a href=\"https:\/\/fb.me\/e\/8wiLxQtXm\">Tartu \u00dclikooli botaanikaaias 15. aiap\u00e4ev<\/a> ning samas ka loodusvaatluste maratoni avamine ja t\u00f6\u00f6toad peredele.<\/li>\n\n\n\n<li><a href=\"https:\/\/elurikkus.ee\/lvm\" data-type=\"link\" data-id=\"https:\/\/elurikkus.ee\/lvm\">Loodusvaatluste maraton<\/a> toimub 7.\u20138. juunini \u00fcle Eesti.<\/li>\n\n\n\n<li>\n<\/ul>\n\n\n\n<p>K\u00fcsimused ja ettepanekud on oodatud loodusfestival@ut.ee.<\/p>\n\n\n\n<p><\/p>\n\n\n\n<p>***<\/p>\n\n\n\n<div style=\"height:30px\" aria-hidden=\"true\" class=\"wp-block-spacer\"><\/div>\n\n\n\n<div class=\"wp-block-columns is-layout-flex wp-container-core-columns-is-layout-9d6595d7 wp-block-columns-is-layout-flex\">\n<div class=\"wp-block-column is-layout-flow wp-block-column-is-layout-flow\">\n<figure class=\"wp-block-image size-large\"><img loading=\"lazy\" decoding=\"async\" width=\"1024\" height=\"683\" src=\"https:\/\/sisu.ut.ee\/wp-content\/uploads\/sites\/123\/Emajoe-sund-Kristi-Kuuse-96-of-99-1024x683.jpg\" alt=\"\" class=\"wp-image-2273\" srcset=\"https:\/\/sisu.ut.ee\/wp-content\/uploads\/sites\/123\/Emajoe-sund-Kristi-Kuuse-96-of-99-1024x683.jpg 1024w, https:\/\/sisu.ut.ee\/wp-content\/uploads\/sites\/123\/Emajoe-sund-Kristi-Kuuse-96-of-99-300x200.jpg 300w, https:\/\/sisu.ut.ee\/wp-content\/uploads\/sites\/123\/Emajoe-sund-Kristi-Kuuse-96-of-99-768x512.jpg 768w, https:\/\/sisu.ut.ee\/wp-content\/uploads\/sites\/123\/Emajoe-sund-Kristi-Kuuse-96-of-99-1536x1024.jpg 1536w, https:\/\/sisu.ut.ee\/wp-content\/uploads\/sites\/123\/Emajoe-sund-Kristi-Kuuse-96-of-99-2048x1365.jpg 2048w, https:\/\/sisu.ut.ee\/wp-content\/uploads\/sites\/123\/Emajoe-sund-Kristi-Kuuse-96-of-99-1920x1280.jpg 1920w\" sizes=\"auto, (max-width: 1024px) 100vw, 1024px\"><\/figure>\n<\/div>\n\n\n\n<div class=\"wp-block-column is-layout-flow wp-block-column-is-layout-flow\">\n<p><strong>Elluj\u00e4\u00e4mise Kunstide Loodusloovusfestival (5.\u201315.6.2024) on l\u00e4bi. Festivali meeskond t\u00e4nab k\u00f5iki, kes olid festivaliga seotud ja k\u00f5iki neid, \u00fcle tuhande huvilise, kes festivali \u00fcritustele j\u00f5udsid.<\/strong><\/p>\n\n\n\n<p>Festival kutsus m\u00e4rkama elurikkust meie \u00fcmber, s\u00fcvenema looduse ja kultuuri seostesse ning nautima loodusest inspireeritud loomingut. Loodusloovusprogrammi kuulus \u00fcle 40 s\u00fcndmuse: toimusid mitmed retked, arutelud, t\u00f6\u00f6toad, kontserdid.<\/p>\n\n\n\n<p>Rahvusvahelisest konverentsist said osa semiootikud ja loodusteadlased, loodusvaatluste maratoni jooksul tehti hetke seisuga \u00fcle 10000 vaatluse. Lisaks toimus loodusvaatluste maratoni aladel veel mitmeid retki ja ettev\u00f5tmisi. Hoolimata vihmasest p\u00fchap\u00e4evast, said perep\u00e4evast osa meie partnerid, kelle t\u00f6\u00f6tubades k\u00e4is sadu huvilisi. Siiralt on meil heameel, et Linnuj\u00e4mmi kontserti ja lavastuse \u201eEmaj\u00f5e s\u00fcnd\u201c etendusi saatis menu \u2013 90 minuti sisse v\u00f5ib mahtuda nii palju ilu!<\/p>\n<\/div>\n<\/div>\n\n\n\n<p>T\u00e4name festivali partnereid ja toetajad SA Tartu 2024, Tartu \u00dclikooli filosoofia ja semiootika instituuti, Eesti Kultuurkapitali, Kultuuriministeeriumi, Keskkonnainvesteeringute Keskust, Hispaania kultuuri rahvusvahelistumise programmi (PICE) ja palju teisi. Suur t\u00e4nu!<\/p>\n\n\n\n<hr class=\"wp-block-separator has-alpha-channel-opacity\">\n\n\n\n<div style=\"height:50px\" aria-hidden=\"true\" class=\"wp-block-spacer\"><\/div>\n\n\n\n<div class=\"wp-block-columns is-layout-flex wp-container-core-columns-is-layout-9d6595d7 wp-block-columns-is-layout-flex\">\n<div class=\"wp-block-column is-layout-flow wp-block-column-is-layout-flow\">\n<p>Elluj\u00e4\u00e4mise Kunstide Loodusloovusfestival kutsub m\u00e4rkama elurikkust meie \u00fcmber, s\u00fcvenema looduse ja kultuuri seostesse ning nautima loodusest inspireeritud loomingut. Kultuuritiitli aastal toimub festival k\u00fcmnendat korda \u2013 seekord suurema ja vaatem\u00e4ngulisemana, kus otsime \u00fcles looduse ja loovuse kokkupuutepunktid.<\/p>\n\n\n\n<p>Festivali kujundusi kaunistab sel aastal harilik h\u00e4rghein (<em>Melampyrum nemorosum L<\/em>.), mis on oma perekonnas tuntud ja silmatorkav taim. Eestis kasvab kuus h\u00e4rgheina liiki, keda v\u00f5ib leida puisniitudelt, niiskematelt niitudelt ja h\u00f5redatest metsadest. Hariliku h\u00e4rgheina k\u00f5rglehed on violetsed ning \u00f5ied oran\u017eikaskollased. Lilla ja kollase kontrasti t\u00f5ttu kutsutakse harilikku h\u00e4rgheina P\u00f5hja-Eestis kuup\u00e4evalilleks, Rootsis <em>natt-och-dag<\/em> (\u00f6\u00f6 ja p\u00e4ev), rahvap\u00e4raseid nimetusi on tal veelgi: kuup\u00e4evarohi, jaanilill, kuuvalged, puupealilled. Loodusloovusfestivali programmi p\u00f5his\u00fcndmused on t\u00e4histatud h\u00e4rgheina motiiviga \u2013 otsi h\u00e4rgheina ja leiad tee festivali s\u00fcndmustele.<\/p>\n\n\n\n<div style=\"height:20px\" aria-hidden=\"true\" class=\"wp-block-spacer\"><\/div>\n\n\n\n<div class=\"wp-block-buttons is-layout-flex wp-block-buttons-is-layout-flex\">\n<div class=\"wp-block-button\"><a class=\"wp-block-button__link wp-element-button\" href=\"http:\/\/sisu.ut.ee\/loodusfestival\/harilik-harghein-tahistab-loodusloovusfestivali-sundmusi\/\" target=\"_blank\" rel=\"noreferrer noopener\">Loe edasi<\/a><\/div>\n<\/div>\n<\/div>\n\n\n\n<div class=\"wp-block-column is-layout-flow wp-block-column-is-layout-flow\">\n<figure class=\"wp-block-image aligncenter size-large is-resized\"><img loading=\"lazy\" decoding=\"async\" width=\"1024\" height=\"1024\" src=\"https:\/\/sisu.ut.ee\/wp-content\/uploads\/sites\/123\/LLF_kl-min-1024x1024.png\" alt=\"\" class=\"wp-image-1183\" style=\"width:447px;height:auto\" srcset=\"https:\/\/sisu.ut.ee\/wp-content\/uploads\/sites\/123\/LLF_kl-min-1024x1024.png 1024w, https:\/\/sisu.ut.ee\/wp-content\/uploads\/sites\/123\/LLF_kl-min-300x300.png 300w, https:\/\/sisu.ut.ee\/wp-content\/uploads\/sites\/123\/LLF_kl-min-150x150.png 150w, https:\/\/sisu.ut.ee\/wp-content\/uploads\/sites\/123\/LLF_kl-min-768x768.png 768w, https:\/\/sisu.ut.ee\/wp-content\/uploads\/sites\/123\/LLF_kl-min.png 1080w\" sizes=\"auto, (max-width: 1024px) 100vw, 1024px\"><\/figure>\n<\/div>\n<\/div>\n\n\n\n<div style=\"height:50px\" aria-hidden=\"true\" class=\"wp-block-spacer\"><\/div>\n\n\n\n<p><\/p>\n\n\n\n<div class=\"wp-block-columns is-layout-flex wp-container-core-columns-is-layout-9d6595d7 wp-block-columns-is-layout-flex\">\n<div class=\"wp-block-column is-layout-flow wp-block-column-is-layout-flow\">\n<figure class=\"wp-block-image size-large\"><a href=\"https:\/\/loodusfestival.ee\/konverents-valjasuremise-jaljed\/\"><img loading=\"lazy\" decoding=\"async\" width=\"1024\" height=\"1024\" src=\"https:\/\/sisu.ut.ee\/wp-content\/uploads\/sites\/123\/KVJ_kl-min-1024x1024.png\" alt=\"\" class=\"wp-image-1184\" srcset=\"https:\/\/sisu.ut.ee\/wp-content\/uploads\/sites\/123\/KVJ_kl-min-1024x1024.png 1024w, https:\/\/sisu.ut.ee\/wp-content\/uploads\/sites\/123\/KVJ_kl-min-300x300.png 300w, https:\/\/sisu.ut.ee\/wp-content\/uploads\/sites\/123\/KVJ_kl-min-150x150.png 150w, https:\/\/sisu.ut.ee\/wp-content\/uploads\/sites\/123\/KVJ_kl-min-768x768.png 768w, https:\/\/sisu.ut.ee\/wp-content\/uploads\/sites\/123\/KVJ_kl-min.png 1080w\" sizes=\"auto, (max-width: 1024px) 100vw, 1024px\"><\/a><\/figure>\n<\/div>\n\n\n\n<div class=\"wp-block-column is-layout-flow wp-block-column-is-layout-flow\">\n<figure class=\"wp-block-image size-large\"><a href=\"https:\/\/loodusfestival.ee\/lvm\/\"><img loading=\"lazy\" decoding=\"async\" width=\"1024\" height=\"1024\" src=\"https:\/\/sisu.ut.ee\/wp-content\/uploads\/sites\/123\/LVM_kl-min-1024x1024.png\" alt=\"\" class=\"wp-image-1185\" srcset=\"https:\/\/sisu.ut.ee\/wp-content\/uploads\/sites\/123\/LVM_kl-min-1024x1024.png 1024w, https:\/\/sisu.ut.ee\/wp-content\/uploads\/sites\/123\/LVM_kl-min-300x300.png 300w, https:\/\/sisu.ut.ee\/wp-content\/uploads\/sites\/123\/LVM_kl-min-150x150.png 150w, https:\/\/sisu.ut.ee\/wp-content\/uploads\/sites\/123\/LVM_kl-min-768x768.png 768w, https:\/\/sisu.ut.ee\/wp-content\/uploads\/sites\/123\/LVM_kl-min.png 1080w\" sizes=\"auto, (max-width: 1024px) 100vw, 1024px\"><\/a><\/figure>\n<\/div>\n\n\n\n<div class=\"wp-block-column is-layout-flow wp-block-column-is-layout-flow\">\n<figure class=\"wp-block-image size-large\"><a href=\"https:\/\/loodusfestival.ee\/perepaev\/\"><img loading=\"lazy\" decoding=\"async\" width=\"1024\" height=\"1024\" src=\"https:\/\/sisu.ut.ee\/wp-content\/uploads\/sites\/123\/PP_kl-min-1024x1024.png\" alt=\"\" class=\"wp-image-1187\" srcset=\"https:\/\/sisu.ut.ee\/wp-content\/uploads\/sites\/123\/PP_kl-min-1024x1024.png 1024w, https:\/\/sisu.ut.ee\/wp-content\/uploads\/sites\/123\/PP_kl-min-300x300.png 300w, https:\/\/sisu.ut.ee\/wp-content\/uploads\/sites\/123\/PP_kl-min-150x150.png 150w, https:\/\/sisu.ut.ee\/wp-content\/uploads\/sites\/123\/PP_kl-min-768x768.png 768w, https:\/\/sisu.ut.ee\/wp-content\/uploads\/sites\/123\/PP_kl-min.png 1080w\" sizes=\"auto, (max-width: 1024px) 100vw, 1024px\"><\/a><\/figure>\n<\/div>\n<\/div>\n\n\n\n<div class=\"wp-block-columns is-layout-flex wp-container-core-columns-is-layout-9d6595d7 wp-block-columns-is-layout-flex\">\n<div class=\"wp-block-column is-layout-flow wp-block-column-is-layout-flow\">\n<figure class=\"wp-block-image size-large\"><a href=\"https:\/\/loodusfestival.ee\/emajoe-sund\/\"><img loading=\"lazy\" decoding=\"async\" width=\"1024\" height=\"1024\" src=\"https:\/\/sisu.ut.ee\/wp-content\/uploads\/sites\/123\/EJS_kl-min-1024x1024.png\" alt=\"\" class=\"wp-image-1188\" srcset=\"https:\/\/sisu.ut.ee\/wp-content\/uploads\/sites\/123\/EJS_kl-min-1024x1024.png 1024w, https:\/\/sisu.ut.ee\/wp-content\/uploads\/sites\/123\/EJS_kl-min-300x300.png 300w, https:\/\/sisu.ut.ee\/wp-content\/uploads\/sites\/123\/EJS_kl-min-150x150.png 150w, https:\/\/sisu.ut.ee\/wp-content\/uploads\/sites\/123\/EJS_kl-min-768x768.png 768w, https:\/\/sisu.ut.ee\/wp-content\/uploads\/sites\/123\/EJS_kl-min.png 1080w\" sizes=\"auto, (max-width: 1024px) 100vw, 1024px\"><\/a><\/figure>\n<\/div>\n\n\n\n<div class=\"wp-block-column is-layout-flow wp-block-column-is-layout-flow\">\n<figure class=\"wp-block-image size-large\"><a href=\"https:\/\/loodusfestival.ee\/linnujamm\/\"><img loading=\"lazy\" decoding=\"async\" width=\"1024\" height=\"1024\" src=\"https:\/\/sisu.ut.ee\/wp-content\/uploads\/sites\/123\/LJM_kl-min-1024x1024.png\" alt=\"\" class=\"wp-image-1189\" srcset=\"https:\/\/sisu.ut.ee\/wp-content\/uploads\/sites\/123\/LJM_kl-min-1024x1024.png 1024w, https:\/\/sisu.ut.ee\/wp-content\/uploads\/sites\/123\/LJM_kl-min-300x300.png 300w, https:\/\/sisu.ut.ee\/wp-content\/uploads\/sites\/123\/LJM_kl-min-150x150.png 150w, https:\/\/sisu.ut.ee\/wp-content\/uploads\/sites\/123\/LJM_kl-min-768x768.png 768w, https:\/\/sisu.ut.ee\/wp-content\/uploads\/sites\/123\/LJM_kl-min.png 1080w\" sizes=\"auto, (max-width: 1024px) 100vw, 1024px\"><\/a><\/figure>\n<\/div>\n\n\n\n<div class=\"wp-block-column is-layout-flow wp-block-column-is-layout-flow\">\n<figure class=\"wp-block-image size-large\"><a href=\"https:\/\/loodusfestival.ee\/linnupesade-sari\/\"><img loading=\"lazy\" decoding=\"async\" width=\"1024\" height=\"1024\" src=\"https:\/\/sisu.ut.ee\/wp-content\/uploads\/sites\/123\/LPS_180x180-1024x1024.png\" alt=\"\" class=\"wp-image-746\" srcset=\"https:\/\/sisu.ut.ee\/wp-content\/uploads\/sites\/123\/LPS_180x180-1024x1024.png 1024w, https:\/\/sisu.ut.ee\/wp-content\/uploads\/sites\/123\/LPS_180x180-300x300.png 300w, https:\/\/sisu.ut.ee\/wp-content\/uploads\/sites\/123\/LPS_180x180-150x150.png 150w, https:\/\/sisu.ut.ee\/wp-content\/uploads\/sites\/123\/LPS_180x180-768x768.png 768w, https:\/\/sisu.ut.ee\/wp-content\/uploads\/sites\/123\/LPS_180x180.png 1080w\" sizes=\"auto, (max-width: 1024px) 100vw, 1024px\"><\/a><\/figure>\n<\/div>\n<\/div>\n\n\n\n<div style=\"height:50px\" aria-hidden=\"true\" class=\"wp-block-spacer\"><\/div>\n\n\n\n<div class=\"wp-block-columns is-layout-flex wp-container-core-columns-is-layout-9d6595d7 wp-block-columns-is-layout-flex\">\n<div class=\"wp-block-column is-layout-flow wp-block-column-is-layout-flow\" style=\"flex-basis:33.33%\">\n<div style=\"height:52px\" aria-hidden=\"true\" class=\"wp-block-spacer\"><\/div>\n\n\n\n<p class=\"has-extra-large-font-size\"><strong>Uuri kaarti ja<\/strong><br><strong>tule festivali \u00fcritustele<\/strong><\/p>\n\n\n\n<div class=\"wp-block-buttons is-layout-flex wp-block-buttons-is-layout-flex\">\n<div class=\"wp-block-button\"><a class=\"wp-block-button__link wp-element-button\" href=\"https:\/\/sisu.ut.ee\/loodusfestival\/syndmused\/\" target=\"_blank\" rel=\"noreferrer noopener\">Vaata festivali programmi<\/a><\/div>\n<\/div>\n<\/div>\n\n\n\n<div class=\"wp-block-column is-layout-flow wp-block-column-is-layout-flow\" style=\"flex-basis:66.66%\">\n<div class=\"video-placeholder-wrapper video-placeholder-wrapper--fixed\" style=\"height: 480px;\">\n\t\t\t    <div class=\"video-placeholder d-flex justify-content-center align-items-center\">\n\t\t\t        <div class=\"overlay text-white p-2 w-100 text-center d-block justify-content-center align-items-center\">\n\t\t\t            <div>Kolmandate osapoolte sisu n\u00e4gemiseks palun n\u00f5ustu k\u00fcpsistega.<\/div>\n\t\t\t            <button class=\"btn btn-secondary btn-sm mt-1 consent-change\">Muuda n\u00f5usolekut<\/button>\n\t\t\t        <\/div>\n\t\t\t    <\/div>\n\t\t\t<\/div>\n\n<\/div>\n<\/div>\n\n\n<section class=\"countdown-block py-3 px-2 p-md-4 page-section page-section--wide countdown-block--default\" style=\"\">\n\t<h2 class=\"visually-hidden\">Loendur<\/h2>\n\t<div class=\"container-fluid g-0\">\n\t\t<div class=\"countdown-block__content\">\n\t\t\t<div class=\"row align-items-center\">\n\t\t\t\t<div class=\"col-md-4 text-center\">\n\t\t\t\t\t<p class=\"h4 mb-2 mb-md-0 text-white\"> ELLUJ\u00c4\u00c4MISE KUNSTIDE LOODUS\/LOOVUS\/FESTIVALINI ON J\u00c4\u00c4NUD<\/p>\n\t\t\t\t<\/div>\n\t\t\t\t<div class=\"col-md-4 text-center\">\n\t\t\t\t\t<div class=\"countdown-timer h1 text-white d-flex flex-md-column justify-content-center mb-0\" data-date=\"06\/05\/2024 04:00:00\">\n\t\t\t\t\t\t<span class=\"days me-2 me-md-0 d-block\">0 p\u00e4eva<\/span>\n\t\t\t\t\t\t<div class=\"d-flex justify-content-center\">\n\t\t\t\t\t\t\t<span class=\"hours\">00:<\/span>\n\t\t\t\t\t\t\t<span class=\"minutes\">00:<\/span>\n\t\t\t\t\t\t\t<span class=\"seconds\">00<\/span>\n\t\t\t\t\t\t<\/div>\n\t\t\t\t\t<\/div>\n\t\t\t\t<\/div>\n\t\t\t\t<div class=\"col-md-4 text-center text-md-start\">\n\t\t\t\t\t                <\/div>\n            <\/div>\n        <\/div>\n  <\/div>\n<\/section>\n\n\n<div class=\"posts-full-width-block page-section\">\n\t\t\t<h2 class=\"section-title\">Loodusloovusfestivali uudised<\/h2>\n\t\t\t\t\t\t\t\t\t\t\t\t\t\t\t<article class=\"post-2292 post type-post status-publish format-standard has-post-thumbnail hentry category-uudis\">\n  <div class=\"article-card-full d-flex flex-column border-bottom px-2 pb-2 mb-2\">\n    <div class=\"article-card__categories d-flex flex-wrap fw-bold\">\n      <a href=\"https:\/\/sisu.ut.ee\/loodusfestival\/category\/uudis\/\" class=\"\">#Uudis<\/a>\n      <\/div>\n    <div class=\"d-flex flex-column flex-sm-row \">\n      <a href=\"https:\/\/sisu.ut.ee\/loodusfestival\/loodusvaatluste-maratonil-tehti-oopaevaga-ule-10-000-loodusvaatluse\/\" class=\"article-card-full__img-wrap\">\n                  <img loading=\"lazy\" decoding=\"async\" width=\"1024\" height=\"653\" src=\"https:\/\/sisu.ut.ee\/wp-content\/uploads\/sites\/123\/Loodusvaatluste-maraton-Tartus-Anne-kanali-aares_foto-Kristina-Haan-1024x653.jpg\" class=\"img-fluid article-card-full__img wp-post-image\" alt=\"Inimesed vaatavad Tartus Anne kanali \u00e4\u00e4res, mis on loodusvaatluste tegemise juhendaja vee seest kahva sisse p\u00fc\u00fcdnud.\" srcset=\"https:\/\/sisu.ut.ee\/wp-content\/uploads\/sites\/123\/Loodusvaatluste-maraton-Tartus-Anne-kanali-aares_foto-Kristina-Haan-1024x653.jpg 1024w, https:\/\/sisu.ut.ee\/wp-content\/uploads\/sites\/123\/Loodusvaatluste-maraton-Tartus-Anne-kanali-aares_foto-Kristina-Haan-300x191.jpg 300w, https:\/\/sisu.ut.ee\/wp-content\/uploads\/sites\/123\/Loodusvaatluste-maraton-Tartus-Anne-kanali-aares_foto-Kristina-Haan-768x490.jpg 768w, https:\/\/sisu.ut.ee\/wp-content\/uploads\/sites\/123\/Loodusvaatluste-maraton-Tartus-Anne-kanali-aares_foto-Kristina-Haan-1536x980.jpg 1536w, https:\/\/sisu.ut.ee\/wp-content\/uploads\/sites\/123\/Loodusvaatluste-maraton-Tartus-Anne-kanali-aares_foto-Kristina-Haan-2048x1307.jpg 2048w, https:\/\/sisu.ut.ee\/wp-content\/uploads\/sites\/123\/Loodusvaatluste-maraton-Tartus-Anne-kanali-aares_foto-Kristina-Haan-1920x1225.jpg 1920w\" sizes=\"auto, (max-width: 1024px) 100vw, 1024px\">\n              <\/a>\n      <div class=\"d-flex flex-column w-100 mt-2 mt-sm-0 ms-sm-2\">\n        <h3 class=\"article-card-full__title h5 mb-1\">Loodusvaatluste maratonil tehti \u00f6\u00f6p\u00e4evaga \u00fcle 10 000 loodusvaatluse<\/h3>\n\n                  <div class=\"article-card-full__excerpt\">\n            <p>Euroopa kultuuripealinna Tartu 2024 Elluj\u00e4\u00e4mise Kunstide Loodusloovusfestivalil 8.\u20139. juunil toimunud loodusvaatluste maratonil tehti 24 tunniga \u00fcle 10 300 loodusvaatluse. K\u00f5ik vaatlused, v\u00e4lja arvatud range kaitse all olevad liigid, on n\u00e4ha Tartu \u00dclikooli loodusmuuseumi ja botaanikaaia loodud eElurikkuse andmeportaalis. Seitsmendat korda \u2026<\/p>\n          <\/div>\n        \n        <a href=\"https:\/\/sisu.ut.ee\/loodusfestival\/loodusvaatluste-maratonil-tehti-oopaevaga-ule-10-000-loodusvaatluse\/\" class=\"btn btn-secondary btn-sm mt-2 me-auto\">Loe edasi<\/a>\n\n                  <time class=\"post-date d-block mt-auto pt-2 text-end text-xs w-100\" datetime=\"2024-07-01T12:43:49+00:00\">\n            01.07.2024\n          <\/time>\n              <\/div>\n    <\/div>\n  <\/div>\n<\/article>\n\t\t\t\t\t\t\t\t\t\t\t<article class=\"post-2288 post type-post status-publish format-standard has-post-thumbnail hentry category-uudis tag-loodusloovus tag-naitus\">\n  <div class=\"article-card-full d-flex flex-column border-bottom px-2 pb-2 mb-2\">\n    <div class=\"article-card__categories d-flex flex-wrap fw-bold\">\n      <a href=\"https:\/\/sisu.ut.ee\/loodusfestival\/category\/uudis\/\" class=\"\">#Uudis<\/a>\n      <\/div>\n    <div class=\"d-flex flex-column flex-sm-row \">\n      <a href=\"https:\/\/sisu.ut.ee\/loodusfestival\/naitusel-looduse-loor-toimuvad-ekskursioonid-igal-nadalal\/\" class=\"article-card-full__img-wrap\">\n                  <img loading=\"lazy\" decoding=\"async\" width=\"1024\" height=\"722\" src=\"https:\/\/sisu.ut.ee\/wp-content\/uploads\/sites\/123\/Looduse_loor_JBlau-1024x722.jpg\" class=\"img-fluid article-card-full__img wp-post-image\" alt=\"\" srcset=\"https:\/\/sisu.ut.ee\/wp-content\/uploads\/sites\/123\/Looduse_loor_JBlau-1024x722.jpg 1024w, https:\/\/sisu.ut.ee\/wp-content\/uploads\/sites\/123\/Looduse_loor_JBlau-300x211.jpg 300w, https:\/\/sisu.ut.ee\/wp-content\/uploads\/sites\/123\/Looduse_loor_JBlau-768x541.jpg 768w, https:\/\/sisu.ut.ee\/wp-content\/uploads\/sites\/123\/Looduse_loor_JBlau-1536x1083.jpg 1536w, https:\/\/sisu.ut.ee\/wp-content\/uploads\/sites\/123\/Looduse_loor_JBlau-2048x1444.jpg 2048w, https:\/\/sisu.ut.ee\/wp-content\/uploads\/sites\/123\/Looduse_loor_JBlau-1920x1353.jpg 1920w\" sizes=\"auto, (max-width: 1024px) 100vw, 1024px\">\n              <\/a>\n      <div class=\"d-flex flex-column w-100 mt-2 mt-sm-0 ms-sm-2\">\n        <h3 class=\"article-card-full__title h5 mb-1\">N\u00e4itusel \u201eLooduse loor\u201c toimuvad ekskursioonid igal n\u00e4dalal<\/h3>\n\n                  <div class=\"article-card-full__excerpt\">\n            <p>Luksemburgi kunstniku Justine Blau ja kuraatori Fanny Weinquini n\u00e4itusel \u201eLooduse loor\u201c uuritakse praeguse keskkonnakriisi valguses mitmesuguste dokumentide, illusioonide ja jutustuste abil inimese suhet loodusega ja loodushoiutavasid. Ekskursioonid n\u00e4itusel toimuvad igal laup\u00e4eval 22. juunist kuni 20. juulini ja n\u00e4ituse viimasel p\u00e4eval, \u2026<\/p>\n          <\/div>\n        \n        <a href=\"https:\/\/sisu.ut.ee\/loodusfestival\/naitusel-looduse-loor-toimuvad-ekskursioonid-igal-nadalal\/\" class=\"btn btn-secondary btn-sm mt-2 me-auto\">Loe edasi<\/a>\n\n                  <time class=\"post-date d-block mt-auto pt-2 text-end text-xs w-100\" datetime=\"2024-06-21T07:56:25+00:00\">\n            21.06.2024\n          <\/time>\n              <\/div>\n    <\/div>\n  <\/div>\n<\/article>\n\t\t\t\t\t\t\t\t\t\t\t<article class=\"post-2283 post type-post status-publish format-standard has-post-thumbnail hentry category-uudis tag-loodusloovus tag-naitus\">\n  <div class=\"article-card-full d-flex flex-column border-bottom px-2 pb-2 mb-2\">\n    <div class=\"article-card__categories d-flex flex-wrap fw-bold\">\n      <a href=\"https:\/\/sisu.ut.ee\/loodusfestival\/category\/uudis\/\" class=\"\">#Uudis<\/a>\n      <\/div>\n    <div class=\"d-flex flex-column flex-sm-row \">\n      <a href=\"https:\/\/sisu.ut.ee\/loodusfestival\/15-juunil-avatakse-tartu-ulikooli-botaanikaaias-naitus-mis-uurib-inimese-suhet-loodusega\/\" class=\"article-card-full__img-wrap\">\n                  <img loading=\"lazy\" decoding=\"async\" width=\"1024\" height=\"722\" src=\"https:\/\/sisu.ut.ee\/wp-content\/uploads\/sites\/123\/Looduse_loor_JBlau-1024x722.jpg\" class=\"img-fluid article-card-full__img wp-post-image\" alt=\"\" srcset=\"https:\/\/sisu.ut.ee\/wp-content\/uploads\/sites\/123\/Looduse_loor_JBlau-1024x722.jpg 1024w, https:\/\/sisu.ut.ee\/wp-content\/uploads\/sites\/123\/Looduse_loor_JBlau-300x211.jpg 300w, https:\/\/sisu.ut.ee\/wp-content\/uploads\/sites\/123\/Looduse_loor_JBlau-768x541.jpg 768w, https:\/\/sisu.ut.ee\/wp-content\/uploads\/sites\/123\/Looduse_loor_JBlau-1536x1083.jpg 1536w, https:\/\/sisu.ut.ee\/wp-content\/uploads\/sites\/123\/Looduse_loor_JBlau-2048x1444.jpg 2048w, https:\/\/sisu.ut.ee\/wp-content\/uploads\/sites\/123\/Looduse_loor_JBlau-1920x1353.jpg 1920w\" sizes=\"auto, (max-width: 1024px) 100vw, 1024px\">\n              <\/a>\n      <div class=\"d-flex flex-column w-100 mt-2 mt-sm-0 ms-sm-2\">\n        <h3 class=\"article-card-full__title h5 mb-1\">15. juunil avatakse Tartu \u00dclikooli botaanikaaias n\u00e4itus, mis uurib inimese suhet loodusega<\/h3>\n\n                  <div class=\"article-card-full__excerpt\">\n            <p>Luksemburgi kunstniku Justine Blau n\u00e4itusel \u201eLooduse loor\u201c uuritakse praeguse keskkonnakriisi valguses mitmesuguste dokumentide, illusioonide ja jutustuste abil inimese suhet loodusega ja loodushoiutavasid. Kuraator Fanny Weinquini kokku pandud n\u00e4itus on Tartu \u00dclikooli botaanikaaias avatud 15. juunist 28. juulini. N\u00e4ituse idee s\u00fcndis, \u2026<\/p>\n          <\/div>\n        \n        <a href=\"https:\/\/sisu.ut.ee\/loodusfestival\/15-juunil-avatakse-tartu-ulikooli-botaanikaaias-naitus-mis-uurib-inimese-suhet-loodusega\/\" class=\"btn btn-secondary btn-sm mt-2 me-auto\">Loe edasi<\/a>\n\n                  <time class=\"post-date d-block mt-auto pt-2 text-end text-xs w-100\" datetime=\"2024-06-14T07:53:00+00:00\">\n            14.06.2024\n          <\/time>\n              <\/div>\n    <\/div>\n  <\/div>\n<\/article>\n\t\t\t\n\t\t\t\t\t\t<\/div>\n\n\n\n<div class=\"wp-block-buttons is-layout-flex wp-block-buttons-is-layout-flex\">\n<div class=\"wp-block-button\"><a class=\"wp-block-button__link wp-element-button\" href=\"https:\/\/loodusfestival.ee\/uudised\" target=\"_blank\" rel=\"noreferrer noopener\">Loe uudiseid<\/a><\/div>\n<\/div>\n\n\n\n<div style=\"height:60px\" aria-hidden=\"true\" class=\"wp-block-spacer\"><\/div>\n\n\n\n<figure class=\"wp-block-embed is-type-rich is-provider-spotify wp-block-embed-spotify wp-embed-aspect-21-9 wp-has-aspect-ratio\"><div class=\"wp-block-embed__wrapper\">\n<div class=\"video-placeholder-wrapper video-placeholder-wrapper--fixed\" style=\"height: 152px;\">\n\t\t\t    <div class=\"video-placeholder d-flex justify-content-center align-items-center\">\n\t\t\t        <div class=\"overlay text-white p-2 w-100 text-center d-block justify-content-center align-items-center\">\n\t\t\t            <div>Kolmandate osapoolte sisu n\u00e4gemiseks palun n\u00f5ustu k\u00fcpsistega.<\/div>\n\t\t\t            <button class=\"btn btn-secondary btn-sm mt-1 consent-change\">Muuda n\u00f5usolekut<\/button>\n\t\t\t        <\/div>\n\t\t\t    <\/div>\n\t\t\t<\/div>\n\n<\/div><\/figure>\n\n\n\n<div style=\"height:100px\" aria-hidden=\"true\" class=\"wp-block-spacer\"><\/div>\n\n\n\n<div style=\"height:100px\" aria-hidden=\"true\" class=\"wp-block-spacer\"><\/div>\n","protected":false},"excerpt":{"rendered":"<p>Loodusloovusfestivali koduleht on kolinud! Vaata k\u00f5ige uuemat infot natmuseum.ut.ee\/et\/llf! 2025. aasta Loodusloovusfestival toimub 6.\u20138. juunini! K\u00fcsimused ja ettepanekud on oodatud loodusfestival@ut.ee. *** Elluj\u00e4\u00e4mise Kunstide Loodusloovusfestival (5.\u201315.6.2024) on l\u00e4bi. Festivali meeskond t\u00e4nab k\u00f5iki, kes olid festivaliga seotud ja k\u00f5iki neid, \u00fcle &#8230;<\/p>\n","protected":false},"author":54,"featured_media":0,"parent":0,"menu_order":0,"comment_status":"closed","ping_status":"closed","template":"","meta":{"_acf_changed":false,"inline_featured_image":false,"footnotes":""},"class_list":["post-101","page","type-page","status-publish","hentry"],"acf":[],"_links":{"self":[{"href":"https:\/\/sisu.ut.ee\/loodusfestival\/wp-json\/wp\/v2\/pages\/101","targetHints":{"allow":["GET"]}}],"collection":[{"href":"https:\/\/sisu.ut.ee\/loodusfestival\/wp-json\/wp\/v2\/pages"}],"about":[{"href":"https:\/\/sisu.ut.ee\/loodusfestival\/wp-json\/wp\/v2\/types\/page"}],"author":[{"embeddable":true,"href":"https:\/\/sisu.ut.ee\/loodusfestival\/wp-json\/wp\/v2\/users\/54"}],"replies":[{"embeddable":true,"href":"https:\/\/sisu.ut.ee\/loodusfestival\/wp-json\/wp\/v2\/comments?post=101"}],"version-history":[{"count":30,"href":"https:\/\/sisu.ut.ee\/loodusfestival\/wp-json\/wp\/v2\/pages\/101\/revisions"}],"predecessor-version":[{"id":2328,"href":"https:\/\/sisu.ut.ee\/loodusfestival\/wp-json\/wp\/v2\/pages\/101\/revisions\/2328"}],"wp:attachment":[{"href":"https:\/\/sisu.ut.ee\/loodusfestival\/wp-json\/wp\/v2\/media?parent=101"}],"curies":[{"name":"wp","href":"https:\/\/api.w.org\/{rel}","templated":true}]}}