{"id":51,"date":"2024-04-04T04:39:03","date_gmt":"2024-04-04T01:39:03","guid":{"rendered":"https:\/\/sisu.ut.ee\/lingvistikaolympiaad\/20062007-eelvoor\/"},"modified":"2024-04-04T04:39:18","modified_gmt":"2024-04-04T01:39:18","slug":"20062007-eelvoor","status":"publish","type":"page","link":"https:\/\/sisu.ut.ee\/lingvistikaolympiaad\/20062007-eelvoor\/","title":{"rendered":"2006\/2007 eelvoor"},"content":{"rendered":"<table class=\"table table-hover\" style=\"border-color: #5a92e1;border-width: 1px;border-style: solid\" border=\"1\">\r\n\t<tbody>\r\n\t\t<tr>\r\n\t\t\t<td>\r\n\t\t\t\t<span style=\"color:#ffffff\"><strong>Keel<\/strong><\/span>\r\n\t\t\t<\/td>\r\n\t\t\t<td>\r\n\t\t\t\t<span style=\"color:#ffffff\"><strong>Valdkond<\/strong><\/span>\r\n\t\t\t<\/td>\r\n\t\t\t<td>\r\n\t\t\t\t<span style=\"color:#ffffff\"><strong>Autor<\/strong><\/span>\r\n\t\t\t<\/td>\r\n\t\t\t<td>\r\n\t\t\t\t<span style=\"color:#ffffff\"><strong>Avaldatud<\/strong><\/span>\r\n\t\t\t<\/td>\r\n\t\t\t<td>\r\n\t\t\t\t<span style=\"color:#ffffff\"><strong>Keskmine tulemus<\/strong><\/span>\r\n\t\t\t<\/td>\r\n\t\t<\/tr>\r\n\t\t<tr style=\"background-color: #d2e1f5\">\r\n\t\t\t<td>\r\n\t\t\t\t<strong>joruba<\/strong>\r\n\t\t\t<\/td>\r\n\t\t\t<td>\r\n\t\t\t\tarvud\r\n\t\t\t<\/td>\r\n\t\t\t<td>\r\n\t\t\t\tAnni Silk\r\n\t\t\t<\/td>\r\n\t\t\t<td>\r\n\t\t\t\t(<a data-url=\"https:\/\/sisu.ut.ee\/lingvistikaolympiaad\/kogumik-2008\" href=\"https:\/\/sisu.ut.ee\/lingvistikaolympiaad\/kogumik-2008\" target=\"_blank\" title=\"\" rel=\"noopener\">Kogumik 2008<\/a>, nr 41)\r\n\t\t\t<\/td>\r\n\t\t\t<td>\r\n\t\t\t\t70%\r\n\t\t\t<\/td>\r\n\t\t<\/tr>\r\n\t\t<tr>\r\n\t\t\t<td>\r\n\t\t\t\t<strong>t\u0161ehhi<\/strong>\r\n\t\t\t<\/td>\r\n\t\t\t<td>\r\n\t\t\t\tmorfoloogia\r\n\t\t\t<\/td>\r\n\t\t\t<td>\r\n\t\t\t\tPiia Taremaa\r\n\t\t\t<\/td>\r\n\t\t\t<td>\r\n\t\t\t\t\u00a0\r\n\t\t\t<\/td>\r\n\t\t\t<td>\r\n\t\t\t\t48%\r\n\t\t\t<\/td>\r\n\t\t<\/tr>\r\n\t\t<tr style=\"background-color: #d2e1f5\">\r\n\t\t\t<td>\r\n\t\t\t\t<strong>komi<\/strong>\r\n\t\t\t<\/td>\r\n\t\t\t<td>\r\n\t\t\t\tmorfoloogia, s\u00fcntaks\r\n\t\t\t<\/td>\r\n\t\t\t<td>\r\n\t\t\t\tNikolai Kuznetsov\r\n\t\t\t<\/td>\r\n\t\t\t<td>\r\n\t\t\t\t(<a data-url=\"https:\/\/sisu.ut.ee\/lingvistikaolympiaad\/kogumik-2008\" href=\"https:\/\/sisu.ut.ee\/lingvistikaolympiaad\/kogumik-2008\" title=\"\">Kogumik 2008<\/a><span>, nr 6<\/span>)\r\n\t\t\t<\/td>\r\n\t\t\t<td>\r\n\t\t\t\t27%\r\n\t\t\t<\/td>\r\n\t\t<\/tr>\r\n\t\t<tr>\r\n\t\t\t<td>\r\n\t\t\t\t<strong>s\u00f6lkupi<\/strong>\r\n\t\t\t<\/td>\r\n\t\t\t<td>\r\n\t\t\t\tsemantika\r\n\t\t\t<\/td>\r\n\t\t\t<td>\r\n\t\t\t\tLiina Lindstr\u00f6m\r\n\t\t\t<\/td>\r\n\t\t\t<td>\r\n\t\t\t\t\u00a0\r\n\t\t\t<\/td>\r\n\t\t\t<td>\r\n\t\t\t\t35%\r\n\t\t\t<\/td>\r\n\t\t<\/tr>\r\n\t\t<tr style=\"background-color: #d2e1f5\">\r\n\t\t\t<td>\r\n\t\t\t\t<strong>inuktituti<\/strong>\r\n\t\t\t<\/td>\r\n\t\t\t<td>\r\n\t\t\t\tkiri\r\n\t\t\t<\/td>\r\n\t\t\t<td>\r\n\t\t\t\tAxel Jagau\r\n\t\t\t<\/td>\r\n\t\t\t<td>\r\n\t\t\t\t\u00a0\r\n\t\t\t<\/td>\r\n\t\t\t<td>\r\n\t\t\t\t59%\r\n\t\t\t<\/td>\r\n\t\t<\/tr>\r\n\t\t<tr>\r\n\t\t\t<td>\r\n\t\t\t\t<strong>hindi<\/strong>\r\n\t\t\t<\/td>\r\n\t\t\t<td>\r\n\t\t\t\tmorfoloogia\r\n\t\t\t<\/td>\r\n\t\t\t<td>\r\n\t\t\t\t(t\u00f5lge)\r\n\t\t\t<\/td>\r\n\t\t\t<td>\r\n\t\t\t\t\u00a0\r\n\t\t\t<\/td>\r\n\t\t\t<td>\r\n\t\t\t\t17%\r\n\t\t\t<\/td>\r\n\t\t<\/tr>\r\n\t<\/tbody>\r\n<\/table>\r\n\r\n<p>\r\n\tKokku 133 osalejat, parim tulemus 77%.\r\n<\/p>\r\n<br><div class=\"wp-block-group attached-files-group is-layout-constrained wp-block-group-is-layout-constrained\"><div class=\"wp-block-file\"><a href=\"https:\/\/sisu.ut.ee\/wp-content\/uploads\/sites\/311\/ling_2007_ev.pdf\" target=\"_blank\" rel=\"noreferrer noopener\">2006\/2007 \u00fclesannete 1 kuni 4 tekstid ja k\u00f5ik lahendused<\/a><\/div><\/div>","protected":false},"excerpt":{"rendered":"<p>Keel Valdkond Autor Avaldatud Keskmine tulemus joruba arvud Anni Silk (Kogumik 2008, nr 41) 70% t\u0161ehhi morfoloogia Piia Taremaa \u00a0 48% komi morfoloogia, s\u00fcntaks Nikolai Kuznetsov (Kogumik 2008, nr 6) 27% s\u00f6lkupi semantika Liina Lindstr\u00f6m \u00a0 35% inuktituti kiri Axel &#8230;<\/p>\n","protected":false},"author":167,"featured_media":0,"parent":0,"menu_order":0,"comment_status":"closed","ping_status":"closed","template":"","meta":{"_acf_changed":false,"inline_featured_image":false,"footnotes":""},"class_list":["post-51","page","type-page","status-publish","hentry"],"acf":[],"_links":{"self":[{"href":"https:\/\/sisu.ut.ee\/lingvistikaolympiaad\/wp-json\/wp\/v2\/pages\/51","targetHints":{"allow":["GET"]}}],"collection":[{"href":"https:\/\/sisu.ut.ee\/lingvistikaolympiaad\/wp-json\/wp\/v2\/pages"}],"about":[{"href":"https:\/\/sisu.ut.ee\/lingvistikaolympiaad\/wp-json\/wp\/v2\/types\/page"}],"author":[{"embeddable":true,"href":"https:\/\/sisu.ut.ee\/lingvistikaolympiaad\/wp-json\/wp\/v2\/users\/167"}],"replies":[{"embeddable":true,"href":"https:\/\/sisu.ut.ee\/lingvistikaolympiaad\/wp-json\/wp\/v2\/comments?post=51"}],"version-history":[{"count":2,"href":"https:\/\/sisu.ut.ee\/lingvistikaolympiaad\/wp-json\/wp\/v2\/pages\/51\/revisions"}],"predecessor-version":[{"id":216,"href":"https:\/\/sisu.ut.ee\/lingvistikaolympiaad\/wp-json\/wp\/v2\/pages\/51\/revisions\/216"}],"wp:attachment":[{"href":"https:\/\/sisu.ut.ee\/lingvistikaolympiaad\/wp-json\/wp\/v2\/media?parent=51"}],"curies":[{"name":"wp","href":"https:\/\/api.w.org\/{rel}","templated":true}]}}