{"id":44,"date":"2024-04-04T04:39:03","date_gmt":"2024-04-04T01:39:03","guid":{"rendered":"https:\/\/sisu.ut.ee\/lingvistikaolympiaad\/20052006-loppvoor\/"},"modified":"2024-04-04T04:39:18","modified_gmt":"2024-04-04T01:39:18","slug":"20052006-loppvoor","status":"publish","type":"page","link":"https:\/\/sisu.ut.ee\/lingvistikaolympiaad\/20052006-loppvoor\/","title":{"rendered":"2005\/2006 l\u00f5ppvoor"},"content":{"rendered":"<table class=\"table table-hover\" style=\"border-color: #5a92e1;border-width: 1px;border-style: solid\" border=\"1\">\r\n\t<tbody>\r\n\t\t<tr>\r\n\t\t\t<td>\r\n\t\t\t\t<span style=\"color:#ffffff\"><strong>Keel<\/strong><\/span>\r\n\t\t\t<\/td>\r\n\t\t\t<td>\r\n\t\t\t\t<span style=\"color:#ffffff\"><strong>Valdkond<\/strong><\/span>\r\n\t\t\t<\/td>\r\n\t\t\t<td>\r\n\t\t\t\t<span style=\"color:#ffffff\"><strong>Autor<\/strong><\/span>\r\n\t\t\t<\/td>\r\n\t\t\t<td>\r\n\t\t\t\t<span style=\"color:#ffffff\"><strong>Avaldatud<\/strong><\/span>\r\n\t\t\t<\/td>\r\n\t\t\t<td>\r\n\t\t\t\t<span style=\"color:#ffffff\"><strong>Keskmine tulemus<\/strong><\/span>\r\n\t\t\t<\/td>\r\n\t\t<\/tr>\r\n\t\t<tr style=\"background-color: #e7edf7\">\r\n\t\t\t<td>\r\n\t\t\t\t<strong>t\u00fcrgi<\/strong>\r\n\t\t\t<\/td>\r\n\t\t\t<td>\r\n\t\t\t\tmorfoloogia\r\n\t\t\t<\/td>\r\n\t\t\t<td>\r\n\t\t\t\t(t\u00f5lge)\r\n\t\t\t<\/td>\r\n\t\t\t<td>\r\n\t\t\t\t\u00a0\r\n\t\t\t<\/td>\r\n\t\t\t<td>\r\n\t\t\t\t65%\r\n\t\t\t<\/td>\r\n\t\t<\/tr>\r\n\t\t<tr>\r\n\t\t\t<td>\r\n\t\t\t\t<strong>itaalia, hispaania, ladina<\/strong>\r\n\t\t\t<\/td>\r\n\t\t\t<td>\r\n\t\t\t\tfonoloogia\r\n\t\t\t<\/td>\r\n\t\t\t<td>\r\n\t\t\t\tJane Kalavan\r\n\t\t\t<\/td>\r\n\t\t\t<td>\r\n\t\t\t\t(<a data-url=\"https:\/\/sisu.ut.ee\/lingvistikaolympiaad\/kogumik-2008\" href=\"https:\/\/sisu.ut.ee\/lingvistikaolympiaad\/kogumik-2008\" title=\"\">Kogumik 2008<\/a>, nr 24)\r\n\t\t\t<\/td>\r\n\t\t\t<td>\r\n\t\t\t\t51%\r\n\t\t\t<\/td>\r\n\t\t<\/tr>\r\n\t\t<tr style=\"background-color: #e7edf7\">\r\n\t\t\t<td>\r\n\t\t\t\t<strong>gruusia<\/strong>\r\n\t\t\t<\/td>\r\n\t\t\t<td>\r\n\t\t\t\tmorfoloogia\r\n\t\t\t<\/td>\r\n\t\t\t<td>\r\n\t\t\t\t(t\u00f5lge)\r\n\t\t\t<\/td>\r\n\t\t\t<td>\r\n\t\t\t\t\u00a0\r\n\t\t\t<\/td>\r\n\t\t\t<td>\r\n\t\t\t\t61%\r\n\t\t\t<\/td>\r\n\t\t<\/tr>\r\n\t\t<tr>\r\n\t\t\t<td>\r\n\t\t\t\t<strong>suahiili<\/strong>\r\n\t\t\t<\/td>\r\n\t\t\t<td>\r\n\t\t\t\tarvud\r\n\t\t\t<\/td>\r\n\t\t\t<td>\r\n\t\t\t\tK\u00fclli Prillop\r\n\t\t\t<\/td>\r\n\t\t\t<td>\r\n\t\t\t\t(<a data-url=\"https:\/\/sisu.ut.ee\/lingvistikaolympiaad\/kogumik-2008\" href=\"https:\/\/sisu.ut.ee\/lingvistikaolympiaad\/kogumik-2008\" title=\"\">Kogumik 2008<\/a>, nr 40)\r\n\t\t\t<\/td>\r\n\t\t\t<td>\r\n\t\t\t\t47%\r\n\t\t\t<\/td>\r\n\t\t<\/tr>\r\n\t\t<tr style=\"background-color: #e7edf7\">\r\n\t\t\t<td>\r\n\t\t\t\t<strong>p\u00f5hjasaami<\/strong>\r\n\t\t\t<\/td>\r\n\t\t\t<td>\r\n\t\t\t\tmorfoloogia, s\u00fcntaks\r\n\t\t\t<\/td>\r\n\t\t\t<td>\r\n\t\t\t\t<span data-mce-mark=\"1\">Evar Saar<\/span>\r\n\t\t\t<\/td>\r\n\t\t\t<td>\r\n\t\t\t\t(<a data-url=\"https:\/\/sisu.ut.ee\/lingvistikaolympiaad\/kogumik-2008\" href=\"https:\/\/sisu.ut.ee\/lingvistikaolympiaad\/kogumik-2008\" title=\"\">Kogumik 2008<\/a>, nr 3)\r\n\t\t\t<\/td>\r\n\t\t\t<td>\r\n\t\t\t\t67%\r\n\t\t\t<\/td>\r\n\t\t<\/tr>\r\n\t\t<tr>\r\n\t\t\t<td>\r\n\t\t\t\t<strong>araabia<\/strong>\r\n\t\t\t<\/td>\r\n\t\t\t<td>\r\n\t\t\t\tmorfoloogia\r\n\t\t\t<\/td>\r\n\t\t\t<td>\r\n\t\t\t\t(t\u00f5lge)\r\n\t\t\t<\/td>\r\n\t\t\t<td>\r\n\t\t\t\t\u00a0\r\n\t\t\t<\/td>\r\n\t\t\t<td>\r\n\t\t\t\t56%\r\n\t\t\t<\/td>\r\n\t\t<\/tr>\r\n\t\t<tr style=\"background-color: #e7edf7\">\r\n\t\t\t<td>\r\n\t\t\t\t<strong>baski<\/strong>\r\n\t\t\t<\/td>\r\n\t\t\t<td>\r\n\t\t\t\tmorfoloogia\r\n\t\t\t<\/td>\r\n\t\t\t<td>\r\n\t\t\t\tIlona Tragel\r\n\t\t\t<\/td>\r\n\t\t\t<td>\r\n\t\t\t\t(<a data-url=\"https:\/\/sisu.ut.ee\/lingvistikaolympiaad\/kogumik-2008\" href=\"https:\/\/sisu.ut.ee\/lingvistikaolympiaad\/kogumik-2008\" title=\"\">Kogumik 2008<\/a><span data-mce-mark=\"1\">, nr 32<\/span>)\r\n\t\t\t<\/td>\r\n\t\t\t<td>\r\n\t\t\t\t48%\r\n\t\t\t<\/td>\r\n\t\t<\/tr>\r\n\t<\/tbody>\r\n<\/table>\r\n\r\n<p>\r\n\tParim tulemus 83%.\r\n<\/p>\r\n<br><div class=\"wp-block-group attached-files-group is-layout-constrained wp-block-group-is-layout-constrained\"><div class=\"wp-block-file\"><a href=\"https:\/\/sisu.ut.ee\/wp-content\/uploads\/sites\/311\/ling_2006_lv.pdf\" target=\"_blank\" rel=\"noreferrer noopener\">2005\/2006 l\u00f5ppvooru \u00fclesanded, ilma lahendusteta<\/a><\/div><\/div>","protected":false},"excerpt":{"rendered":"<p>Keel Valdkond Autor Avaldatud Keskmine tulemus t\u00fcrgi morfoloogia (t\u00f5lge) \u00a0 65% itaalia, hispaania, ladina fonoloogia Jane Kalavan (Kogumik 2008, nr 24) 51% gruusia morfoloogia (t\u00f5lge) \u00a0 61% suahiili arvud K\u00fclli Prillop (Kogumik 2008, nr 40) 47% p\u00f5hjasaami morfoloogia, s\u00fcntaks Evar &#8230;<\/p>\n","protected":false},"author":167,"featured_media":0,"parent":0,"menu_order":0,"comment_status":"closed","ping_status":"closed","template":"","meta":{"_acf_changed":false,"inline_featured_image":false,"footnotes":""},"class_list":["post-44","page","type-page","status-publish","hentry"],"acf":[],"_links":{"self":[{"href":"https:\/\/sisu.ut.ee\/lingvistikaolympiaad\/wp-json\/wp\/v2\/pages\/44","targetHints":{"allow":["GET"]}}],"collection":[{"href":"https:\/\/sisu.ut.ee\/lingvistikaolympiaad\/wp-json\/wp\/v2\/pages"}],"about":[{"href":"https:\/\/sisu.ut.ee\/lingvistikaolympiaad\/wp-json\/wp\/v2\/types\/page"}],"author":[{"embeddable":true,"href":"https:\/\/sisu.ut.ee\/lingvistikaolympiaad\/wp-json\/wp\/v2\/users\/167"}],"replies":[{"embeddable":true,"href":"https:\/\/sisu.ut.ee\/lingvistikaolympiaad\/wp-json\/wp\/v2\/comments?post=44"}],"version-history":[{"count":2,"href":"https:\/\/sisu.ut.ee\/lingvistikaolympiaad\/wp-json\/wp\/v2\/pages\/44\/revisions"}],"predecessor-version":[{"id":209,"href":"https:\/\/sisu.ut.ee\/lingvistikaolympiaad\/wp-json\/wp\/v2\/pages\/44\/revisions\/209"}],"wp:attachment":[{"href":"https:\/\/sisu.ut.ee\/lingvistikaolympiaad\/wp-json\/wp\/v2\/media?parent=44"}],"curies":[{"name":"wp","href":"https:\/\/api.w.org\/{rel}","templated":true}]}}