{"id":20,"date":"2024-04-04T04:39:01","date_gmt":"2024-04-04T01:39:01","guid":{"rendered":"https:\/\/sisu.ut.ee\/lingvistikaolympiaad\/20112012-eelvoor\/"},"modified":"2024-04-04T04:39:18","modified_gmt":"2024-04-04T01:39:18","slug":"20112012-eelvoor","status":"publish","type":"page","link":"https:\/\/sisu.ut.ee\/lingvistikaolympiaad\/20112012-eelvoor\/","title":{"rendered":"2011\/2012 eelvoor"},"content":{"rendered":"<table class=\"table table-hover\" style=\"border-color: #5a92e1;border-width: 1px;border-style: solid\" border=\"1\">\n<tbody>\n<tr>\n<td>\n\t\t\t\t<span style=\"color:#ffffff\"><strong>Keel<\/strong><\/span>\n\t\t\t<\/td>\n<td>\n\t\t\t\t<span style=\"color:#ffffff\"><strong>Valdkond<\/strong><\/span>\n\t\t\t<\/td>\n<td>\n\t\t\t\t<span style=\"color:#ffffff\"><strong>Autor<\/strong><\/span>\n\t\t\t<\/td>\n<td>\n\t\t\t\t<span style=\"color:#ffffff\"><strong>Avaldatud<\/strong><\/span>\n\t\t\t<\/td>\n<td>\n\t\t\t\t<span style=\"color:#ffffff\"><strong>Keskmine tulemus<\/strong><\/span>\n\t\t\t<\/td>\n<\/tr>\n<tr style=\"background-color: #d2e1f5\">\n<td>\n\t\t\t\t<strong>kotokoli<\/strong>\n\t\t\t<\/td>\n<td>\n\t\t\t\tmorfoloogia\n\t\t\t<\/td>\n<td>\n\t\t\t\tMiina Norvik\n\t\t\t<\/td>\n<td>\n\t\t\t\t(<a data-url=\"https:\/\/sisu.ut.ee\/lingvistikaolympiaad\/kogumik-2017\" href=\"https:\/\/sisu.ut.ee\/lingvistikaolympiaad\/kogumik-2017\" title=\"\">Kogumik 2017<\/a>, nr 19)\n\t\t\t<\/td>\n<td>\n\t\t\t\t32%\n\t\t\t<\/td>\n<\/tr>\n<tr>\n<td>\n\t\t\t\t<strong>ungari<\/strong>\n\t\t\t<\/td>\n<td>\n\t\t\t\tmorfoloogia\n\t\t\t<\/td>\n<td>\n\t\t\t\tHelen Hint\n\t\t\t<\/td>\n<td>\n\t\t\t\t(<a data-url=\"https:\/\/sisu.ut.ee\/lingvistikaolympiaad\/kogumik-2017\" href=\"https:\/\/sisu.ut.ee\/lingvistikaolympiaad\/kogumik-2017\" title=\"\">Kogumik 2017<\/a>, nr 22)\n\t\t\t<\/td>\n<td>\n\t\t\t\t25%\n\t\t\t<\/td>\n<\/tr>\n<tr style=\"background-color: #d2e1f5\">\n<td>\n\t\t\t\t<strong>fid\u017ei<\/strong>\n\t\t\t<\/td>\n<td>\n\t\t\t\tsemantika\n\t\t\t<\/td>\n<td>\n\t\t\t\tK\u00e4rt-Katrin Pere\n\t\t\t<\/td>\n<td>\n\t\t\t\t(<a data-url=\"https:\/\/sisu.ut.ee\/lingvistikaolympiaad\/kogumik-2017\" href=\"https:\/\/sisu.ut.ee\/lingvistikaolympiaad\/kogumik-2017\" title=\"\">Kogumik 2017<\/a>, nr 40)\n\t\t\t<\/td>\n<td>\n\t\t\t\t28%\n\t\t\t<\/td>\n<\/tr>\n<tr>\n<td>\n\t\t\t\t<strong>sindarin<\/strong>\n\t\t\t<\/td>\n<td>\n\t\t\t\tkiri\n\t\t\t<\/td>\n<td>\n\t\t\t\tMihkel T\u00f5nnov\n\t\t\t<\/td>\n<td>\n\t\t\t\t<span>(<\/span><a data-url=\"https:\/\/sisu.ut.ee\/lingvistikaolympiaad\/kogumik-2017\" href=\"https:\/\/sisu.ut.ee\/lingvistikaolympiaad\/kogumik-2017\" title=\"\">Kogumik 2017<\/a><span>, nr 58)<\/span>\n\t\t\t<\/td>\n<td>\n\t\t\t\t37%\n\t\t\t<\/td>\n<\/tr>\n<tr style=\"background-color: #d2e1f5\">\n<td>\n\t\t\t\t<strong>vanap\u00f5hja, norra<\/strong>\n\t\t\t<\/td>\n<td>\n\t\t\t\tfonoloogia\n\t\t\t<\/td>\n<td>\n\t\t\t\tMihkel T\u00f5nnov\n\t\t\t<\/td>\n<td>\n\t\t\t\t<span>(<\/span><a data-url=\"https:\/\/sisu.ut.ee\/lingvistikaolympiaad\/kogumik-2017\" href=\"https:\/\/sisu.ut.ee\/lingvistikaolympiaad\/kogumik-2017\" title=\"\">Kogumik 2017<\/a><span>, nr 26)\u00a0<\/span>\n\t\t\t<\/td>\n<td>\n\t\t\t\t59%\n\t\t\t<\/td>\n<\/tr>\n<\/tbody>\n<\/table>\n<p>\n\tKokku 181 osalejat, parim tulemus 87%.<\/p>\n","protected":false},"excerpt":{"rendered":"<p>Keel Valdkond Autor Avaldatud Keskmine tulemus kotokoli morfoloogia Miina Norvik (Kogumik 2017, nr 19) 32% ungari morfoloogia Helen Hint (Kogumik 2017, nr 22) 25% fid\u017ei semantika K\u00e4rt-Katrin Pere (Kogumik 2017, nr 40) 28% sindarin kiri Mihkel T\u00f5nnov (Kogumik 2017, nr &#8230;<\/p>\n","protected":false},"author":167,"featured_media":0,"parent":0,"menu_order":0,"comment_status":"closed","ping_status":"closed","template":"","meta":{"_acf_changed":false,"inline_featured_image":false,"footnotes":""},"class_list":["post-20","page","type-page","status-publish","hentry"],"acf":[],"_links":{"self":[{"href":"https:\/\/sisu.ut.ee\/lingvistikaolympiaad\/wp-json\/wp\/v2\/pages\/20","targetHints":{"allow":["GET"]}}],"collection":[{"href":"https:\/\/sisu.ut.ee\/lingvistikaolympiaad\/wp-json\/wp\/v2\/pages"}],"about":[{"href":"https:\/\/sisu.ut.ee\/lingvistikaolympiaad\/wp-json\/wp\/v2\/types\/page"}],"author":[{"embeddable":true,"href":"https:\/\/sisu.ut.ee\/lingvistikaolympiaad\/wp-json\/wp\/v2\/users\/167"}],"replies":[{"embeddable":true,"href":"https:\/\/sisu.ut.ee\/lingvistikaolympiaad\/wp-json\/wp\/v2\/comments?post=20"}],"version-history":[{"count":1,"href":"https:\/\/sisu.ut.ee\/lingvistikaolympiaad\/wp-json\/wp\/v2\/pages\/20\/revisions"}],"predecessor-version":[{"id":184,"href":"https:\/\/sisu.ut.ee\/lingvistikaolympiaad\/wp-json\/wp\/v2\/pages\/20\/revisions\/184"}],"wp:attachment":[{"href":"https:\/\/sisu.ut.ee\/lingvistikaolympiaad\/wp-json\/wp\/v2\/media?parent=20"}],"curies":[{"name":"wp","href":"https:\/\/api.w.org\/{rel}","templated":true}]}}