{"id":870,"date":"2024-10-25T19:29:03","date_gmt":"2024-10-25T16:29:03","guid":{"rendered":"https:\/\/sisu.ut.ee\/liivikeel\/?page_id=870"},"modified":"2024-10-27T14:15:39","modified_gmt":"2024-10-27T12:15:39","slug":"sonad-n%c8%adrka-ja-vis-astam-sonade-nork-ja-tugev-aste","status":"publish","type":"page","link":"https:\/\/sisu.ut.ee\/liivikeel\/sonad-n%c8%adrka-ja-vis-astam-sonade-nork-ja-tugev-aste\/","title":{"rendered":"S\u00f5n\u0101d n\u022drka ja vi\u0161 ast\u0101m \/ S\u00f5nade n\u00f5rk ja tugev aste"},"content":{"rendered":"<div style=\"height:20px\" aria-hidden=\"true\" class=\"wp-block-spacer\"><\/div>\n\n\n\n<p><strong>Liivi keele astmevaheldus<\/strong> h\u00f5lmab s\u00f5nade muutmisel aset leidvaid regulaarseid t\u00fcvevaheldusi r\u00f5hulises silbis ja sellele j\u00e4rgnevas silbis. Seda vaheldust on tavaks k\u00e4sitada n\u00f5rga ja tugeva astme vaheldusena. Astmevaheldusele alluvad nii nimi- kui ka tegus\u00f5nad, nt<\/p>\n\n\n\n<figure class=\"wp-block-table alignleft is-style-stripes has-small-font-size\"><table class=\"table table-hover\"><thead><tr><th>N\u00f5rk aste<\/th><th>Tugev aste<\/th><\/tr><\/thead><tbody><tr><td><em>kal\u0101d <\/em>\u2019kalad\u2019<\/td><td><em>ka\u2019ll\u00f5 <\/em>\u2019kala\u2019 (prt)<\/td><\/tr><tr><td><em>kik\u012bd <\/em>\u2019kuked\u2019<\/td><td><em>kik <\/em>\u2019kukk\u2019<\/td><\/tr><tr><td><em>liep\u0101d <\/em>\u2019lepad\u2019<\/td><td><em>liepp\u00f5 <\/em>\u2019leppa\u2019<\/td><\/tr><tr><td><em>k\u012braz <\/em>\u2019kirves\u2019<\/td><td><em>kirr\u00f5 <\/em>\u2019kirve\u2019<\/td><\/tr><tr><td><em>v\u00f5t\u0101b <\/em>\u2019v\u00f5tab\u2019<\/td><td><em>v\u00f5tt\u00f5 <\/em>\u2019v\u00f5tta\u2019<\/td><\/tr><tr><td><em>sieg\u016bb <\/em>\u2019segab\u2019<\/td><td><em>sie\u2019gg\u00f5 <\/em>\u2019segada\u2019<\/td><\/tr><\/tbody><\/table><\/figure>\n\n\n\n<div style=\"height:28px\" aria-hidden=\"true\" class=\"wp-block-spacer\"><\/div>\n\n\n\n<p>Liivi astmevaheldust on p\u00f5hjalikult uurinud professor Tiit-Rein Viitso. Tutvu n\u00e4iteks tema 2007. a <em>Linguistica Uralica<\/em> artikliga (LU 2007 XLIII 1, lk 23-28).<\/p>\n\n\n\n<div class=\"wp-block-file\"><a id=\"wp-block-file--media-6d28d482-8d93-4ddb-aced-d14eb217ff36\" href=\"https:\/\/sisu.ut.ee\/wp-content\/uploads\/sites\/649\/viitso_ling-2007-1-5.pdf\">Viitso artiklit saad lugeda siit<\/a><a href=\"https:\/\/sisu.ut.ee\/wp-content\/uploads\/sites\/649\/viitso_ling-2007-1-5.pdf\" class=\"wp-block-file__button wp-element-button\" download aria-describedby=\"wp-block-file--media-6d28d482-8d93-4ddb-aced-d14eb217ff36\">Laadi alla<\/a><\/div>\n","protected":false},"excerpt":{"rendered":"<p>Liivi keele astmevaheldus h\u00f5lmab s\u00f5nade muutmisel aset leidvaid regulaarseid t\u00fcvevaheldusi r\u00f5hulises silbis ja sellele j\u00e4rgnevas silbis. Seda vaheldust on tavaks k\u00e4sitada n\u00f5rga ja tugeva astme vaheldusena. Astmevaheldusele alluvad nii nimi- kui ka tegus\u00f5nad, nt N\u00f5rk aste Tugev aste kal\u0101d \u2019kalad\u2019 &#8230;<\/p>\n","protected":false},"author":471,"featured_media":0,"parent":0,"menu_order":0,"comment_status":"closed","ping_status":"closed","template":"","meta":{"_acf_changed":false,"inline_featured_image":false,"footnotes":""},"class_list":["post-870","page","type-page","status-publish","hentry"],"acf":[],"_links":{"self":[{"href":"https:\/\/sisu.ut.ee\/liivikeel\/wp-json\/wp\/v2\/pages\/870","targetHints":{"allow":["GET"]}}],"collection":[{"href":"https:\/\/sisu.ut.ee\/liivikeel\/wp-json\/wp\/v2\/pages"}],"about":[{"href":"https:\/\/sisu.ut.ee\/liivikeel\/wp-json\/wp\/v2\/types\/page"}],"author":[{"embeddable":true,"href":"https:\/\/sisu.ut.ee\/liivikeel\/wp-json\/wp\/v2\/users\/471"}],"replies":[{"embeddable":true,"href":"https:\/\/sisu.ut.ee\/liivikeel\/wp-json\/wp\/v2\/comments?post=870"}],"version-history":[{"count":6,"href":"https:\/\/sisu.ut.ee\/liivikeel\/wp-json\/wp\/v2\/pages\/870\/revisions"}],"predecessor-version":[{"id":1015,"href":"https:\/\/sisu.ut.ee\/liivikeel\/wp-json\/wp\/v2\/pages\/870\/revisions\/1015"}],"wp:attachment":[{"href":"https:\/\/sisu.ut.ee\/liivikeel\/wp-json\/wp\/v2\/media?parent=870"}],"curies":[{"name":"wp","href":"https:\/\/api.w.org\/{rel}","templated":true}]}}