{"id":6,"date":"2024-04-04T08:57:00","date_gmt":"2024-04-04T05:57:00","guid":{"rendered":"https:\/\/sisu.ut.ee\/liivikeel\/22-grammatika\/"},"modified":"2026-02-13T16:38:45","modified_gmt":"2026-02-13T14:38:45","slug":"22-grammatika","status":"publish","type":"page","link":"https:\/\/sisu.ut.ee\/liivikeel\/22-grammatika\/","title":{"rendered":"2.2. Gramatik \/ Grammatika"},"content":{"rendered":"<div style=\"height:15px\" aria-hidden=\"true\" class=\"wp-block-spacer\"><\/div>\n\n\n\n<h4 class=\"wp-block-heading\">Isikulised ases\u00f5nad<\/h4>\n\n\n\n<p>Liivi keele isikulistel ases\u00f5nadel eristub kolm ainsuslikku ja kolm mitmuslikku isikut. Tabelis on esitatud isikuliste ases\u00f5nade k\u00e4\u00e4ndevormid.<\/p>\n\n\n\n<div class=\"wp-block-group is-vertical is-layout-flex wp-container-core-group-is-layout-8cf370e7 wp-block-group-is-layout-flex\">\n<figure class=\"wp-block-table alignleft is-style-regular has-small-font-size\"><table class=\"table table-hover\"><tbody><tr><td><strong>K\u00e4\u00e4ne<\/strong><\/td><td><strong>ains 1. isik<\/strong><\/td><td><strong>ains 2. isik<\/strong><\/td><td><strong>ains 3. isik<\/strong><\/td><td><strong>mitm 1. isik<\/strong><\/td><td><strong>mitm 2. isik<\/strong><\/td><td><strong>ains 1. isik<\/strong><\/td><\/tr><tr><td><strong>Nominatiiv<\/strong><\/td><td>min\u0101, ma<\/td><td>sin\u0101, sa<\/td><td>t\u00e4m\u0101, ta<\/td><td>m\u0113g (meg)<\/td><td>t\u0113g (teg)<\/td><td>n\u00e4m\u0101d, ne<\/td><\/tr><tr><td><strong>Genitiiv<\/strong><\/td><td>mi\u2019n<\/td><td>si\u2019n<\/td><td>t\u00e4\u2019m<\/td><td>m\u00e4\u2019d<\/td><td>t\u00e4\u2019d<\/td><td>n\u00e4nt<\/td><\/tr><tr><td><strong>Daativ<\/strong><\/td><td>mi\u2019nn\u00f5n ~ mi\u2019n<\/td><td>si\u2019nn\u00f5n ~ si\u2019n<\/td><td>t\u00e4\u2019mm\u00f5n<\/td><td>m\u00e4\u2019dd\u00f5n ~ m\u00e4\u2019n<\/td><td>t\u00e4\u2019dd\u00f5n ~ t\u00e4\u2019n<\/td><td>n\u00e4nt\u00f5n<\/td><\/tr><tr><td><strong>Partitiiv<\/strong><\/td><td>m\u012bnda<\/td><td>s\u012bnda<\/td><td>t\u01dfnda<\/td><td>m\u0113\u1e11i<\/td><td>t\u0113\u1e11i<\/td><td>n\u0113\u1e11i<\/td><\/tr><tr><td><strong>Instrumentaal<\/strong><\/td><td>mi\u2019nk\u00f5ks<\/td><td>si\u2019nk\u00f5ks<\/td><td>t\u00e4\u2019mk\u00f5ks<\/td><td>m\u00e4\u2019dk\u00f5ks<\/td><td>t\u00e4\u2019dk\u00f5ks<\/td><td>n\u00e4ntk\u00f5ks<\/td><\/tr><tr><td><strong>Illatiiv<\/strong><\/td><td>mi\u2019nn\u00f5 ~ mi\u2019nn\u00f5z<\/td><td>si\u2019nn\u00f5 ~ si\u2019nn\u00f5z<\/td><td>t\u00e4\u2019mm\u00f5 ~ t\u00e4\u2019mm\u00f5z<\/td><td>m\u0113\u2019\u017ei<\/td><td>t\u0113\u2019\u017ei<\/td><td>n\u0113\u2019\u017ei<\/td><\/tr><tr><td><strong>Inessiiv<\/strong><\/td><td>mi\u2019ns\u00f5<\/td><td>si\u2019ns\u00f5<\/td><td>t\u00e4\u2019ms\u00f5<\/td><td>m\u0113\u0161i<\/td><td>t\u0113\u0161i<\/td><td>n\u0113\u0161i<\/td><\/tr><tr><td><strong>Elatiiv<\/strong><\/td><td>mi\u2019nst\u00f5<\/td><td>si\u2019nst\u00f5<\/td><td>t\u00e4\u2019mst\u00f5<\/td><td>m\u0113\u0161ti<\/td><td>t\u0113\u0161ti<\/td><td>n\u0113\u0161ti<\/td><\/tr><\/tbody><\/table><\/figure>\n<\/div>\n\n\n\n<div style=\"height:19px\" aria-hidden=\"true\" class=\"wp-block-spacer\"><\/div>\n\n\n\n<details class=\"wp-block-details is-layout-flow wp-block-details-is-layout-flow\"><summary>Nominatiivis ja daativis on ases\u00f5nal \u00fcldiselt nii pikk kui ka l\u00fchike vorm. Nominatiivis tarvitatakse ases\u00f5na pikka vormi\u00a0ennek\u00f5ike lauser\u00f5huliseses positsioonis, kus sellel on vastandav v\u00f5i r\u00f5hutav funktsioon. L\u00fchike vorm on enamasti lauser\u00f5hutu.<\/summary>\n<p><\/p>\n<\/details>\n\n\n\n<details class=\"wp-block-details is-layout-flow wp-block-details-is-layout-flow\"><summary>Nominatiivi mitmuse 1. ja 2. isiku vorm on toodud sulgudes, sest neid v\u00f5iks pigem lugeda kiirk\u00f5nele omasteks vormideks.<\/summary>\n<p><\/p>\n<\/details>\n\n\n\n<details class=\"wp-block-details is-layout-flow wp-block-details-is-layout-flow\"><summary>Ases\u00f5na <i>ne <\/i>puhul pole tegu <i>n\u00e4m\u0101d<\/i> l\u00fchivormiga, vaid hoopis n\u00e4itava ases\u00f5naga (vrd eesti<i> need<\/i>), mis on sisenenud isikuliste ases\u00f5nade paradigmasse. Alates omastavast k\u00e4\u00e4ndest langevad<i> n\u00e4m\u0101d<\/i> ja <i>ne <\/i>vormid t\u00e4ielikult kokku.<\/summary>\n<p><\/p>\n<\/details>\n\n\n\n<div style=\"height:27px\" aria-hidden=\"true\" class=\"wp-block-spacer\"><\/div>\n\n\n\n<!--nextpage-->\n\n\n\n<h4 class=\"wp-block-heading\">Tegus\u00f5na olevik<\/h4>\n\n\n\n<p><b>Jaatavas k\u00f5neliigis<\/b> on p\u00f6\u00f6rdel\u00f5pud kasutusel k\u00f5igis isikuis, kusjuures ainsuse 1. ja 3. isik langevad kokku. Tabelis on toodud oleviku tavap\u00e4rased l\u00f5pud ning n\u00e4ited s\u00f5nade<i> n\u01df\u2019d\u00f5<\/i> \u2019n\u00e4ha\u2019 ja<i> r\u00f5k\u0101nd\u00f5 <\/i>\u2019r\u00e4\u00e4kida\u2019 p\u00f6\u00f6ramisest.<\/p>\n\n\n\n<figure class=\"wp-block-table alignleft is-style-stripes has-small-font-size\"><table class=\"table table-hover\"><thead><tr><th class=\"has-text-align-left\" data-align=\"left\">Isik<\/th><th>P\u00f6\u00f6rdel\u00f5pp<\/th><th>N\u00e4ide<\/th><\/tr><\/thead><tbody><tr><td class=\"has-text-align-left\" data-align=\"left\">ains 1. isik<\/td><td><strong>-b -\u00f5b<\/strong><\/td><td>ma n\u01df<strong>b<\/strong>, r\u00f5k\u0101nd<strong>\u00f5b<\/strong><\/td><\/tr><tr><td class=\"has-text-align-left\" data-align=\"left\">ains 2. isik<\/td><td><strong>-d -\u00f5d<\/strong><\/td><td>sa n\u01df<strong>d<\/strong>, r\u00f5k\u0101nd<strong>\u00f5d<\/strong><\/td><\/tr><tr><td class=\"has-text-align-left\" data-align=\"left\">ains 3. isik<\/td><td><strong>-b -\u00f5b<\/strong><\/td><td>ta n\u01df<strong>b<\/strong>, r\u00f5k\u0101nd<strong>\u00f5b<\/strong><\/td><\/tr><tr><td class=\"has-text-align-left\" data-align=\"left\">mitm 1. isik<\/td><td><strong>-m\u00f5 -m -\u00f5m<\/strong><\/td><td>m\u0113g n\u01df<strong>m\u00f5<\/strong>, r\u00f5k\u0101nd<strong>\u00f5m<\/strong><\/td><\/tr><tr><td class=\"has-text-align-left\" data-align=\"left\">mitm 2. isik<\/td><td><strong>-t\u00f5 -t -\u00f5t<\/strong><\/td><td>t\u0113g n\u01df<strong>t\u00f5<\/strong>, r\u00f5k\u0101nd<strong>\u00f5t<\/strong><\/td><\/tr><tr><td class=\"has-text-align-left\" data-align=\"left\">mitm 3. isik<\/td><td><strong>-b\u00f5d -\u00f5b\u00f5d<\/strong><\/td><td>ne n\u01df<strong>b\u00f5d<\/strong>, r\u00f5k\u0101nd<strong>\u00f5b\u00f5d<\/strong><\/td><\/tr><\/tbody><\/table><figcaption class=\"wp-element-caption\">P\u00f6\u00f6rdel\u00f5pud jaatavas k\u00f5neliigis<\/figcaption><\/figure>\n\n\n\n<p><strong>P\u00f6\u00f6del\u00f5pu valik <\/strong>oleneb ennek\u00f5ike t\u00fcve l\u00f5puh\u00e4\u00e4likust. <\/p>\n\n\n\n<details class=\"wp-block-details is-layout-flow wp-block-details-is-layout-flow\"><summary>Kui t\u00fcvi l\u00f5peb kaash\u00e4\u00e4likuga, lisandub <i>\u00f5-<\/i>line variant (nt <i>r\u00f5k\u0101nd\/\u00f5b<\/i>), t\u00e4ish\u00e4\u00e4likuga l\u00f5ppeva t\u00fcve puhul ilma <i>\u00f5<\/i>-ta variant (nt <i>n\u01df\/b<\/i>).<\/summary>\n<p><\/p>\n<\/details>\n\n\n\n<div class=\"wp-block-group is-layout-constrained wp-block-group-is-layout-constrained\">\n<details class=\"wp-block-details is-layout-flow wp-block-details-is-layout-flow\"><summary>Mitmuse 1. ja 2. isiku l\u00f5pu valik s\u00f5ltub silpide arvust: \u00fchesilbilisele vokaalt\u00fcvele liitub vastavalt <em>-m\u00f5<\/em> ja \u2013<em>t\u00f5<\/em>, enamasilbiliste s\u00f5nade puhul on p\u00f6\u00f6rdel\u00f5pud vastavalt <em>-\u00f5m<\/em> ja <em>-\u00f5t.<\/em> Erandiks on astmevahelduslikud <em>a\/\u0101-<\/em>t\u00fcvelised tegus\u00f5nad, mil on kasutusel <em>-m<\/em> ja <em>-t<\/em>.<\/summary>\n<p><\/p>\n<\/details>\n\n\n\n<div style=\"height:20px\" aria-hidden=\"true\" class=\"wp-block-spacer\"><\/div>\n<\/div>\n\n\n\n<p><b>Eitava k\u00f5neliigi<\/b> olevikuvormid on liitvormid, mis koosnevad p\u00f6\u00f6rduvast eitustegus\u00f5nast ning p\u00f5his\u00f5nast. Ainsuse isikuis on p\u00f5his\u00f5na vormid l\u00f5puta (t\u00e4histatud m\u00e4rgiga \u00f8), mitmuses aga lisanduvad ka p\u00f6\u00f6rdel\u00f5pud.\u00a0Mitmuse 1. ja 2. isiku vormid kattuvad jaatava k\u00f5neliigi vormidega, kusjuures mitmuse 2. isiku vorm on \u00fcldistunud ka 3. isikusse.<\/p>\n\n\n\n<figure class=\"wp-block-table alignleft is-style-stripes has-small-font-size\"><table class=\"table table-hover\"><thead><tr><th class=\"has-text-align-left\" data-align=\"left\">Isik<\/th><th>Eitustegus\u00f5na<\/th><th>P\u00f6\u00f6rdel\u00f5pp<\/th><th>N\u00e4ide<\/th><\/tr><\/thead><tbody><tr><td class=\"has-text-align-left\" data-align=\"left\">ains 1. isik<\/td><td><strong>\u00e4\u2019b<\/strong><\/td><td>\u00f8<\/td><td>ma <strong>\u00e4\u2019b<\/strong> n\u01df, r\u00f5k\u0101nd<\/td><\/tr><tr><td class=\"has-text-align-left\" data-align=\"left\">ains 2. isik<\/td><td><strong>\u00e4\u2019d<\/strong><\/td><td>\u00f8<\/td><td>sa <strong>\u00e4\u2019d<\/strong> n\u01df, r\u00f5k\u0101nd<\/td><\/tr><tr><td class=\"has-text-align-left\" data-align=\"left\">ains 3. isik<\/td><td><strong><strong>\u00e4\u2019b<\/strong><\/strong><\/td><td>\u00f8<\/td><td>ta <strong>\u00e4\u2019b<\/strong> n\u01df, r\u00f5k\u0101nd<\/td><\/tr><tr><td class=\"has-text-align-left\" data-align=\"left\">mitm 1. isik<\/td><td><strong>\u00e4\u2019b<\/strong><\/td><td><strong>-m\u00f5 -m -\u00f5m<\/strong><\/td><td>m\u0113g <strong>\u00e4\u2019b<\/strong> n\u01df<strong>m\u00f5<\/strong>, r\u00f5k\u0101nd<strong>\u00f5m<\/strong><\/td><\/tr><tr><td class=\"has-text-align-left\" data-align=\"left\">mitm 2. isik<\/td><td><strong>\u00e4t<\/strong><\/td><td><strong>-t\u00f5 -t -\u00f5t<\/strong><\/td><td>t\u0113g <strong>\u00e4t <\/strong>n\u01df<strong>t\u00f5<\/strong>, r\u00f5k\u0101nd<strong>\u00f5t<\/strong><\/td><\/tr><tr><td class=\"has-text-align-left\" data-align=\"left\">mitm 3. isik<\/td><td><strong>\u00e4\u2019b<\/strong><\/td><td><strong>-t\u00f5 -t -\u00f5t<\/strong><\/td><td>ne <strong>\u00e4\u2019b <\/strong>n\u01df<strong>t\u00f5<\/strong>, r\u00f5k\u0101nd<strong>\u00f5t<\/strong><\/td><\/tr><\/tbody><\/table><figcaption class=\"wp-element-caption\">P\u00f6\u00f6rdel\u00f5pud eitavas k\u00f5neliigis<\/figcaption><\/figure>\n\n\n\n<div style=\"height:20px\" aria-hidden=\"true\" class=\"wp-block-spacer\"><\/div>\n\n\n\n<p>Vastavalt sellele, mitu silpi on s\u00f5nas, kas tegu on astmevaheldusliku s\u00f5naga v\u00f5i mitte ning kas t\u00fcvi l\u00f5peb t\u00e4ish\u00e4\u00e4liku v\u00f5i kaash\u00e4\u00e4likuga, saab eristada <strong>nelja p\u00f6\u00f6rdkonda<\/strong>. P\u00f6\u00f6rdkonnad on esitatud j\u00e4rgmisel lehek\u00fcljel. <\/p>\n\n\n\n<!--nextpage-->\n\n\n\n<div style=\"height:15px\" aria-hidden=\"true\" class=\"wp-block-spacer\"><\/div>\n\n\n\n<h5 class=\"wp-block-heading\">P\u00f6\u00f6rdkond I<\/h5>\n\n\n\n<p>Sellesse p\u00f6\u00f6rdkonda kuulub kolm tegus\u00f5na: <mark style=\"background-color:rgba(0, 0, 0, 0)\" class=\"has-inline-color has-primary-color\"><em>v\u0231lda <\/em>\u2019olla\u2019<\/mark>, <mark style=\"background-color:rgba(0, 0, 0, 0)\" class=\"has-inline-color has-primary-color\"><em>p\u0101nda <\/em>\u2019panna\u2019 <\/mark>ja <mark style=\"background-color:rgba(0, 0, 0, 0)\" class=\"has-inline-color has-primary-color\"><em>t\u016blda <\/em>\u2019tulla\u2019<\/mark>. Infinitiivivorm on neil n\u00f5rgaastmeline. Erinevalt tavalistest <em>\u0101<\/em>-t\u00fcvelistest tegus\u00f5nadest (vt III p\u00f6\u00f6rdkond), on <em><mark style=\"background-color:rgba(0, 0, 0, 0)\" class=\"has-inline-color has-primary-color\">p\u0101nda <\/mark><\/em>ja <em><mark style=\"background-color:rgba(0, 0, 0, 0)\" class=\"has-inline-color has-primary-color\">t\u016blda <\/mark><\/em>oleviku mitmusevormid ja eitusvormid tugevaastmelised.<\/p>\n\n\n\n<figure class=\"wp-block-image size-large is-resized\"><img loading=\"lazy\" decoding=\"async\" width=\"1024\" height=\"647\" src=\"https:\/\/sisu.ut.ee\/wp-content\/uploads\/sites\/649\/Poordkond-I-1024x647.jpg\" alt=\"\" class=\"wp-image-396\" style=\"width:634px;height:auto\" srcset=\"https:\/\/sisu.ut.ee\/wp-content\/uploads\/sites\/649\/Poordkond-I-1024x647.jpg 1024w, https:\/\/sisu.ut.ee\/wp-content\/uploads\/sites\/649\/Poordkond-I-300x189.jpg 300w, https:\/\/sisu.ut.ee\/wp-content\/uploads\/sites\/649\/Poordkond-I-768x485.jpg 768w, https:\/\/sisu.ut.ee\/wp-content\/uploads\/sites\/649\/Poordkond-I.jpg 1058w\" sizes=\"auto, (max-width: 1024px) 100vw, 1024px\"><\/figure>\n\n\n\n<p>Tegus\u00f5na <em><mark style=\"background-color:rgba(0, 0, 0, 0)\" class=\"has-inline-color has-primary-color\">v\u0231lda <\/mark><\/em>mitmuse 3. isiku vormid <em><mark style=\"background-color:rgba(0, 0, 0, 0)\" class=\"has-inline-color has-primary-color\">\u0101t\u00f5<\/mark><\/em>, <em><mark style=\"background-color:rgba(0, 0, 0, 0)\" class=\"has-inline-color has-primary-color\">att\u00f5<\/mark><\/em>, <em><mark style=\"background-color:rgba(0, 0, 0, 0)\" class=\"has-inline-color has-primary-color\">\u0101t <\/mark><\/em>ja <em><mark style=\"background-color:rgba(0, 0, 0, 0)\" class=\"has-inline-color has-primary-color\">at <\/mark><\/em>on algselt nn kiirk\u00f5nevormid, mis on v\u00e4lja t\u00f5rjunud vormi <em><mark style=\"background-color:rgba(0, 0, 0, 0)\" class=\"has-inline-color has-primary-color\">um\u0101t\u00f5 <\/mark><\/em>ja suurel m\u00e4\u00e4ral ka vormi <em><mark style=\"background-color:rgba(0, 0, 0, 0)\" class=\"has-inline-color has-primary-color\">um\u0101t<\/mark><\/em>.<br><\/p>\n\n\n\n<p><strong>Hea teada.<\/strong> L\u00e4\u00e4neliivis on <em><mark style=\"background-color:rgba(0, 0, 0, 0)\" class=\"has-inline-color has-primary-color\">v\u0231lda<\/mark><\/em>-tegus\u00f5na ainsuse 1. isiku vormiks <em><mark style=\"background-color:rgba(0, 0, 0, 0)\" class=\"has-inline-color has-primary-color\">\u016bo <\/mark><\/em>ja keskliivis <em><mark style=\"background-color:rgba(0, 0, 0, 0)\" class=\"has-inline-color has-primary-color\">\u016bob<\/mark><\/em>. Tegus\u00f5na <em><mark style=\"background-color:rgba(0, 0, 0, 0)\" class=\"has-inline-color has-primary-color\">t\u016blda <\/mark><\/em>on nii l\u00e4\u00e4ne- kui ka keskliivis, idaliivis Vaidi k\u00fclas ja isikuti S\u012bkr\u00f5gi k\u00fclas ainsuses <em>\u016b<\/em>-t\u00fcveline, viimasega samamoodi muutub <em><mark style=\"background-color:rgba(0, 0, 0, 0)\" class=\"has-inline-color has-primary-color\">p\u0101nda <\/mark><\/em>\u2019panna\u2019. Ka 1930. aastate liivi kirjakeele tekstides \u00fcritati juurutada vorme <em><mark style=\"background-color:rgba(0, 0, 0, 0)\" class=\"has-inline-color has-primary-color\">\u016bob<\/mark><\/em>, <em><mark style=\"background-color:rgba(0, 0, 0, 0)\" class=\"has-inline-color has-primary-color\">pan\u016bb <\/mark><\/em>ja <em><mark style=\"background-color:rgba(0, 0, 0, 0)\" class=\"has-inline-color has-primary-color\">tul\u016bb<\/mark><\/em>.<\/p>\n\n\n\n<h5 class=\"wp-block-heading\">P\u00f6\u00f6dkond II<\/h5>\n\n\n\n<p>Siia kuuluvad \u00fchesilbilise vokaalt\u00fcvega tegus\u00f5nad. Infinitiivivormis t\u00e4heldatav katketoon ei pruugi olevikut\u00fcves alati esineda (vt <em><mark style=\"background-color:rgba(0, 0, 0, 0)\" class=\"has-inline-color has-primary-color\">t\u012b\u2019ed\u00f5 <\/mark><\/em>\u2019teha\u2019).<\/p>\n\n\n\n<figure class=\"wp-block-image size-large is-resized\"><img loading=\"lazy\" decoding=\"async\" width=\"1024\" height=\"648\" src=\"https:\/\/sisu.ut.ee\/wp-content\/uploads\/sites\/649\/Poordkond-II-1024x648.jpg\" alt=\"\" class=\"wp-image-398\" style=\"width:632px;height:auto\" srcset=\"https:\/\/sisu.ut.ee\/wp-content\/uploads\/sites\/649\/Poordkond-II-1024x648.jpg 1024w, https:\/\/sisu.ut.ee\/wp-content\/uploads\/sites\/649\/Poordkond-II-300x190.jpg 300w, https:\/\/sisu.ut.ee\/wp-content\/uploads\/sites\/649\/Poordkond-II-768x486.jpg 768w, https:\/\/sisu.ut.ee\/wp-content\/uploads\/sites\/649\/Poordkond-II.jpg 1056w\" sizes=\"auto, (max-width: 1024px) 100vw, 1024px\"><\/figure>\n\n\n\n<h5 class=\"wp-block-heading\">P\u00f6\u00f6rdkond III<\/h5>\n\n\n\n<p>Selle p\u00f6\u00f6rdkonna moodustavad kahesilbilised astmevahelduslikud tegus\u00f5nad. Olenevalt ainsuse olevikut\u00fcve l\u00f5puvokaalist jagunevad astmevahelduslikud verbit\u00fcved <em>a\/\u0101<\/em>-, <em>\u016b<\/em>\u2013 ja <em>\u00f5<\/em>-t\u00fcvelisteks.<\/p>\n\n\n\n<figure class=\"wp-block-image size-large is-resized\"><img loading=\"lazy\" decoding=\"async\" width=\"1024\" height=\"359\" src=\"https:\/\/sisu.ut.ee\/wp-content\/uploads\/sites\/649\/Poordkond-IIIa-1024x359.jpg\" alt=\"\" class=\"wp-image-399\" style=\"width:629px;height:auto\" srcset=\"https:\/\/sisu.ut.ee\/wp-content\/uploads\/sites\/649\/Poordkond-IIIa-1024x359.jpg 1024w, https:\/\/sisu.ut.ee\/wp-content\/uploads\/sites\/649\/Poordkond-IIIa-300x105.jpg 300w, https:\/\/sisu.ut.ee\/wp-content\/uploads\/sites\/649\/Poordkond-IIIa-768x269.jpg 768w, https:\/\/sisu.ut.ee\/wp-content\/uploads\/sites\/649\/Poordkond-IIIa.jpg 1053w\" sizes=\"auto, (max-width: 1024px) 100vw, 1024px\"><\/figure>\n\n\n\n<figure class=\"wp-block-image size-large is-resized\"><img loading=\"lazy\" decoding=\"async\" width=\"1024\" height=\"281\" src=\"https:\/\/sisu.ut.ee\/wp-content\/uploads\/sites\/649\/Poordkond-IIIb-1024x281.jpg\" alt=\"\" class=\"wp-image-400\" style=\"width:630px;height:auto\" srcset=\"https:\/\/sisu.ut.ee\/wp-content\/uploads\/sites\/649\/Poordkond-IIIb-1024x281.jpg 1024w, https:\/\/sisu.ut.ee\/wp-content\/uploads\/sites\/649\/Poordkond-IIIb-300x82.jpg 300w, https:\/\/sisu.ut.ee\/wp-content\/uploads\/sites\/649\/Poordkond-IIIb-768x210.jpg 768w, https:\/\/sisu.ut.ee\/wp-content\/uploads\/sites\/649\/Poordkond-IIIb.jpg 1055w\" sizes=\"auto, (max-width: 1024px) 100vw, 1024px\"><\/figure>\n\n\n\n<p>Tuleb t\u00e4hele panna, et <em>a\/\u0101<\/em>-t\u00fcvede puhul on n\u00f5rgas astmes nii jaatava kui ka eitava k\u00f5neliigi olevikuvormid. <em>\u016b<\/em>\u2013 ja <em>\u00f5<\/em>-t\u00fcvelistes s\u00f5nades on k\u00f5ik jaatava k\u00f5neliigi ainsuse vormid n\u00f5rgas astmes ning k\u00f5ik mitmuse vormid tugevas astmes.<\/p>\n\n\n\n<h5 class=\"wp-block-heading\">P\u00f6\u00f6rdkond IV<\/h5>\n\n\n\n<p>Siia p\u00f6\u00f6rdkonda kuuluvad astmevahelduseta konsonantt\u00fcvelised tegus\u00f5nad.<\/p>\n\n\n\n<figure class=\"wp-block-image size-large is-resized\"><img loading=\"lazy\" decoding=\"async\" width=\"1024\" height=\"679\" src=\"https:\/\/sisu.ut.ee\/wp-content\/uploads\/sites\/649\/Poordkond-IV-1024x679.jpg\" alt=\"\" class=\"wp-image-401\" style=\"width:627px;height:auto\" srcset=\"https:\/\/sisu.ut.ee\/wp-content\/uploads\/sites\/649\/Poordkond-IV-1024x679.jpg 1024w, https:\/\/sisu.ut.ee\/wp-content\/uploads\/sites\/649\/Poordkond-IV-300x199.jpg 300w, https:\/\/sisu.ut.ee\/wp-content\/uploads\/sites\/649\/Poordkond-IV-768x509.jpg 768w, https:\/\/sisu.ut.ee\/wp-content\/uploads\/sites\/649\/Poordkond-IV.jpg 1054w\" sizes=\"auto, (max-width: 1024px) 100vw, 1024px\"><\/figure>\n","protected":false},"excerpt":{"rendered":"<p>Isikulised ases\u00f5nad Liivi keele isikulistel ases\u00f5nadel eristub kolm ainsuslikku ja kolm mitmuslikku isikut. Tabelis on esitatud isikuliste ases\u00f5nade k\u00e4\u00e4ndevormid. K\u00e4\u00e4ne ains 1. isik ains 2. isik ains 3. isik mitm 1. isik mitm 2. isik ains 1. isik Nominatiiv min\u0101, &#8230;<\/p>\n","protected":false},"author":320,"featured_media":0,"parent":0,"menu_order":0,"comment_status":"closed","ping_status":"closed","template":"","meta":{"_acf_changed":false,"inline_featured_image":false,"footnotes":""},"class_list":["post-6","page","type-page","status-publish","hentry"],"acf":[],"_links":{"self":[{"href":"https:\/\/sisu.ut.ee\/liivikeel\/wp-json\/wp\/v2\/pages\/6","targetHints":{"allow":["GET"]}}],"collection":[{"href":"https:\/\/sisu.ut.ee\/liivikeel\/wp-json\/wp\/v2\/pages"}],"about":[{"href":"https:\/\/sisu.ut.ee\/liivikeel\/wp-json\/wp\/v2\/types\/page"}],"author":[{"embeddable":true,"href":"https:\/\/sisu.ut.ee\/liivikeel\/wp-json\/wp\/v2\/users\/320"}],"replies":[{"embeddable":true,"href":"https:\/\/sisu.ut.ee\/liivikeel\/wp-json\/wp\/v2\/comments?post=6"}],"version-history":[{"count":30,"href":"https:\/\/sisu.ut.ee\/liivikeel\/wp-json\/wp\/v2\/pages\/6\/revisions"}],"predecessor-version":[{"id":2805,"href":"https:\/\/sisu.ut.ee\/liivikeel\/wp-json\/wp\/v2\/pages\/6\/revisions\/2805"}],"wp:attachment":[{"href":"https:\/\/sisu.ut.ee\/liivikeel\/wp-json\/wp\/v2\/media?parent=6"}],"curies":[{"name":"wp","href":"https:\/\/api.w.org\/{rel}","templated":true}]}}