{"id":45,"date":"2024-04-04T08:57:05","date_gmt":"2024-04-04T05:57:05","guid":{"rendered":"https:\/\/sisu.ut.ee\/liivikeel\/53-laul-kalamie-loul-kalamehe-laul\/"},"modified":"2024-10-27T13:35:35","modified_gmt":"2024-10-27T11:35:35","slug":"5-5-ilzandoksi-ulesandeid","status":"publish","type":"page","link":"https:\/\/sisu.ut.ee\/liivikeel\/5-5-ilzandoksi-ulesandeid\/","title":{"rendered":"5.5. I&#8217;lzand\u00f5k\u0161i \/ \u00dclesandeid"},"content":{"rendered":"<div style=\"height:22px\" aria-hidden=\"true\" class=\"wp-block-spacer\"><\/div>\n\n\n\n<h5 class=\"wp-block-heading\">5.5.1. Lihtminevikuvormid<\/h5>\n\n\n\n<div class=\"h5p-iframe-wrapper\"><div class=\"video-placeholder-wrapper video-placeholder-wrapper--fixed\" style=\"height: 366px;\">\n\t\t\t    <div class=\"video-placeholder d-flex justify-content-center align-items-center\">\n\t\t\t        <div class=\"overlay text-white p-2 w-100 text-center d-block justify-content-center align-items-center\">\n\t\t\t            <div>Kolmandate osapoolte sisu n\u00e4gemiseks palun n\u00f5ustu k\u00fcpsistega.<\/div>\n\t\t\t            <button class=\"btn btn-secondary btn-sm mt-1 consent-change\">Muuda n\u00f5usolekut<\/button>\n\t\t\t        <\/div>\n\t\t\t    <\/div>\n\t\t\t<\/div>\n<\/div>\n\n\n\n<div style=\"height:11px\" aria-hidden=\"true\" class=\"wp-block-spacer\"><\/div>\n\n\n\n<!--nextpage-->\n\n\n\n<div style=\"height:19px\" aria-hidden=\"true\" class=\"wp-block-spacer\"><\/div>\n\n\n\n<h5 class=\"wp-block-heading\">5.5.2. \u201cProfesor Viitso l\u012bvlizt\u201d \/ \u201cProfessor Viitso liivlased\u201d<\/h5>\n\n\n\n<div style=\"height:19px\" aria-hidden=\"true\" class=\"wp-block-spacer\"><\/div>\n\n\n\n<div class=\"wp-block-media-text is-stacked-on-mobile\" style=\"grid-template-columns:29% auto\"><figure class=\"wp-block-media-text__media\"><img loading=\"lazy\" decoding=\"async\" width=\"408\" height=\"612\" src=\"https:\/\/sisu.ut.ee\/wp-content\/uploads\/sites\/649\/gk.jpg\" alt=\"Grizelda Kristi\u0146\" class=\"wp-image-104 size-full\" srcset=\"https:\/\/sisu.ut.ee\/wp-content\/uploads\/sites\/649\/gk.jpg 408w, https:\/\/sisu.ut.ee\/wp-content\/uploads\/sites\/649\/gk-200x300.jpg 200w\" sizes=\"auto, (max-width: 408px) 100vw, 408px\"><\/figure><div class=\"wp-block-media-text__content\">\n<p>Leia filmist \u201cProfessor Viitso liivlased\u201d (vt\u00a0<a href=\"https:\/\/www.uttv.ee\/naita?id=7803\" target=\"_blank\" rel=\"noreferrer noopener\">SIIT<\/a>)\u00a0katkend vahemikus 19:16 kuni 21:26 ja otsusta, mis s\u00f5na v\u00f5iks sobida l\u00fcnka.<\/p>\n\n\n\n<div class=\"h5p-iframe-wrapper\"><div class=\"video-placeholder-wrapper video-placeholder-wrapper--fixed\" style=\"height: 366px;\">\n\t\t\t    <div class=\"video-placeholder d-flex justify-content-center align-items-center\">\n\t\t\t        <div class=\"overlay text-white p-2 w-100 text-center d-block justify-content-center align-items-center\">\n\t\t\t            <div>Kolmandate osapoolte sisu n\u00e4gemiseks palun n\u00f5ustu k\u00fcpsistega.<\/div>\n\t\t\t            <button class=\"btn btn-secondary btn-sm mt-1 consent-change\">Muuda n\u00f5usolekut<\/button>\n\t\t\t        <\/div>\n\t\t\t    <\/div>\n\t\t\t<\/div>\n<\/div>\n<\/div><\/div>\n\n\n\n<p>Vaata tervet filmi ja vasta k\u00fcsimustele:<\/p>\n\n\n\n<p class=\"has-text-align-left\"><\/p><div class=\"h5p-iframe-wrapper\"><div class=\"video-placeholder-wrapper video-placeholder-wrapper--fixed\" style=\"height: 366px;\">\n\t\t\t    <div class=\"video-placeholder d-flex justify-content-center align-items-center\">\n\t\t\t        <div class=\"overlay text-white p-2 w-100 text-center d-block justify-content-center align-items-center\">\n\t\t\t            <div>Kolmandate osapoolte sisu n\u00e4gemiseks palun n\u00f5ustu k\u00fcpsistega.<\/div>\n\t\t\t            <button class=\"btn btn-secondary btn-sm mt-1 consent-change\">Muuda n\u00f5usolekut<\/button>\n\t\t\t        <\/div>\n\t\t\t    <\/div>\n\t\t\t<\/div>\n<\/div>\n\n\n\n<p class=\"has-text-align-left\"><\/p><div class=\"h5p-iframe-wrapper\"><div class=\"video-placeholder-wrapper video-placeholder-wrapper--fixed\" style=\"height: 366px;\">\n\t\t\t    <div class=\"video-placeholder d-flex justify-content-center align-items-center\">\n\t\t\t        <div class=\"overlay text-white p-2 w-100 text-center d-block justify-content-center align-items-center\">\n\t\t\t            <div>Kolmandate osapoolte sisu n\u00e4gemiseks palun n\u00f5ustu k\u00fcpsistega.<\/div>\n\t\t\t            <button class=\"btn btn-secondary btn-sm mt-1 consent-change\">Muuda n\u00f5usolekut<\/button>\n\t\t\t        <\/div>\n\t\t\t    <\/div>\n\t\t\t<\/div>\n<\/div>\n\n\n\n<p class=\"has-text-align-left\"><\/p><div class=\"h5p-iframe-wrapper\"><div class=\"video-placeholder-wrapper video-placeholder-wrapper--fixed\" style=\"height: 366px;\">\n\t\t\t    <div class=\"video-placeholder d-flex justify-content-center align-items-center\">\n\t\t\t        <div class=\"overlay text-white p-2 w-100 text-center d-block justify-content-center align-items-center\">\n\t\t\t            <div>Kolmandate osapoolte sisu n\u00e4gemiseks palun n\u00f5ustu k\u00fcpsistega.<\/div>\n\t\t\t            <button class=\"btn btn-secondary btn-sm mt-1 consent-change\">Muuda n\u00f5usolekut<\/button>\n\t\t\t        <\/div>\n\t\t\t    <\/div>\n\t\t\t<\/div>\n<\/div>\n\n\n\n<!--nextpage-->\n\n\n\n<div style=\"height:19px\" aria-hidden=\"true\" class=\"wp-block-spacer\"><\/div>\n\n\n\n<h5 class=\"wp-block-heading\">5.5.3. \u201cKal\u0101m\u012be loul\u201d \/ \u201cKalamehe laul\u201d<\/h5>\n\n\n\n<div style=\"height:16px\" aria-hidden=\"true\" class=\"wp-block-spacer\"><\/div>\n\n\n\n<p><span style=\"font-size: 15px;\"><strong>\u201cKal\u0101m\u012be loul\u201d <\/strong>(\u201cKalamehe laul\u201d) k\u00f5lab\u00a0Staltede perekonna esituses <a title=\"Kalamehe laul\" data-url=\"linkhttps:\/\/www.youtube.com\/watch?v=dozgxGL5f2k&amp;list=PLhn1J95YFbUz1uIPOTi47yBTkmf5Ncgrr&amp;index=2\" href=\"\/\/www.youtube.com\/watch?v=dozgxGL5f2k&amp;list=PLhn1J95YFbUz1uIPOTi47yBTkmf5Ncgrr&amp;index=2\" target=\"_blank\" rel=\"noopener\">SIIN<\/a>.<\/span><\/p>\n\n\n\n<p><span style=\"font-size: 15px;\">Tartu \u00dclikooli eesti murrete ja sugulaskeelte arhiivis (T\u00dc EMSA) on see<\/span>\u00a0<span style=\"font-size: 15px;\">Valdis Di\u0161lersi esituses kuulatav<\/span> siit (F0275-03):<\/p>\n\n\n\n<figure class=\"wp-block-audio alignleft\"><audio controls src=\"https:\/\/sisu.ut.ee\/wp-content\/uploads\/sites\/649\/F0275-03_LIIVI_ValdisDislers.mp3\"><\/audio><\/figure>\n\n\n\n<div style=\"height:17px\" aria-hidden=\"true\" class=\"wp-block-spacer\"><\/div>\n\n\n\n<p>Julg\u012b Stalte esituses saab laulu kuulata siit:<\/p>\n\n\n\n<figure class=\"wp-block-audio alignleft\"><audio controls src=\"https:\/\/sisu.ut.ee\/wp-content\/uploads\/sites\/649\/JulgiStalte_kalamieloul.mp3\"><\/audio><\/figure>\n\n\n\n<div style=\"height:15px\" aria-hidden=\"true\" class=\"wp-block-spacer\"><\/div>\n\n\n\n<p>Kis kil m\u012bnda, pi\u0161k\u012bzt, \u01dfltiz?<img loading=\"lazy\" decoding=\"async\" width=\"2560\" height=\"1440\" title=\"Loojang liivi rannal\" class=\"alignnone wp-image-105\" style=\"width: 468px; height: 264px; float: right;\" src=\"https:\/\/sisu.ut.ee\/wp-content\/uploads\/sites\/649\/20160925_194704-scaled.jpg\" alt=\"P\u00e4ikeseloojang liivi rannal\" srcset=\"https:\/\/sisu.ut.ee\/wp-content\/uploads\/sites\/649\/20160925_194704-scaled.jpg 2560w, https:\/\/sisu.ut.ee\/wp-content\/uploads\/sites\/649\/20160925_194704-300x169.jpg 300w, https:\/\/sisu.ut.ee\/wp-content\/uploads\/sites\/649\/20160925_194704-1024x576.jpg 1024w, https:\/\/sisu.ut.ee\/wp-content\/uploads\/sites\/649\/20160925_194704-768x432.jpg 768w, https:\/\/sisu.ut.ee\/wp-content\/uploads\/sites\/649\/20160925_194704-1536x864.jpg 1536w, https:\/\/sisu.ut.ee\/wp-content\/uploads\/sites\/649\/20160925_194704-2048x1152.jpg 2048w, https:\/\/sisu.ut.ee\/wp-content\/uploads\/sites\/649\/20160925_194704-1920x1080.jpg 1920w\" sizes=\"auto, (max-width: 2560px) 100vw, 2560px\"><br>Kis v\u022f\u013c minn\u00f5n v\u0231idaji?<br>Kis kil minn\u00f5n l\u014dl\u00f5d l\u014dliz?<br>Kis v\u022f\u013c magg\u00f5m pa\u0146\u0146iji?<br>Pi\u0161k\u012bzt m\u012bnda jem\u0101 \u01dfltiz,<br>jem\u0101 v\u022f\u013c min v\u0231idaji,<br>l\u014dlidi ta minn\u00f5n l\u014dliz,<br>v\u022f\u013c min magg\u00f5m pa\u0146\u0146iji.<\/p>\n\n\n\n<p>S\u016br\u00f5ks kazz\u00f5n, l\u0101in\u00f5d m\u012bnda<br>mier p\u01dfl l\u014djas \u01dfltab\u00f5d,<br>loug\u00f5 v\u012ber\u00f5s i\u013c vied p\u012bnda<br>s\u01dfl ne m\u012bnda v\u0231idab\u00f5d.<br>Ku\u0146t\u0161 siz t\u014dvaz p\u016bg\u00f5s minn\u00f5n\u00a0<br>per\u012bz loul\u00f5ks l\u014dlab s\u012be:<br>\u201eKal\u0101m\u012bez, um \u0101iga sinn\u00f5n,<br>p\u016boj\u00f5 magg\u00f5m t\u01dfn\u00f5 \u012be.\u201c<\/p>\n\n\n\n<div class=\"wp-block-file\"><a id=\"wp-block-file--media-59fe97b0-f888-4226-bf90-8c7d622778f7\" href=\"https:\/\/sisu.ut.ee\/wp-content\/uploads\/sites\/649\/kalamehe_laul.pdf\">Laulus\u00f5nade t\u00f5lge eesti keelde<\/a><a href=\"https:\/\/sisu.ut.ee\/wp-content\/uploads\/sites\/649\/kalamehe_laul.pdf\" class=\"wp-block-file__button wp-element-button\" download aria-describedby=\"wp-block-file--media-59fe97b0-f888-4226-bf90-8c7d622778f7\">Laadi alla<\/a><\/div>\n","protected":false},"excerpt":{"rendered":"<p>5.5.1. Lihtminevikuvormid<\/p>\n","protected":false},"author":320,"featured_media":0,"parent":0,"menu_order":0,"comment_status":"closed","ping_status":"closed","template":"","meta":{"_acf_changed":false,"inline_featured_image":false,"footnotes":""},"class_list":["post-45","page","type-page","status-publish","hentry"],"acf":[],"_links":{"self":[{"href":"https:\/\/sisu.ut.ee\/liivikeel\/wp-json\/wp\/v2\/pages\/45","targetHints":{"allow":["GET"]}}],"collection":[{"href":"https:\/\/sisu.ut.ee\/liivikeel\/wp-json\/wp\/v2\/pages"}],"about":[{"href":"https:\/\/sisu.ut.ee\/liivikeel\/wp-json\/wp\/v2\/types\/page"}],"author":[{"embeddable":true,"href":"https:\/\/sisu.ut.ee\/liivikeel\/wp-json\/wp\/v2\/users\/320"}],"replies":[{"embeddable":true,"href":"https:\/\/sisu.ut.ee\/liivikeel\/wp-json\/wp\/v2\/comments?post=45"}],"version-history":[{"count":29,"href":"https:\/\/sisu.ut.ee\/liivikeel\/wp-json\/wp\/v2\/pages\/45\/revisions"}],"predecessor-version":[{"id":999,"href":"https:\/\/sisu.ut.ee\/liivikeel\/wp-json\/wp\/v2\/pages\/45\/revisions\/999"}],"wp:attachment":[{"href":"https:\/\/sisu.ut.ee\/liivikeel\/wp-json\/wp\/v2\/media?parent=45"}],"curies":[{"name":"wp","href":"https:\/\/api.w.org\/{rel}","templated":true}]}}