{"id":42,"date":"2024-04-04T08:57:04","date_gmt":"2024-04-04T05:57:04","guid":{"rendered":"https:\/\/sisu.ut.ee\/liivikeel\/tekstid\/"},"modified":"2024-12-27T11:34:40","modified_gmt":"2024-12-27T09:34:40","slug":"tekstid","status":"publish","type":"page","link":"https:\/\/sisu.ut.ee\/liivikeel\/tekstid\/","title":{"rendered":"6.5. I&#8217;lzand\u00f5k\u0161i \/ \u00dclesandeid"},"content":{"rendered":"<div style=\"height:15px\" aria-hidden=\"true\" class=\"wp-block-spacer\"><\/div>\n\n\n\n<h5 class=\"wp-block-heading\">6.5.1. Mida tuleb suhkrupeetidega teha?<\/h5>\n\n\n\n<p>Liivi keele k\u00f5ige t\u00fc\u00fcpilisema modaalkonstruktsiooni, millega v\u00e4ljendatakse kohustust, tunneb \u00e4ra verbivormi <em><strong>m\u00f5st<\/strong><\/em> j\u00e4rgi. Eesti keelde v\u00f5iks n\u00e4iteks k\u00fcsimuse <mark style=\"background-color:rgba(0, 0, 0, 0)\" class=\"has-inline-color has-primary-color\"><em>Mis u\u2019m t\u012bem\u00f5st?<\/em> <\/mark>t\u00f5lkida \u2018Mida tuleb teha?\u2019 \/ \u2018Mida on vaja teha?\u2019 (vt t\u00e4psemini osast 6.2).<\/p>\n\n\n\n<p>Allolev harjutus sisaldab \u00f5petust selle kohta, mida tuleb suhkrupeetidega teha alates k\u00fclvamisest kuni nende vabrikusse j\u00f5udmiseni. \u00d5petus p\u00e4rineb Hilda Gr\u012bva, P\u0113t\u00f5r Dambergi ja Ints \u010ca\u010de raamatust \u201eEsperantist Le\u0163m\u0101l l\u012bvlist j\u016bs\u00f5\u201c. Pane t\u00e4hele, et kasutatud ortograafia erineb m\u00f5nev\u00f5rra t\u00e4nap\u00e4evasest liivi keele ortograafiast.<\/p>\n\n\n\n<div class=\"h5p-iframe-wrapper\"><div class=\"video-placeholder-wrapper video-placeholder-wrapper--fixed\" style=\"height: 366px;\">\n\t\t\t    <div class=\"video-placeholder d-flex justify-content-center align-items-center\">\n\t\t\t        <div class=\"overlay text-white p-2 w-100 text-center d-block justify-content-center align-items-center\">\n\t\t\t            <div>Kolmandate osapoolte sisu n\u00e4gemiseks palun n\u00f5ustu k\u00fcpsistega.<\/div>\n\t\t\t            <button class=\"btn btn-secondary btn-sm mt-1 consent-change\">Muuda n\u00f5usolekut<\/button>\n\t\t\t        <\/div>\n\t\t\t    <\/div>\n\t\t\t<\/div>\n<\/div>\n\n\n\n<div style=\"height:30px\" aria-hidden=\"true\" class=\"wp-block-spacer\"><\/div>\n\n\n\n<!--nextpage-->\n\n\n\n<div style=\"height:30px\" aria-hidden=\"true\" class=\"wp-block-spacer\"><\/div>\n\n\n\n<h5 class=\"wp-block-heading\">6.5.2. Kes mida ja millega s\u00f6\u00f6b?<\/h5>\n\n\n\n<p>Kuula laulu <strong>\u201cL\u0113ba\u201d<\/strong> (\u201cLeib\u201d) Julg\u012b Stalte ja tema t\u00fctre Lel\u016b esituses ning vasta k\u00fcsimustele.<\/p>\n\n\n\n<figure class=\"wp-block-embed alignleft is-type-video is-provider-youtube wp-block-embed-youtube wp-embed-aspect-16-9 wp-has-aspect-ratio\"><div class=\"wp-block-embed__wrapper\">\n<div class=\"ratio ratio-16x9 mb-3\"><div class=\"video-placeholder-wrapper video-placeholder-wrapper--16x9\">\n\t\t\t    <div class=\"video-placeholder d-flex justify-content-center align-items-center\">\n\t\t\t        <div class=\"overlay text-white p-2 w-100 text-center d-block justify-content-center align-items-center\">\n\t\t\t            <div>Kolmandate osapoolte sisu n\u00e4gemiseks palun n\u00f5ustu k\u00fcpsistega.<\/div>\n\t\t\t            <button class=\"btn btn-secondary btn-sm mt-1 consent-change\">Muuda n\u00f5usolekut<\/button>\n\t\t\t        <\/div>\n\t\t\t    <\/div>\n\t\t\t<\/div>\n<\/div>\n<\/div><\/figure>\n\n\n\n<div style=\"height:15px\" aria-hidden=\"true\" class=\"wp-block-spacer\"><\/div>\n\n\n\n<p>Otsusta, kas v\u00e4ide on \u00f5ige v\u00f5i vale.<\/p>\n\n\n\n<div class=\"h5p-iframe-wrapper\"><div class=\"video-placeholder-wrapper video-placeholder-wrapper--fixed\" style=\"height: 366px;\">\n\t\t\t    <div class=\"video-placeholder d-flex justify-content-center align-items-center\">\n\t\t\t        <div class=\"overlay text-white p-2 w-100 text-center d-block justify-content-center align-items-center\">\n\t\t\t            <div>Kolmandate osapoolte sisu n\u00e4gemiseks palun n\u00f5ustu k\u00fcpsistega.<\/div>\n\t\t\t            <button class=\"btn btn-secondary btn-sm mt-1 consent-change\">Muuda n\u00f5usolekut<\/button>\n\t\t\t        <\/div>\n\t\t\t    <\/div>\n\t\t\t<\/div>\n<\/div>\n\n\n\n<!--nextpage-->\n\n\n\n<div style=\"height:15px\" aria-hidden=\"true\" class=\"wp-block-spacer\"><\/div>\n\n\n\n<h5 class=\"wp-block-heading\">6.5.3. Loe ja t\u00f5lgi tekst ning leia k\u00e4skiva k\u00f5neviisi vormid.<\/h5>\n\n\n\n<div class=\"h5p-iframe-wrapper\"><div class=\"video-placeholder-wrapper video-placeholder-wrapper--fixed\" style=\"height: 366px;\">\n\t\t\t    <div class=\"video-placeholder d-flex justify-content-center align-items-center\">\n\t\t\t        <div class=\"overlay text-white p-2 w-100 text-center d-block justify-content-center align-items-center\">\n\t\t\t            <div>Kolmandate osapoolte sisu n\u00e4gemiseks palun n\u00f5ustu k\u00fcpsistega.<\/div>\n\t\t\t            <button class=\"btn btn-secondary btn-sm mt-1 consent-change\">Muuda n\u00f5usolekut<\/button>\n\t\t\t        <\/div>\n\t\t\t    <\/div>\n\t\t\t<\/div>\n<\/div>\n","protected":false},"excerpt":{"rendered":"<p>6.5.1. Mida tuleb suhkrupeetidega teha? Liivi keele k\u00f5ige t\u00fc\u00fcpilisema modaalkonstruktsiooni, millega v\u00e4ljendatakse kohustust, tunneb \u00e4ra verbivormi m\u00f5st j\u00e4rgi. Eesti keelde v\u00f5iks n\u00e4iteks k\u00fcsimuse Mis u\u2019m t\u012bem\u00f5st? t\u00f5lkida \u2018Mida tuleb teha?\u2019 \/ \u2018Mida on vaja teha?\u2019 (vt t\u00e4psemini osast 6.2). Allolev &#8230;<\/p>\n","protected":false},"author":320,"featured_media":0,"parent":0,"menu_order":0,"comment_status":"closed","ping_status":"closed","template":"","meta":{"_acf_changed":false,"inline_featured_image":false,"footnotes":""},"class_list":["post-42","page","type-page","status-publish","hentry"],"acf":[],"_links":{"self":[{"href":"https:\/\/sisu.ut.ee\/liivikeel\/wp-json\/wp\/v2\/pages\/42","targetHints":{"allow":["GET"]}}],"collection":[{"href":"https:\/\/sisu.ut.ee\/liivikeel\/wp-json\/wp\/v2\/pages"}],"about":[{"href":"https:\/\/sisu.ut.ee\/liivikeel\/wp-json\/wp\/v2\/types\/page"}],"author":[{"embeddable":true,"href":"https:\/\/sisu.ut.ee\/liivikeel\/wp-json\/wp\/v2\/users\/320"}],"replies":[{"embeddable":true,"href":"https:\/\/sisu.ut.ee\/liivikeel\/wp-json\/wp\/v2\/comments?post=42"}],"version-history":[{"count":16,"href":"https:\/\/sisu.ut.ee\/liivikeel\/wp-json\/wp\/v2\/pages\/42\/revisions"}],"predecessor-version":[{"id":1929,"href":"https:\/\/sisu.ut.ee\/liivikeel\/wp-json\/wp\/v2\/pages\/42\/revisions\/1929"}],"wp:attachment":[{"href":"https:\/\/sisu.ut.ee\/liivikeel\/wp-json\/wp\/v2\/media?parent=42"}],"curies":[{"name":"wp","href":"https:\/\/api.w.org\/{rel}","templated":true}]}}