{"id":32,"date":"2024-04-04T08:57:03","date_gmt":"2024-04-04T05:57:03","guid":{"rendered":"https:\/\/sisu.ut.ee\/liivikeel\/alfabet-tahestik\/"},"modified":"2024-10-20T23:11:56","modified_gmt":"2024-10-20T20:11:56","slug":"alfabet-tahestik","status":"publish","type":"page","link":"https:\/\/sisu.ut.ee\/liivikeel\/alfabet-tahestik\/","title":{"rendered":"Alfab\u0113t \/ T\u00e4hestik"},"content":{"rendered":"<div style=\"height:22px\" aria-hidden=\"true\" class=\"wp-block-spacer\"><\/div>\n\n\n\n<p class=\"has-regular-font-size\">Liivi t\u00e4hestik: <\/p>\n\n\n\n<p class=\"has-large-font-size\"><strong>a \u00e4 \u01df b d \u1e11 e \u0113 f g h i \u012b j k l \u013c m n \u0146 o \u014d \u022f \u0231 \u00f5 \u022d p r \u0157 s \u0161 t \u0163 u \u016b v z \u017e<\/strong><br><\/p>\n\n\n\n<p>Kuula t\u00e4hestikku Gita K\u016bla esituses:<\/p>\n\n\n\n<figure class=\"wp-block-audio alignleft\"><audio controls src=\"https:\/\/sisu.ut.ee\/wp-content\/uploads\/sites\/649\/ptk_1_tahestik.mp3\"><\/audio><\/figure>\n\n\n\n<figure class=\"wp-block-image alignleft size-full is-resized\"><img loading=\"lazy\" decoding=\"async\" width=\"317\" height=\"431\" src=\"https:\/\/sisu.ut.ee\/wp-content\/uploads\/sites\/649\/liivitahestik.jpg\" alt=\"\" class=\"wp-image-831\" style=\"width:250px;height:auto\" srcset=\"https:\/\/sisu.ut.ee\/wp-content\/uploads\/sites\/649\/liivitahestik.jpg 317w, https:\/\/sisu.ut.ee\/wp-content\/uploads\/sites\/649\/liivitahestik-221x300.jpg 221w\" sizes=\"auto, (max-width: 317px) 100vw, 317px\"><\/figure>\n","protected":false},"excerpt":{"rendered":"<p>Liivi t\u00e4hestik: a \u00e4 \u01df b d \u1e11 e \u0113 f g h i \u012b j k l \u013c m n \u0146 o \u014d \u022f \u0231 \u00f5 \u022d p r \u0157 s \u0161 t \u0163 u \u016b v z \u017e &#8230;<\/p>\n","protected":false},"author":320,"featured_media":0,"parent":0,"menu_order":0,"comment_status":"closed","ping_status":"closed","template":"","meta":{"_acf_changed":false,"inline_featured_image":false,"footnotes":""},"class_list":["post-32","page","type-page","status-publish","hentry"],"acf":[],"_links":{"self":[{"href":"https:\/\/sisu.ut.ee\/liivikeel\/wp-json\/wp\/v2\/pages\/32","targetHints":{"allow":["GET"]}}],"collection":[{"href":"https:\/\/sisu.ut.ee\/liivikeel\/wp-json\/wp\/v2\/pages"}],"about":[{"href":"https:\/\/sisu.ut.ee\/liivikeel\/wp-json\/wp\/v2\/types\/page"}],"author":[{"embeddable":true,"href":"https:\/\/sisu.ut.ee\/liivikeel\/wp-json\/wp\/v2\/users\/320"}],"replies":[{"embeddable":true,"href":"https:\/\/sisu.ut.ee\/liivikeel\/wp-json\/wp\/v2\/comments?post=32"}],"version-history":[{"count":11,"href":"https:\/\/sisu.ut.ee\/liivikeel\/wp-json\/wp\/v2\/pages\/32\/revisions"}],"predecessor-version":[{"id":839,"href":"https:\/\/sisu.ut.ee\/liivikeel\/wp-json\/wp\/v2\/pages\/32\/revisions\/839"}],"wp:attachment":[{"href":"https:\/\/sisu.ut.ee\/liivikeel\/wp-json\/wp\/v2\/media?parent=32"}],"curies":[{"name":"wp","href":"https:\/\/api.w.org\/{rel}","templated":true}]}}