{"id":1751,"date":"2024-12-25T11:46:33","date_gmt":"2024-12-25T09:46:33","guid":{"rendered":"https:\/\/sisu.ut.ee\/liivikeel\/?page_id=1751"},"modified":"2024-12-29T12:24:19","modified_gmt":"2024-12-29T10:24:19","slug":"4-3-randa-rand","status":"publish","type":"page","link":"https:\/\/sisu.ut.ee\/liivikeel\/4-3-randa-rand\/","title":{"rendered":"4.3. &#8220;R\u0101nda&#8221; \/ &#8220;Rand&#8221;"},"content":{"rendered":"<div style=\"height:19px\" aria-hidden=\"true\" class=\"wp-block-spacer\"><\/div>\n\n\n\n<p>Loe K\u014drli Stalte teksti <strong>\u201cR\u0101nda\u201d<\/strong> (\u201cRand\u201d), t\u00f5lgi ja vasta k\u00fcsimustele.<\/p>\n\n\n\n<p>M\u0113g jel\u0101m l\u012bvlizt kil\u012b\u0161 r\u0101ndanaig\u0101s. \u014c\u013caz m\u00f5ts\u0101, si\u0146\u0146i me\u0157 ja v\u0101ldad j\u00f5ug\u00f5 k\u022dnkad \u0101t ne, mis m\u0113g t\u00e4s jeg\u0101 p\u01dfva n\u01dfm\u00f5.<br>Nei j\u00f5v\u0101 m\u01dfngami, kui v\u0101lda r\u0101nda j\u00f5ug\u00f5 siz\u0101l \u00e4b \u016bo lapst\u00f5n mitt\u00f5 kuskis. S\u01dfl v\u00f5ib kuo\u0157\u0157\u00f5 ka r\u0101ndak\u014d\u0161idi. M\u016bndak\u00f5rd um n\u0113\u1e11i v\u00e4gg\u00f5 jenn\u00f5 aig\u0101s.<br>P\u022fi\u0161kizt t\u012beb\u00f5d pied\u0101g l\u00f5udst\u00f5 kuoig\u012bdi, panb\u00f5d n\u00e4nt\u00f5n p\u012beld p\u01dfl\u00f5, p\u012beld j\u016br pap\u012berst pu\u0157\u0157\u00f5d ja panb\u00f5d n\u00e4nt v\u022fig\u00f5m. T\u016b\u013c aj\u0101b kuoig\u012bd \u0101iga j\u016bst jar\u0101, ku\u0146t\u0161 ne s\u014db\u00f5d \u014d\u0157a p\u01dfl, kus l\u0101in\u00f5d n\u00e4nt imm\u00f5r \u0113tab\u00f5d.<br>A\u017e set t\u014db, v\u00f5ib ka l\u01dfd\u00f5 mierr\u00f5 gilg\u00f5m. S\u016brd rovzt v\u00f5ib\u00f5d gilg\u00f5s l\u01dfd\u00f5 i\u013c tuoiz, m\u016bndak\u00f5rd ka i\u013c kuolm\u00f5z \u014d\u0157a. Lapst \u00e4b s\u014dt t\u016boizta a\u0157\u0157\u00f5 s\u014d\u0146\u00f5, j\u016bom um jub\u0101 jenn\u00f5ks t\u00f5v\u0101. Tuoiz j\u016boms um ve\u017e em\u012b\u0146 vil, \u00e4b ku al\u012bz\u00f5s j\u016boms.<br>Ku um sieldi \u0101iga, siz v\u00f5ib n\u01dfd\u00f5 t\u016bolap\u016bol m\u012berda S\u014drm\u014dd\u00f5. V\u0101lda S\u014drm\u014d b\u014dik p\u0101istab pig\u0101tag\u0101 \u012bdt\u00f5lugg\u00f5.<br>Pids m\u012berda l\u01dfb\u00f5d kuoig\u012bd ja kal\u0101m\u012bed lai\u1e11i n\u01dfb kil mierr\u00f5 l\u01dfm\u00f5, kil aig\u00f5 tulm\u00f5. Kal\u0101m\u012bed t\u016bob\u00f5d mierst\u00f5 am\u0101 jem\u012b\u0146 le\u0161ti, s\u012b\u013ckidi ja br\u0113\u021bli\u017ei. M\u016bndak\u00f5rd \u0101t \u0101igav\u00f5rg\u012b\u0161 ka s\u016b\u0157im\u00f5d kal\u0101d nem\u0113 t\u016brskad, s\u012bg\u00f5d, la\u0161\u012bd ja munt.<\/p>\n\n\n\n<p class=\"has-text-align-right\">(Stalte 2011: 38, allolev pilt samas)<\/p>\n\n\n\n<ol class=\"wp-block-list\">\n<li>Kus u\u2019m lapst\u00f5n j\u00f5v\u0101 m\u01dfngami? Mik\u0161pier\u0101st?<\/li>\n\n\n\n<li>Mis v\u00f5ib mie\u2019rs\u00f5 t\u012b\u2019ed\u00f5?<\/li>\n\n\n\n<li>Mingi u\u2019m ve\u2019\u017e tuoiz j\u016boms?<\/li>\n\n\n\n<li>V\u00f5i S\u01edrm\u01ed b\u01edik u\u2019m pu\u2019nni?<\/li>\n\n\n\n<li>Mingi\u017ei ka\u2019\u013c\u1e11i kal\u0101m\u012bed mie\u2019rst\u00f5 t\u016bob\u00f5d\/ve\u2019jj\u00f5b\u00f5d?<\/li>\n<\/ol>\n\n\n\n<div class=\"wp-block-file\"><a id=\"wp-block-file--media-bf603eb3-da56-4ed5-8b89-686f742cf790\" href=\"https:\/\/sisu.ut.ee\/wp-content\/uploads\/sites\/649\/Stalte_Rand_tolge.pdf\">Teksti \u201cRand\u201d eestikeelne t\u00f5lge<\/a><a href=\"https:\/\/sisu.ut.ee\/wp-content\/uploads\/sites\/649\/Stalte_Rand_tolge.pdf\" class=\"wp-block-file__button wp-element-button\" download aria-describedby=\"wp-block-file--media-bf603eb3-da56-4ed5-8b89-686f742cf790\">Laadi alla<\/a><\/div>\n\n\n\n<figure class=\"wp-block-image aligncenter size-large is-resized\"><img loading=\"lazy\" decoding=\"async\" width=\"1024\" height=\"716\" src=\"https:\/\/sisu.ut.ee\/wp-content\/uploads\/sites\/649\/Stalte_Rand-1024x716.png\" alt=\"\" class=\"wp-image-2326\" style=\"width:477px;height:auto\" srcset=\"https:\/\/sisu.ut.ee\/wp-content\/uploads\/sites\/649\/Stalte_Rand-1024x716.png 1024w, https:\/\/sisu.ut.ee\/wp-content\/uploads\/sites\/649\/Stalte_Rand-300x210.png 300w, https:\/\/sisu.ut.ee\/wp-content\/uploads\/sites\/649\/Stalte_Rand-768x537.png 768w, https:\/\/sisu.ut.ee\/wp-content\/uploads\/sites\/649\/Stalte_Rand.png 1300w\" sizes=\"auto, (max-width: 1024px) 100vw, 1024px\"><\/figure>\n\n\n\n<p><\/p>\n","protected":false},"excerpt":{"rendered":"<p>Loe K\u014drli Stalte teksti \u201cR\u0101nda\u201d (\u201cRand\u201d), t\u00f5lgi ja vasta k\u00fcsimustele. M\u0113g jel\u0101m l\u012bvlizt kil\u012b\u0161 r\u0101ndanaig\u0101s. \u014c\u013caz m\u00f5ts\u0101, si\u0146\u0146i me\u0157 ja v\u0101ldad j\u00f5ug\u00f5 k\u022dnkad \u0101t ne, mis m\u0113g t\u00e4s jeg\u0101 p\u01dfva n\u01dfm\u00f5.Nei j\u00f5v\u0101 m\u01dfngami, kui v\u0101lda r\u0101nda j\u00f5ug\u00f5 siz\u0101l \u00e4b \u016bo &#8230;<\/p>\n","protected":false},"author":320,"featured_media":0,"parent":0,"menu_order":0,"comment_status":"closed","ping_status":"closed","template":"","meta":{"_acf_changed":false,"inline_featured_image":false,"footnotes":""},"class_list":["post-1751","page","type-page","status-publish","hentry"],"acf":[],"_links":{"self":[{"href":"https:\/\/sisu.ut.ee\/liivikeel\/wp-json\/wp\/v2\/pages\/1751","targetHints":{"allow":["GET"]}}],"collection":[{"href":"https:\/\/sisu.ut.ee\/liivikeel\/wp-json\/wp\/v2\/pages"}],"about":[{"href":"https:\/\/sisu.ut.ee\/liivikeel\/wp-json\/wp\/v2\/types\/page"}],"author":[{"embeddable":true,"href":"https:\/\/sisu.ut.ee\/liivikeel\/wp-json\/wp\/v2\/users\/320"}],"replies":[{"embeddable":true,"href":"https:\/\/sisu.ut.ee\/liivikeel\/wp-json\/wp\/v2\/comments?post=1751"}],"version-history":[{"count":4,"href":"https:\/\/sisu.ut.ee\/liivikeel\/wp-json\/wp\/v2\/pages\/1751\/revisions"}],"predecessor-version":[{"id":2329,"href":"https:\/\/sisu.ut.ee\/liivikeel\/wp-json\/wp\/v2\/pages\/1751\/revisions\/2329"}],"wp:attachment":[{"href":"https:\/\/sisu.ut.ee\/liivikeel\/wp-json\/wp\/v2\/media?parent=1751"}],"curies":[{"name":"wp","href":"https:\/\/api.w.org\/{rel}","templated":true}]}}