{"id":10,"date":"2024-04-04T04:35:22","date_gmt":"2024-04-04T01:35:22","guid":{"rendered":"https:\/\/sisu.ut.ee\/liitevklassliitevkool\/uussisserandajate-elukorraldusest-riigipoolne-tugi\/"},"modified":"2024-04-04T04:35:29","modified_gmt":"2024-04-04T01:35:29","slug":"uussisserandajate-elukorraldusest-riigipoolne-tugi","status":"publish","type":"page","link":"https:\/\/sisu.ut.ee\/liitevklassliitevkool\/uussisserandajate-elukorraldusest-riigipoolne-tugi\/","title":{"rendered":"Uussisser\u00e4ndajate elukorraldusest, riigipoolne tugi"},"content":{"rendered":"<p>Uussisser\u00e4ndajate toimetulekut, kohanemist ja l\u00f5imumist Eestis toetavad neile pakutavad erinevad teenused. N\u00e4iteks rahvusvahelise kaitse saanutele v\u00f5imaldatakse kohanemisprogrammi, t\u00f5lke- ja, tugiisikuteenust (nende v\u00e4rbamist ja koolitust pakub MT\u00dc Pagulasabi ja MT\u00dc Johannes Mihkelsoni Keskus), keele\u00f5pet, t\u00f6\u00f6turuteenuseid, vajadusel ka ps\u00fchholoogilist n\u00f5ustamist ning \u00fcmber- ja t\u00e4iendus\u00f5pet. Nii alaealistele kui t\u00e4iskasvanutele v\u00f5imaldatakse tasemeharidust (haridus- ja teadusministeerium) ning erinevaid l\u00f5imumisteenused (kultuuriministeerium). Teenuseid rahastatakse nii Euroopa Liidu vahenditest (Varjupaiga-, R\u00e4nde- ja Integratsioonifond AMIF, Euroopa Sotsiaalfond) kui ka riigieelarvest.<\/p>\n<p><strong>Rahvusvahelise kaitse saanud v\u00f5i seda taotlevate isikute vastuv\u00f5tmisel Eestis on kaks stsenaariumi.<\/strong><\/p>\n<p><strong>Stsenaarium 1:<\/strong>\u00a0<strong>Euroopa r\u00e4ndekava raames Eestisse saabuvad pagulased, kes juba on rahvusvahelise kaitse saanud.<\/strong><\/p>\n<p>Eestisse saabudes suunatakse ta elama kohalikku omavalitsus\u00fcksusse, kus tugiisik koos KOVi ja MT\u00dc-ga Pagulasabi on ette valmistanud eluruumi. \u00dcmberasustatud isiku puhul kaetakse \u00fc\u00fcrisuhte alustamise kulud. \u00dc\u00fcri- ja kommunaalkulud kaetakse vajadusp\u00f5hiselt (s\u00f5ltuvalt inimese sissetulekust) toimetulekutoetuse kaudu.<br>Talle tagatakse h\u00e4davajalik t\u00f5lketeenus, dokumentide vormistamisel ja esmasel elukorraldusel toetab tugiisik, samuti algab koheselt kohustuslik eesti keele \u00f5pe.<br>Tal on \u00f5igus saada abi nagu igal Eesti elanikul: peretoetusi, t\u00f6\u00f6turuteenuseid ja t\u00f6\u00f6turutoetust, sotsiaaltoetusi, tervishoiuteenuseid ja pensioni.<br>Tal on \u00f5igus Eestis t\u00f6\u00f6tada, \u00f5igus t\u00f6\u00f6turuteenustele ja -toetustele Eesti alalise elanikuga samadel alustel. T\u00f6\u00f6tukassa poolt koostatakse individuaalne t\u00f6\u00f6otsimise plaan.<\/p>\n\n<p><strong>Stsenaarium 2: Rahvusvahelise kaitse taotlejatele<\/strong><\/p>\n<p>Kui inimene alles taotleb rahvusvahelist kaitset, siis paigutatakse ta menetluse ajaks majutuskeskusesse (Vao v\u00f5i V\u00e4geva).<br>Majutuskeskuse poolt korraldatakse kaitse taotlejale:<br>majutamine;<br>rahalise toetuse maksmine toimetulekupiiri ulatuses;<br>esmavajalike riiete ja muu vajalikuga varustamine;<br>tervisekontroll ja juurdep\u00e4\u00e4s tervishoiuteenustele;<br>eesti keele \u00f5pe ja h\u00e4davajalik t\u00f5lketeenus;<br>transporditeenus menetlustoimingutele;<br>Kui rahvusvahelise kaitse taotlus rahuldatakse ja taotleja saab elamisloa, hakkavad talle kehtima 1. stsenaariumis kirjeldatud tingimused.<\/p>\n<p><strong>Riigipoolne tugi rahvusvahelise kaitse saanule:<\/strong><br>\u00fchekordne saabumistoetus, t\u00f5lketeenus ning eesti keele \u00f5pe 300 tunni ulatuses (seisuga juuli 2018), mis peaks tagama A1 keeletaseme.<\/p>\n<p>Edaspidised \u201etavap\u00e4rased\u201c sotsiaaltoetused on: <br>a) toimetulekutoetus (2018. aastal 140 eurot kuus pere esimesele liikmele ja 168 alaealistele lastele ning 112 eurot kuus pere teistele t\u00e4isealistele liikmetele); <br>b) riiklik peretoetus esimesele ja teisele lapsele 55 eurot kuus, kolmandale ja iga j\u00e4rgnevale lapsele 100 eurot kuus;<br>c) t\u00f6\u00f6tu abiraha;<br>d) valla- v\u00f5i linnavalitsus v\u00f5ib m\u00e4\u00e4rata ja maksta t\u00e4iendavaid sotsiaaltoetusi kohaliku omavalitsuse eelarvest.<\/p>\n<p>Rahvusvahelise kaitse saanutele v\u00f5i taotlejatele v\u00f5imaldatakse ka 14-18-tunnine kohanemiskoolitus, kus k\u00e4sitletakse teemasid: rahvusvahelise kaitse taotlemisega seotud \u00f5igusteave; t\u00f6\u00f6tamine ja t\u00f6\u00f6turuteenused ning t\u00f6\u00f6kultuur; finantskirjaoskus ja igap\u00e4evaeluga praktiline toimetulek; tervishoid ja sotsiaalhoolekanne, sh riigi ja kohaliku omavalitsuse \u00fcksuse pakutavad teenused ja toetused; juurdep\u00e4\u00e4s haridusele, sh haridustee j\u00e4tkamise v\u00f5imalused ja eesti keele \u00f5pe; rahvusvahelise kaitse saaja \u00f5igused ja kohustused Eestis viibimise ajal (Rahvusvaheline kaitse, 2014).<\/p>\n<p><strong><em>Allikad ja soovituslikud lisamaterjalid:<\/em><\/strong><br>EV Siseministeerium (2017) Kodakondsus ja r\u00e4nne. https:\/\/www.siseministeerium.ee<br>EV Valitsus (2017). Pagulask\u00fcsimus. https:\/\/valitsus.ee\/et\/pagulased<br>EV Valitsus (2015). T\u00e4psustatud tegevuskava Euroopa Liidu \u00fcmberasustamise ja \u00fcmberpaigutamise tegevuste elluviimiseks.<br>Rahvusvaheline kaitse. Kohanemiskoolitus, lisa 6 (2014). https:\/\/www.riigiteataja.ee\/aktilisa\/1310\/5201\/7004\/Lisa_6.pdf#<br>MT\u00dc Pagulasabi (2017). www.pagulasabi.ee\/<br>MT\u00dc Johannes Mihkelsoni keskus (2017). www.jmk.ee\/pagulasele\/<br>Politsei- ja Piirivalveamet (2017). Rahvusvahelise kaitse taotlemine www.politsei.ee<\/p>\n","protected":false},"excerpt":{"rendered":"<p>Uussisser\u00e4ndajate toimetulekut, kohanemist ja l\u00f5imumist Eestis toetavad neile pakutavad erinevad teenused. N\u00e4iteks rahvusvahelise kaitse saanutele v\u00f5imaldatakse kohanemisprogrammi, t\u00f5lke- ja, tugiisikuteenust (nende v\u00e4rbamist ja koolitust pakub MT\u00dc Pagulasabi ja MT\u00dc Johannes Mihkelsoni Keskus), keele\u00f5pet, t\u00f6\u00f6turuteenuseid, vajadusel ka ps\u00fchholoogilist n\u00f5ustamist ning \u00fcmber- &#8230;<\/p>\n","protected":false},"author":160,"featured_media":0,"parent":0,"menu_order":0,"comment_status":"closed","ping_status":"closed","template":"","meta":{"_acf_changed":false,"inline_featured_image":false,"footnotes":""},"class_list":["post-10","page","type-page","status-publish","hentry"],"acf":[],"_links":{"self":[{"href":"https:\/\/sisu.ut.ee\/liitevklassliitevkool\/wp-json\/wp\/v2\/pages\/10","targetHints":{"allow":["GET"]}}],"collection":[{"href":"https:\/\/sisu.ut.ee\/liitevklassliitevkool\/wp-json\/wp\/v2\/pages"}],"about":[{"href":"https:\/\/sisu.ut.ee\/liitevklassliitevkool\/wp-json\/wp\/v2\/types\/page"}],"author":[{"embeddable":true,"href":"https:\/\/sisu.ut.ee\/liitevklassliitevkool\/wp-json\/wp\/v2\/users\/160"}],"replies":[{"embeddable":true,"href":"https:\/\/sisu.ut.ee\/liitevklassliitevkool\/wp-json\/wp\/v2\/comments?post=10"}],"version-history":[{"count":1,"href":"https:\/\/sisu.ut.ee\/liitevklassliitevkool\/wp-json\/wp\/v2\/pages\/10\/revisions"}],"predecessor-version":[{"id":77,"href":"https:\/\/sisu.ut.ee\/liitevklassliitevkool\/wp-json\/wp\/v2\/pages\/10\/revisions\/77"}],"wp:attachment":[{"href":"https:\/\/sisu.ut.ee\/liitevklassliitevkool\/wp-json\/wp\/v2\/media?parent=10"}],"curies":[{"name":"wp","href":"https:\/\/api.w.org\/{rel}","templated":true}]}}