{"id":14,"date":"2024-04-04T07:11:46","date_gmt":"2024-04-04T04:11:46","guid":{"rendered":"https:\/\/sisu.ut.ee\/lift\/wp-4\/"},"modified":"2024-04-30T12:53:57","modified_gmt":"2024-04-30T09:53:57","slug":"wp-4","status":"publish","type":"page","link":"https:\/\/sisu.ut.ee\/lift\/wp-4\/?lang=lt","title":{"rendered":"DP 4. Prekyba prek\u0117mis ir paslaugomis"},"content":{"rendered":"<p style=\"text-align: justify;\"><span style=\"color: #000000;\"><span style=\"line-height: 107%;\">DP 4 <\/span><span lang=\"LT\"><span style=\"line-height: 107%;\">sudarytas remiantis tuo, kad <\/span><\/span><span style=\"line-height: 107%;\">2016 m. <\/span><span lang=\"LT\"><span style=\"line-height: 107%;\">Baltijos \u0161alys eksportavo prekes ir paslaugas \u012f Norvegij\u0105 u\u017e daugiau nei <\/span><\/span><span style=\"line-height: 107%;\">2,2 <\/span><span lang=\"LT\"><span style=\"line-height: 107%;\">milijardo Eur ir importavo u\u017e beveik <\/span><\/span><span style=\"line-height: 107%;\">1,1 <\/span><span lang=\"LT\"><span style=\"line-height: 107%;\">milijard\u0105 Eur, su beveik dvigubu prieaugiu per <\/span><\/span><span style=\"line-height: 107%;\">10 <\/span><span lang=\"LT\"><span style=\"line-height: 107%;\">met\u0173 (Norvegijos statistika). Mes tiriame, kaip Baltijos ir \u0160iaur\u0117s \u0161ali\u0173 bendradarbiavimas per prekyb\u0105 prisideda prie padid\u0117jusios prid\u0117tin\u0117s vert\u0117s ir \u012fmoni\u0173, kylan\u010di\u0173 vert\u0117s grandin\u0117se, augimo.<\/span><\/span><\/span><\/p>\n<p><strong><span style=\"color: #000000;\"><span lang=\"ET\"><span style=\"line-height: 107%;\">DP 4<\/span><\/span> <span lang=\"LT\"><span style=\"line-height: 107%;\">apima \u0161ias u\u017eduotis <\/span><\/span><\/span><\/strong><\/p>\n<p style=\"text-align: justify;\"><span style=\"color: #000000;\"><span style=\"line-height: 107%;\">4.1 <\/span><span lang=\"LT\"><span style=\"line-height: 107%;\">u\u017eduotis. Ai\u0161kinamieji prekybos tarp \u0160iaur\u0117s ir Baltijos \u0161ali\u0173 veiksniai atliekant kiekybinius ir kokybinius tyrimus.<\/span><\/span><\/span><\/p>\n<p style=\"text-align: justify;\"><span style=\"color: #000000;\"><span style=\"line-height: 107%;\">4.2 <\/span><span lang=\"LT\"><span style=\"line-height: 107%;\">u\u017eduotis. Norvegijos ir Baltijos \u0161ali\u0173 prekybos poveikis \u012fmon\u0117s produktyvumui (mokymasis eksportuojant), pelningumas, veiksni\u0173 pasiskirstymas, darbo viet\u0173 k\u016brimas, darbo u\u017emokes\u010dio lygis ir nelygyb\u0117 (vyr\u0173 ir moter\u0173 darbo u\u017emokes\u010dio skirtumas, priemokos u\u017e \u012fg\u016bd\u017eius, darbo dalis).<\/span><\/span><\/span><\/p>\n<p style=\"text-align: justify;\"><span style=\"color: #000000;\"><span style=\"line-height: 107%;\">4.3 <\/span><span lang=\"LT\"><span style=\"line-height: 107%;\">u\u017eduotis. Santykis tarp turizmo ir firm\u0173, u\u017esiiman\u010di\u0173 Baltijos ir Norvegijos prekyba arba TUI.<\/span><\/span><\/span><\/p>\n<p style=\"text-align: justify;\"><span style=\"color: #000000;\"><span style=\"line-height: 107%;\">4.4 <\/span><span lang=\"LT\"><span style=\"line-height: 107%;\">u\u017eduotis. Finansinio pana\u0161umo poveikis perlaidoms \u0160iaur\u0117s Baltijos regione.<\/span><\/span><\/span><\/p>\n<p><span style=\"color: #000000;\"><b><span style=\"line-height: 107%;\">Kontaktai<\/span><\/b><\/span><\/p>\n<p><span style=\"color: #000000;\"><span style=\"line-height: 107%;\">Doc. Jaan Masso<\/span><\/span><\/p>\n<p><span style=\"color: #000000;\"><span style=\"line-height: 107%;\">Tartu universtitetas<\/span><\/span><\/p>\n<p><span style=\"color: #000000;\"><span style=\"line-height: 107%;\">Ekonomikos ir verslo administravimo mokykla, Estija<\/span><\/span><\/p>\n<p><span style=\"color: #000000;\"><span style=\"line-height: 107%;\">El. pa\u0161tas: <\/span><\/span><a href=\"mailto:jaan.masso@ut.ee\"><span style=\"color: #000000;\"><span style=\"line-height: 107%;\">jaan.masso@ut.ee<\/span><\/span><\/a><\/p>\n","protected":false},"excerpt":{"rendered":"<p>DP 4 sudarytas remiantis tuo, kad 2016 m. Baltijos \u0161alys eksportavo prekes ir paslaugas \u012f Norvegij\u0105 u\u017e daugiau nei 2,2 milijardo Eur ir importavo u\u017e beveik 1,1 milijard\u0105 Eur, su beveik dvigubu prieaugiu per 10 met\u0173 (Norvegijos statistika). Mes tiriame, &#8230;<\/p>\n","protected":false},"author":254,"featured_media":0,"parent":0,"menu_order":0,"comment_status":"closed","ping_status":"closed","template":"","meta":{"_acf_changed":false,"inline_featured_image":false,"footnotes":""},"class_list":["post-14","page","type-page","status-publish","hentry"],"acf":[],"_links":{"self":[{"href":"https:\/\/sisu.ut.ee\/lift\/wp-json\/wp\/v2\/pages\/14","targetHints":{"allow":["GET"]}}],"collection":[{"href":"https:\/\/sisu.ut.ee\/lift\/wp-json\/wp\/v2\/pages"}],"about":[{"href":"https:\/\/sisu.ut.ee\/lift\/wp-json\/wp\/v2\/types\/page"}],"author":[{"embeddable":true,"href":"https:\/\/sisu.ut.ee\/lift\/wp-json\/wp\/v2\/users\/254"}],"replies":[{"embeddable":true,"href":"https:\/\/sisu.ut.ee\/lift\/wp-json\/wp\/v2\/comments?post=14"}],"version-history":[{"count":2,"href":"https:\/\/sisu.ut.ee\/lift\/wp-json\/wp\/v2\/pages\/14\/revisions"}],"predecessor-version":[{"id":305,"href":"https:\/\/sisu.ut.ee\/lift\/wp-json\/wp\/v2\/pages\/14\/revisions\/305"}],"wp:attachment":[{"href":"https:\/\/sisu.ut.ee\/lift\/wp-json\/wp\/v2\/media?parent=14"}],"curies":[{"name":"wp","href":"https:\/\/api.w.org\/{rel}","templated":true}]}}