{"id":4,"date":"2024-04-04T03:18:25","date_gmt":"2024-04-04T00:18:25","guid":{"rendered":"https:\/\/sisu.ut.ee\/latikeel\/nimisona-0\/"},"modified":"2024-04-04T03:18:35","modified_gmt":"2024-04-04T00:18:35","slug":"nimisona-0","status":"publish","type":"page","link":"https:\/\/sisu.ut.ee\/latikeel\/nimisona-0\/","title":{"rendered":"Nimis\u00f5na (Lietv\u0101rds)"},"content":{"rendered":"<p>\n\tL\u00e4ti keeles on <a data-url=\"https:\/\/sisu.ut.ee\/latikeel\/kaanded\" href=\"https:\/\/sisu.ut.ee\/latikeel\/kaanded\" title=\"\">seitse k\u00e4\u00e4net<\/a>, kaks grammatilist sugu (mees- ja naissoost) ning kaks arvu (ainsus ja mitmus).\u00a0\n<\/p>\n<p>\n\tNimis\u00f5nu\u00a0jaotatakse\u00a0<a data-url=\"https:\/\/sisu.ut.ee\/latikeel\/kaandkonnad\" href=\"https:\/\/sisu.ut.ee\/latikeel\/kaandkonnad\" title=\"\">kuute\u00a0k\u00e4\u00e4ndkonda<\/a> \u2013 kolm mees-\u00a0ja kolm naissoost.\n<\/p>\n<p>\n\tS\u00f5nade k\u00e4\u00e4namisel tuleb ka j\u00e4lgida seda, millal v\u00f5ib s\u00f5na sees toimuda kaash\u00e4\u00e4liku peenendus ehk <a data-url=\"https:\/\/sisu.ut.ee\/latikeel\/palatalisatsioon\" href=\"https:\/\/sisu.ut.ee\/latikeel\/palatalisatsioon\" title=\"\">palatalisatsioon<\/a>.\u00a0<\/p>\n","protected":false},"excerpt":{"rendered":"<p>L\u00e4ti keeles on seitse k\u00e4\u00e4net, kaks grammatilist sugu (mees- ja naissoost) ning kaks arvu (ainsus ja mitmus).\u00a0 Nimis\u00f5nu\u00a0jaotatakse\u00a0kuute\u00a0k\u00e4\u00e4ndkonda \u2013 kolm mees-\u00a0ja kolm naissoost. S\u00f5nade k\u00e4\u00e4namisel tuleb ka j\u00e4lgida seda, millal v\u00f5ib s\u00f5na sees toimuda kaash\u00e4\u00e4liku peenendus ehk palatalisatsioon.\u00a0<\/p>\n","protected":false},"author":77,"featured_media":0,"parent":0,"menu_order":0,"comment_status":"closed","ping_status":"closed","template":"","meta":{"_acf_changed":false,"inline_featured_image":false,"footnotes":""},"class_list":["post-4","page","type-page","status-publish","hentry"],"acf":[],"_links":{"self":[{"href":"https:\/\/sisu.ut.ee\/latikeel\/wp-json\/wp\/v2\/pages\/4","targetHints":{"allow":["GET"]}}],"collection":[{"href":"https:\/\/sisu.ut.ee\/latikeel\/wp-json\/wp\/v2\/pages"}],"about":[{"href":"https:\/\/sisu.ut.ee\/latikeel\/wp-json\/wp\/v2\/types\/page"}],"author":[{"embeddable":true,"href":"https:\/\/sisu.ut.ee\/latikeel\/wp-json\/wp\/v2\/users\/77"}],"replies":[{"embeddable":true,"href":"https:\/\/sisu.ut.ee\/latikeel\/wp-json\/wp\/v2\/comments?post=4"}],"version-history":[{"count":2,"href":"https:\/\/sisu.ut.ee\/latikeel\/wp-json\/wp\/v2\/pages\/4\/revisions"}],"predecessor-version":[{"id":124,"href":"https:\/\/sisu.ut.ee\/latikeel\/wp-json\/wp\/v2\/pages\/4\/revisions\/124"}],"wp:attachment":[{"href":"https:\/\/sisu.ut.ee\/latikeel\/wp-json\/wp\/v2\/media?parent=4"}],"curies":[{"name":"wp","href":"https:\/\/api.w.org\/{rel}","templated":true}]}}