{"id":22,"date":"2024-04-04T03:18:26","date_gmt":"2024-04-04T00:18:26","guid":{"rendered":"https:\/\/sisu.ut.ee\/latikeel\/kaassona\/"},"modified":"2024-05-15T11:57:08","modified_gmt":"2024-05-15T08:57:08","slug":"kaassona","status":"publish","type":"page","link":"https:\/\/sisu.ut.ee\/latikeel\/kaassona\/","title":{"rendered":"Kaass\u00f5na (Priev\u0101rds)"},"content":{"rendered":"<p>L\u00e4ti keeles on kasutusel peamiselt eess\u00f5nad\u00a0(prepositsioonid), kuid on olemas ka m\u00f5ned tagas\u00f5nad (postpositsioonid). Eess\u00f5nu kasutataks peamiselt kas genitiivi (<i>pie drauga\u00a0<\/i>\u2018s\u00f5bra juures\u2019)\u00a0v\u00f5i akusatiiviga (<em>ar draugu<\/em>\u00a0\u2018s\u00f5braga\u2019), v\u00e4hem daativiga (<em>l\u012bdz ma\u0161\u012bnai\u00a0<\/em>\u2018autoni\u2019).<\/p>\n<p>L\u00e4ti keele erip\u00e4ra on see, et mitmuses on eess\u00f5na laiendav k\u00e4\u00e4nds\u00f5na alati mitmuse daativis (<em>pie draugiem\u00a0<\/em>\u2018s\u00f5prade juures\u00b4, <em>ar draugiem\u00a0<\/em>\u2018s\u00f5pradega\u2019, l\u012bdz ma\u0161\u012bn\u0101m \u2018autodeni\u2019).<\/p>\n<p>Eess\u00f5na <em>uz<\/em> kasutatakse ainsuses nii genitiivi (<em>uz galda <\/em>\u2018laua peal(e)\u2019) kui ka akusatiiviga (<em>uz darbu <\/em>\u2018t\u00f6\u00f6le\u2019) ning eess\u00f5na <em>pa \u2013\u00a0<\/em>akusatiivi (<em>pa ce\u013cu <\/em>\u2018m\u00f6\u00f6da teed\u00b4) kui ka daativiga (<em>pa trim <\/em>\u2018kolme kaupa\u2019).<\/p>\n<p>L\u00e4ti keeles on kaass\u00f5nalisi m\u00e4\u00e4rs\u00f5nu, mida kasutatakse nagu kaass\u00f5nu.<\/p>\n<table class=\"table table-hover\" border=\"0\">\n<tbody>\n<tr>\n<td><strong>Kaass\u00f5nad ja m\u00e4\u00e4rs\u00f5nad<\/strong><\/td>\n<td colspan=\"2\"><b>K\u00e4\u00e4ne<\/b><\/td>\n<\/tr>\n<tr>\n<td><strong>Eess\u00f5nad ja m\u00e4\u00e4rs\u00f5nad<\/strong><\/td>\n<td><strong>ainsus<\/strong><\/td>\n<td><b>mitmus<\/b><\/td>\n<\/tr>\n<tr>\n<td>aiz, apak\u0161, bez, iz, kop\u0161, no, p\u0113c,<br>\npie, pirms, priek\u0161, uz, virs, zem,<br>\napak\u0161pus, \u0101rpus, aug\u0161pus, iek\u0161pus,<br>\nlejpus, otrpus,\u00a0 \u0161aipus, vi\u0146pus, virspus<\/td>\n<td>Genitiiv<\/td>\n<td>Daativ<\/td>\n<\/tr>\n<tr>\n<td>l\u012bdz, pa, blakus, pret\u012b, p\u0101ri, cauri<\/td>\n<td>Daativ<\/td>\n<td>Daativ<\/td>\n<\/tr>\n<tr>\n<td>ap, ar, caur, gar, pa, par, p\u0101r,\u00a0pret, starp, uz<\/td>\n<td>Akusatiiv<\/td>\n<td>Daativ<\/td>\n<\/tr>\n<tr>\n<td><strong>Tagas\u00f5nad<\/strong><\/td>\n<td><\/td>\n<td><\/td>\n<\/tr>\n<tr>\n<td>d\u0113\u013c, labad, p\u0113c<\/td>\n<td>Genitiiv<\/td>\n<td>Genitiiv<\/td>\n<\/tr>\n<\/tbody>\n<\/table>\n","protected":false},"excerpt":{"rendered":"<p>L\u00e4ti keeles on kasutusel peamiselt eess\u00f5nad\u00a0(prepositsioonid), kuid on olemas ka m\u00f5ned tagas\u00f5nad (postpositsioonid). Eess\u00f5nu kasutataks peamiselt kas genitiivi (pie drauga\u00a0\u2018s\u00f5bra juures\u2019)\u00a0v\u00f5i akusatiiviga (ar draugu\u00a0\u2018s\u00f5braga\u2019), v\u00e4hem daativiga (l\u012bdz ma\u0161\u012bnai\u00a0\u2018autoni\u2019). L\u00e4ti keele erip\u00e4ra on see, et mitmuses on eess\u00f5na laiendav k\u00e4\u00e4nds\u00f5na alati &#8230;<\/p>\n","protected":false},"author":77,"featured_media":0,"parent":0,"menu_order":0,"comment_status":"closed","ping_status":"closed","template":"","meta":{"_acf_changed":false,"inline_featured_image":false,"footnotes":""},"class_list":["post-22","page","type-page","status-publish","hentry"],"acf":[],"_links":{"self":[{"href":"https:\/\/sisu.ut.ee\/latikeel\/wp-json\/wp\/v2\/pages\/22","targetHints":{"allow":["GET"]}}],"collection":[{"href":"https:\/\/sisu.ut.ee\/latikeel\/wp-json\/wp\/v2\/pages"}],"about":[{"href":"https:\/\/sisu.ut.ee\/latikeel\/wp-json\/wp\/v2\/types\/page"}],"author":[{"embeddable":true,"href":"https:\/\/sisu.ut.ee\/latikeel\/wp-json\/wp\/v2\/users\/77"}],"replies":[{"embeddable":true,"href":"https:\/\/sisu.ut.ee\/latikeel\/wp-json\/wp\/v2\/comments?post=22"}],"version-history":[{"count":2,"href":"https:\/\/sisu.ut.ee\/latikeel\/wp-json\/wp\/v2\/pages\/22\/revisions"}],"predecessor-version":[{"id":417,"href":"https:\/\/sisu.ut.ee\/latikeel\/wp-json\/wp\/v2\/pages\/22\/revisions\/417"}],"wp:attachment":[{"href":"https:\/\/sisu.ut.ee\/latikeel\/wp-json\/wp\/v2\/media?parent=22"}],"curies":[{"name":"wp","href":"https:\/\/api.w.org\/{rel}","templated":true}]}}