{"id":21,"date":"2024-04-04T03:18:26","date_gmt":"2024-04-04T00:18:26","guid":{"rendered":"https:\/\/sisu.ut.ee\/latikeel\/tregusona\/"},"modified":"2024-04-04T03:18:35","modified_gmt":"2024-04-04T00:18:35","slug":"tregusona","status":"publish","type":"page","link":"https:\/\/sisu.ut.ee\/latikeel\/tregusona\/","title":{"rendered":"Tegus\u00f5na (Darb\u012bbas v\u0101rds)"},"content":{"rendered":"<p>\n\t<span lang=\"ET\" style=\",serif\">L\u00e4ti keeles on kaks tegus\u00f5na infinitiivil\u00f5ppu: <i>-t <\/i>ja <i>-ties. <\/i>Esimesed on <b>otsesed<\/b> <b>verbid<\/b> (l\u00e4ti k <i>tie\u0161ie dar<\/i><\/span><i><span lang=\"LV\" style=\",serif\">b\u012bbas v\u0101rdi<\/span><\/i><span lang=\"LV\" style=\",serif\">), mis on kas <\/span><span lang=\"ET\" style=\",serif\">sihilised (<i>mazg\u0101t <\/i><\/span>\u2018<span lang=\"ET\" style=\",serif\">pesema<\/span>\u2018<span lang=\"LV\" style=\",serif\">)<i> <\/i><\/span><span lang=\"ET\" style=\",serif\">v\u00f5i sihitud (<i>gul\u0113t <\/i><\/span>\u2018<span lang=\"ET\" style=\",serif\">magama<\/span>\u2018<span lang=\"ET\" style=\",serif\">). Teised on <b>enesekohased verbid<\/b> (l\u00e4ti k <i>atgriezeniskie dar<\/i><\/span><i><span lang=\"LV\" style=\",serif\">b\u012bbas v\u0101rdi<\/span><\/i><span lang=\"LV\" style=\",serif\">)<\/span><span lang=\"ET\" style=\",serif\">. Enesekohane tegus\u00f5na n\u00e4itab, et tegevus on suunatud tegijale endale (nt <i>mazg\u0101ties <\/i><\/span>\u2018<span lang=\"ET\" style=\",serif\">end pesema<\/span>\u2018<span lang=\"ET\" style=\",serif\">) v\u00f5i see on omavaheline (nt <i>run\u0101ties<\/i> <\/span>\u2018<span lang=\"ET\" style=\",serif\">vestlema<\/span>\u2018<span lang=\"ET\" style=\",serif\">, <i>iepa<\/i><\/span><i><span lang=\"LV\" style=\",serif\">z\u012bties <\/span><\/i>\u2018<span lang=\"LV\" style=\",serif\">tutvuma<\/span>\u2018<span lang=\"LV\" style=\",serif\">)<\/span><span lang=\"ET\" style=\",serif\">. Enesekohane s\u00f5nal\u00f5pp ei t\u00e4henda alati otsese verbi muutumist enesekohaseks: v\u00f5rdle <i>dot<\/i> <\/span>\u2018<span lang=\"ET\" style=\",serif\">andma<\/span>\u2018<span lang=\"ET\" style=\",serif\"> ja <i>doties<\/i> <\/span>\u2018<span lang=\"ET\" style=\",serif\">suunduma<\/span>\u2018<span lang=\"ET\" style=\",serif\">, mis on kaks erinevat verbi. On verbe, millele ei saa moodustada enesekohast l\u00f5ppu, nt <i>grimt <\/i><\/span>\u2018<span lang=\"LV\" style=\",serif\">p<\/span><span lang=\"ET\" style=\",serif\">\u00f5hja vajuma<\/span>\u2018<span lang=\"LV\" style=\",serif\">, ja vastupidi \u2013 mis on ainult enesekohase <\/span><span lang=\"ET\" style=\",serif\">l\u00f5puga, nt <i>br<\/i><\/span><i><span lang=\"LV\" style=\",serif\">\u012bn\u012bties <\/span><\/i>\u2018<span lang=\"LV\" style=\",serif\">imetlema<\/span>\u2018<span lang=\"LV\" style=\",serif\">. <\/span>\n<\/p>\n<p>\n\t<span lang=\"ET\" style=\",serif\">Tuleviku vorm moodustatakse \u00fcldjuhul nii, et infinitiivil\u00f5pp asendatakse vastavalt\u00a0tuleviku l\u00f5puga, nt <i>braukt <\/i><\/span>\u2018s\u00f5itma\u2019\u00a0<span lang=\"ET\" style=\",serif\"><i>-&gt; brauk<b>\u0161u<\/b>, brauk<b>si<\/b>, brauk<b>s<\/b>, brauk<b>sim<\/b>, brauk<b>siet<\/b>. <\/i>Erandiks on need I p\u00f6\u00f6rdkonna s\u00f5nad, millel on enne infinitiivil\u00f5ppu kaash\u00e4\u00e4likud -s-, -z-. Sel juhul lisatakse sufiksid -d\u012b-, -t\u012b-, -\u012b-, nt <i>\u0113<b>st<\/b> <\/i><\/span>\u2018<span lang=\"ET\" style=\",serif\">s\u00f6\u00f6ma<\/span>\u2018<i><span lang=\"ET\" style=\",serif\"> \u2013 \u0113<b>d\u012b<\/b>s<\/span><\/i><span lang=\"ET\" style=\",serif\">, <i>spie<b>st<\/b>ies <\/i><\/span>\u2018<span lang=\"LV\" style=\",serif\">end suruma<\/span>\u2018<i><span lang=\"ET\" style=\",serif\">\u2013 spie<b>d\u012b<\/b>sies<\/span><\/i><span lang=\"ET\" style=\",serif\">, <i>cie<b>st<\/b> <\/i><\/span>\u2018<span lang=\"LV\" style=\",serif\">kannatama<\/span>\u2018<i><span lang=\"ET\" style=\",serif\"> \u2013 cie<b>t\u012b<\/b>s<\/span><\/i><span lang=\"ET\" style=\",serif\">, <i>blen<b>zt<\/b> <\/i><\/span>\u2018<span lang=\"LV\" style=\",serif\">vahtima<\/span>\u2018<i><span lang=\"ET\" style=\",serif\">\u2013 blen<b>z\u012b<\/b>s<\/span><\/i><span lang=\"ET\" style=\",serif\">. <\/span>\n<\/p>\n<p>\n\tL\u00e4ti keeles on tegus\u00f5nad jaotatud kolme p\u00f6\u00f6rdkonda.\n<\/p>\n<p>\n\t<a data-url=\"https:\/\/sisu.ut.ee\/latikeel\/i-poordkond\" href=\"https:\/\/sisu.ut.ee\/latikeel\/i-poordkond\" title=\"\">I p\u00f6\u00f6rdkond<\/a> (I konjug\u0101cija)<br><a data-url=\"https:\/\/sisu.ut.ee\/latikeel\/ii-poordkond\" href=\"https:\/\/sisu.ut.ee\/latikeel\/ii-poordkond\" title=\"\">II p\u00f6\u00f6rdkond<\/a> (II konjug\u0101cija)<br><a data-url=\"https:\/\/sisu.ut.ee\/latikeel\/iii-poordkond\" href=\"https:\/\/sisu.ut.ee\/latikeel\/iii-poordkond\" title=\"\">III p\u00f6\u00f6rdkond<\/a> (III konjug\u0101cija)\n<\/p>\n<p>\n\tLisaks kolmele p\u00f6\u00f6rdkonnale on olemas veel eraldi kolm <a data-url=\"https:\/\/sisu.ut.ee\/latikeel\/ebareegliparased-verbid\" href=\"https:\/\/sisu.ut.ee\/latikeel\/ebareegliparased-verbid\" title=\"\">ebareeglip\u00e4rast tegus\u00f5na<\/a> (<em>b\u016bt <\/em>\u2018olema\u2019, <em>iet <\/em>\u2018minema\u2019, <em>dot <\/em>\u2018andma\u2019).\u00a0\n<\/p>\n<p>\n\tTegus\u00f5nadel on <a data-url=\"https:\/\/sisu.ut.ee\/latikeel\/koneviisid\" href=\"https:\/\/sisu.ut.ee\/latikeel\/koneviisid\" title=\"\">viis k\u00f5neviisi<\/a> (<a data-url=\"https:\/\/sisu.ut.ee\/latikeel\/kindel-koneviis\" href=\"https:\/\/sisu.ut.ee\/latikeel\/kindel-koneviis\" title=\"\">kindel<\/a>, <a data-url=\"https:\/\/sisu.ut.ee\/latikeel\/kaudne-koneviis\" href=\"https:\/\/sisu.ut.ee\/latikeel\/kaudne-koneviis\" title=\"\">kaudne<\/a>, <a data-url=\"https:\/\/sisu.ut.ee\/latikeel\/tingiv-koneviis\" href=\"https:\/\/sisu.ut.ee\/latikeel\/tingiv-koneviis\" title=\"\">tingiv<\/a>, <a data-url=\"https:\/\/sisu.ut.ee\/latikeel\/vajaduse-koneviis\" href=\"https:\/\/sisu.ut.ee\/latikeel\/vajaduse-koneviis\" title=\"\">vajaduse<\/a> ja <a data-url=\"https:\/\/sisu.ut.ee\/latikeel\/kaskiv-koneviis\" href=\"https:\/\/sisu.ut.ee\/latikeel\/kaskiv-koneviis\" title=\"\">k\u00e4skiv<\/a> k\u00f5neviis). \u00a0<\/p>\n","protected":false},"excerpt":{"rendered":"<p>L\u00e4ti keeles on kaks tegus\u00f5na infinitiivil\u00f5ppu: -t ja -ties. Esimesed on otsesed verbid (l\u00e4ti k tie\u0161ie darb\u012bbas v\u0101rdi), mis on kas sihilised (mazg\u0101t \u2018pesema\u2018) v\u00f5i sihitud (gul\u0113t \u2018magama\u2018). Teised on enesekohased verbid (l\u00e4ti k atgriezeniskie darb\u012bbas v\u0101rdi). Enesekohane tegus\u00f5na n\u00e4itab, &#8230;<\/p>\n","protected":false},"author":77,"featured_media":0,"parent":0,"menu_order":0,"comment_status":"closed","ping_status":"closed","template":"","meta":{"_acf_changed":false,"inline_featured_image":false,"footnotes":""},"class_list":["post-21","page","type-page","status-publish","hentry"],"acf":[],"_links":{"self":[{"href":"https:\/\/sisu.ut.ee\/latikeel\/wp-json\/wp\/v2\/pages\/21","targetHints":{"allow":["GET"]}}],"collection":[{"href":"https:\/\/sisu.ut.ee\/latikeel\/wp-json\/wp\/v2\/pages"}],"about":[{"href":"https:\/\/sisu.ut.ee\/latikeel\/wp-json\/wp\/v2\/types\/page"}],"author":[{"embeddable":true,"href":"https:\/\/sisu.ut.ee\/latikeel\/wp-json\/wp\/v2\/users\/77"}],"replies":[{"embeddable":true,"href":"https:\/\/sisu.ut.ee\/latikeel\/wp-json\/wp\/v2\/comments?post=21"}],"version-history":[{"count":1,"href":"https:\/\/sisu.ut.ee\/latikeel\/wp-json\/wp\/v2\/pages\/21\/revisions"}],"predecessor-version":[{"id":99,"href":"https:\/\/sisu.ut.ee\/latikeel\/wp-json\/wp\/v2\/pages\/21\/revisions\/99"}],"wp:attachment":[{"href":"https:\/\/sisu.ut.ee\/latikeel\/wp-json\/wp\/v2\/media?parent=21"}],"curies":[{"name":"wp","href":"https:\/\/api.w.org\/{rel}","templated":true}]}}