{"id":190,"date":"2024-04-15T15:05:47","date_gmt":"2024-04-15T12:05:47","guid":{"rendered":"https:\/\/sisu.ut.ee\/latikeel\/?page_id=190"},"modified":"2024-04-18T14:21:34","modified_gmt":"2024-04-18T11:21:34","slug":"28-ja-29-leht","status":"publish","type":"page","link":"https:\/\/sisu.ut.ee\/latikeel\/28-ja-29-leht\/","title":{"rendered":"28.-29. leht"},"content":{"rendered":"<p>Tas ir viens sarkans kr\u0113sls. \u2013 See on \u00fcks punane tool.<\/p>\n\n\n\n<figure class=\"wp-block-audio\"><audio controls src=\"https:\/\/sisu.ut.ee\/wp-content\/uploads\/sites\/206\/Tasirviens.mp3\"><\/audio><\/figure>\n\n\n\n<p>T\u0101 ir viena sarkana gr\u0101mata. \u2013 See on \u00fcks punane raamat. <\/p>\n\n\n\n<figure class=\"wp-block-audio\"><audio controls src=\"https:\/\/sisu.ut.ee\/wp-content\/uploads\/sites\/206\/Tairvienasarkana.mp3\"><\/audio><\/figure>\n\n\n\n<p>Istab\u0101 ir \u010detri dzelteni kr\u0113sli. \u2013 Toas on neli kollast tooli. <\/p>\n\n\n\n<figure class=\"wp-block-audio\"><audio controls src=\"https:\/\/sisu.ut.ee\/wp-content\/uploads\/sites\/206\/Istabaircetri.mp3\"><\/audio><\/figure>\n\n\n\n<p>Uz galda ir piecas pel\u0113kas gr\u0101matas. \u2013 Laua peal on viis halli raamatut. <\/p>\n\n\n\n<figure class=\"wp-block-audio\"><audio controls src=\"https:\/\/sisu.ut.ee\/wp-content\/uploads\/sites\/206\/UZgalda.mp3\"><\/audio><\/figure>\n\n\n\n<p><\/p>\n","protected":false},"excerpt":{"rendered":"<p>Tas ir viens sarkans kr\u0113sls. \u2013 See on \u00fcks punane tool. T\u0101 ir viena sarkana gr\u0101mata. \u2013 See on \u00fcks punane raamat. Istab\u0101 ir \u010detri dzelteni kr\u0113sli. \u2013 Toas on neli kollast tooli. Uz galda ir piecas pel\u0113kas gr\u0101matas. \u2013 &#8230;<\/p>\n","protected":false},"author":77,"featured_media":0,"parent":0,"menu_order":0,"comment_status":"closed","ping_status":"closed","template":"","meta":{"_acf_changed":false,"inline_featured_image":false,"footnotes":""},"class_list":["post-190","page","type-page","status-publish","hentry"],"acf":[],"_links":{"self":[{"href":"https:\/\/sisu.ut.ee\/latikeel\/wp-json\/wp\/v2\/pages\/190","targetHints":{"allow":["GET"]}}],"collection":[{"href":"https:\/\/sisu.ut.ee\/latikeel\/wp-json\/wp\/v2\/pages"}],"about":[{"href":"https:\/\/sisu.ut.ee\/latikeel\/wp-json\/wp\/v2\/types\/page"}],"author":[{"embeddable":true,"href":"https:\/\/sisu.ut.ee\/latikeel\/wp-json\/wp\/v2\/users\/77"}],"replies":[{"embeddable":true,"href":"https:\/\/sisu.ut.ee\/latikeel\/wp-json\/wp\/v2\/comments?post=190"}],"version-history":[{"count":3,"href":"https:\/\/sisu.ut.ee\/latikeel\/wp-json\/wp\/v2\/pages\/190\/revisions"}],"predecessor-version":[{"id":386,"href":"https:\/\/sisu.ut.ee\/latikeel\/wp-json\/wp\/v2\/pages\/190\/revisions\/386"}],"wp:attachment":[{"href":"https:\/\/sisu.ut.ee\/latikeel\/wp-json\/wp\/v2\/media?parent=190"}],"curies":[{"name":"wp","href":"https:\/\/api.w.org\/{rel}","templated":true}]}}