{"id":157,"date":"2024-04-15T14:53:00","date_gmt":"2024-04-15T11:53:00","guid":{"rendered":"https:\/\/sisu.ut.ee\/latikeel\/?page_id=157"},"modified":"2024-04-18T14:32:00","modified_gmt":"2024-04-18T11:32:00","slug":"13-leht","status":"publish","type":"page","link":"https:\/\/sisu.ut.ee\/latikeel\/13-leht\/","title":{"rendered":"13. leht"},"content":{"rendered":"<p>es esmu \u2013 ma olen (oleviku vormis)<\/p>\n\n\n\n<figure class=\"wp-block-audio\"><audio controls src=\"https:\/\/sisu.ut.ee\/wp-content\/uploads\/sites\/206\/EsEsmu.mp3\"><\/audio><\/figure>\n\n\n\n<p>es biju \u2013 ma olin (mineviku vormis)<\/p>\n\n\n\n<figure class=\"wp-block-audio\"><audio controls src=\"https:\/\/sisu.ut.ee\/wp-content\/uploads\/sites\/206\/EsBiju.mp3\"><\/audio><\/figure>\n\n\n\n<p>es b\u016b\u0161u \u2013 ma olen (tuleviku vormis)<\/p>\n\n\n\n<figure class=\"wp-block-audio\"><audio controls src=\"https:\/\/sisu.ut.ee\/wp-content\/uploads\/sites\/206\/EsBusu.mp3\"><\/audio><\/figure>\n\n\n\n<p>B\u016bt vai neb\u016bt? \u2013 Olla v\u00f5i mitte olla? <\/p>\n\n\n\n<figure class=\"wp-block-audio\"><audio controls src=\"https:\/\/sisu.ut.ee\/wp-content\/uploads\/sites\/206\/ButVaiNebut.mp3\"><\/audio><\/figure>\n\n\n\n<p>Es dom\u0101ju, t\u0101tad es esmu. \u2013 Ma m\u00f5tlen, j\u00e4relikult olen.<\/p>\n\n\n\n<figure class=\"wp-block-audio\"><audio controls src=\"https:\/\/sisu.ut.ee\/wp-content\/uploads\/sites\/206\/EsDomaju.mp3\"><\/audio><\/figure>\n\n\n\n<p>Es b\u016b\u0161u atpaka\u013c \u2013 Ma tulen tagasi. <\/p>\n\n\n\n<figure class=\"wp-block-audio\"><audio controls src=\"https:\/\/sisu.ut.ee\/wp-content\/uploads\/sites\/206\/EsBusuAtpakal.mp3\"><\/audio><\/figure>\n","protected":false},"excerpt":{"rendered":"<p>es esmu \u2013 ma olen (oleviku vormis) es biju \u2013 ma olin (mineviku vormis) es b\u016b\u0161u \u2013 ma olen (tuleviku vormis) B\u016bt vai neb\u016bt? \u2013 Olla v\u00f5i mitte olla? Es dom\u0101ju, t\u0101tad es esmu. \u2013 Ma m\u00f5tlen, j\u00e4relikult olen. Es &#8230;<\/p>\n","protected":false},"author":77,"featured_media":0,"parent":0,"menu_order":0,"comment_status":"closed","ping_status":"closed","template":"","meta":{"_acf_changed":false,"inline_featured_image":false,"footnotes":""},"class_list":["post-157","page","type-page","status-publish","hentry"],"acf":[],"_links":{"self":[{"href":"https:\/\/sisu.ut.ee\/latikeel\/wp-json\/wp\/v2\/pages\/157","targetHints":{"allow":["GET"]}}],"collection":[{"href":"https:\/\/sisu.ut.ee\/latikeel\/wp-json\/wp\/v2\/pages"}],"about":[{"href":"https:\/\/sisu.ut.ee\/latikeel\/wp-json\/wp\/v2\/types\/page"}],"author":[{"embeddable":true,"href":"https:\/\/sisu.ut.ee\/latikeel\/wp-json\/wp\/v2\/users\/77"}],"replies":[{"embeddable":true,"href":"https:\/\/sisu.ut.ee\/latikeel\/wp-json\/wp\/v2\/comments?post=157"}],"version-history":[{"count":3,"href":"https:\/\/sisu.ut.ee\/latikeel\/wp-json\/wp\/v2\/pages\/157\/revisions"}],"predecessor-version":[{"id":403,"href":"https:\/\/sisu.ut.ee\/latikeel\/wp-json\/wp\/v2\/pages\/157\/revisions\/403"}],"wp:attachment":[{"href":"https:\/\/sisu.ut.ee\/latikeel\/wp-json\/wp\/v2\/media?parent=157"}],"curies":[{"name":"wp","href":"https:\/\/api.w.org\/{rel}","templated":true}]}}