{"id":13,"date":"2024-04-04T03:18:26","date_gmt":"2024-04-04T00:18:26","guid":{"rendered":"https:\/\/sisu.ut.ee\/latikeel\/vi-kaandkond\/"},"modified":"2024-04-04T03:18:34","modified_gmt":"2024-04-04T00:18:34","slug":"vi-kaandkond","status":"publish","type":"page","link":"https:\/\/sisu.ut.ee\/latikeel\/vi-kaandkond\/","title":{"rendered":"VI k\u00e4\u00e4ndkond (VI deklin\u0101cija)"},"content":{"rendered":"<p>\n\tVI k\u00e4\u00e4ndkonda kuuluvad\u00a0<strong><strong><strong><strong><em><strong>s-<\/strong><\/em>l\u00f5pulised naissoost s\u00f5nad<\/strong><\/strong><\/strong><\/strong>\u00a0nt <em>zivs <\/em>\u2018kala\u2019, <em>acs <\/em>\u2018silm\u2019.\n<\/p>\n<table class=\"table table-hover\" border=\"0\">\n<tbody>\n<tr>\n<td>\n\t\t\t\t<strong><strong><strong>K\u00e4\u00e4ne\u00a0<\/strong><strong> <\/strong><\/strong><\/strong>\n\t\t\t<\/td>\n<td colspan=\"2\">\n\t\t\t\t<strong><strong>Ainsus<\/strong> <\/strong>\n\t\t\t<\/td>\n<td colspan=\"2\">\n\t\t\t\t<strong><strong>Mitmus<\/strong> <\/strong>\n\t\t\t<\/td>\n<\/tr>\n<tr>\n<td>\n\t\t\t\t<strong>N. kas?<\/strong>\n\t\t\t<\/td>\n<td>\n\t\t\t\tzivs\n\t\t\t<\/td>\n<td>\n\t\t\t\tacs\n\t\t\t<\/td>\n<td>\n\t\t\t\tzivis\n\t\t\t<\/td>\n<td>\n\t\t\t\tacis\n\t\t\t<\/td>\n<\/tr>\n<tr>\n<td>\n\t\t\t\t<strong>\u0122. k\u0101?<\/strong>\n\t\t\t<\/td>\n<td>\n\t\t\t\tzivs\n\t\t\t<\/td>\n<td>\n\t\t\t\tacs\n\t\t\t<\/td>\n<td>\n\t\t\t\tzivju*\n\t\t\t<\/td>\n<td>\n\t\t\t\tacu*\n\t\t\t<\/td>\n<\/tr>\n<tr>\n<td>\n\t\t\t\t<strong>D. kam?<\/strong>\n\t\t\t<\/td>\n<td>\n\t\t\t\tzivij\n\t\t\t<\/td>\n<td>\n\t\t\t\tacij\n\t\t\t<\/td>\n<td>\n\t\t\t\tziv\u012bm\n\t\t\t<\/td>\n<td>\n\t\t\t\tac\u012bm\n\t\t\t<\/td>\n<\/tr>\n<tr>\n<td>\n\t\t\t\t<strong>A. ko?<\/strong>\n\t\t\t<\/td>\n<td>\n\t\t\t\tzivi\n\t\t\t<\/td>\n<td>\n\t\t\t\taci\n\t\t\t<\/td>\n<td>\n\t\t\t\tzivis\n\t\t\t<\/td>\n<td>\n\t\t\t\tacis\n\t\t\t<\/td>\n<\/tr>\n<tr>\n<td>\n\t\t\t\t<strong>I. ar ko?<\/strong>\n\t\t\t<\/td>\n<td>\n\t\t\t\tar zivi\n\t\t\t<\/td>\n<td>\n\t\t\t\tar aci\n\t\t\t<\/td>\n<td>\n\t\t\t\tar ziv\u012bm\n\t\t\t<\/td>\n<td>\n\t\t\t\tar ac\u012bm\n\t\t\t<\/td>\n<\/tr>\n<tr>\n<td>\n\t\t\t\t<strong>L. kur?<\/strong>\n\t\t\t<\/td>\n<td>\n\t\t\t\tziv\u012b\n\t\t\t<\/td>\n<td>\n\t\t\t\tac\u012b\n\t\t\t<\/td>\n<td>\n\t\t\t\tziv\u012bs\n\t\t\t<\/td>\n<td>\n\t\t\t\tac\u012bs\n\t\t\t<\/td>\n<\/tr>\n<tr>\n<td>\n\t\t\t\t<strong>V. <\/strong>\n\t\t\t<\/td>\n<td>\n\t\t\t\tzivs\n\t\t\t<\/td>\n<td>\n\t\t\t\tacs\n\t\t\t<\/td>\n<td>\n\t\t\t\tzivis\n\t\t\t<\/td>\n<td>\n\t\t\t\tacis\n\t\t\t<\/td>\n<\/tr>\n<\/tbody>\n<\/table>\n<p>\n\t* Vt <a data-url=\"https:\/\/sisu.ut.ee\/latikeel\/palatalisatsioon\" href=\"https:\/\/sisu.ut.ee\/latikeel\/palatalisatsioon\" title=\"\">kaash\u00e4\u00e4likute palatalisatsioon<\/a><br><\/p><div class=\"accordion mb-3\">\n        <div class=\"accordion-item accordion-item--white\">\n        <h2 class=\"accordion-header\" id=\"accordion-69df3910c1f79-heading\">\n            <button class=\"accordion-button collapsed\" type=\"button\" data-bs-toggle=\"collapse\" data-bs-target=\"#accordion-69df3910c1f79-collapse\" aria-expanded=\"true\" aria-controls=\"accordion-69df3910c1f79-collapse\"><strong> VI k\u00e4\u00e4ndkonda kuuluvad s\u00f5nad: <\/strong><\/button>\n        <\/h2>\n        <div id=\"accordion-69df3910c1f79-collapse\" class=\"accordion-collapse collapse\" aria-labelledby=\"accordion-69df3910c1f79-heading\">\n            <div class=\"accordion-body\">\u00a0<em>acs<\/em>\u00a0\u2018silm\u2019,\u00a0<strong><em>asins <\/em><\/strong>\u2018veri\u2019,\u00a0<em><strong>ass <\/strong>\u2018telg\u2019,<\/em>\u00a0<strong><em>auss <\/em><\/strong>\u2018k\u00f5rv\u2019,\u00a0<strong><em>avs\u00a0<\/em><\/strong>\u2018utt\u2019,\u00a0<strong><em>balss <\/em><\/strong>\u2018h\u00e4\u00e4l\u2019, <strong><em>b\u0101rksts <\/em><\/strong>\u2018narmas\u2019, <strong><em>birzs <\/em><\/strong>\u2018salu\u2019, <strong><em>brokastis <\/em><\/strong>(pl)<strong><em>\u00a0<\/em><\/strong>\u2018hommikus\u00f6\u00f6k\u2019,\u00a0<strong><em>C\u0113sis<\/em>\u00a0<\/strong>(pl)<strong>\u00a0<\/strong>\u2018V\u00f5nnu\u2019,\u00a0<strong><em>cilts <\/em><\/strong>\u2018h\u00f5im\u2019, <em><strong>dakts\u00a0<\/strong>\u2018taht\u2019,\u00a0<\/em><strong><em>debess <\/em><\/strong>\u2018taevas\u2019,\u00a0<strong><em>durvis<\/em> <\/strong>\u2018uks\u2019,\u00a0<strong><em>dzelzs <\/em><\/strong>\u2018raud\u2019,\u00a0<strong><em>govs <\/em><\/strong>\u2018lehm\u2019,\u00a0<em><strong>\u0123ints\u00a0<\/strong><\/em>\u2018sugukond\u2019<strong>,\u00a0<\/strong><strong><em>kl\u0113ts <\/em><\/strong>\u2018ait\u2019,\u00a0<strong><em>klints <\/em><\/strong>\u2018kalju\u2019,\u00a0<strong><em>kr\u0101sns <\/em><\/strong>\u2018ahi\u2019,\u00a0<strong><em>kr\u016bts<\/em> <\/strong>\u2018rind\u2019,\u00a0<strong><em>k\u016bts <\/em><\/strong>\u2018laut\u2019,\u00a0<strong><em>kv\u012bts <\/em><\/strong>\u2018kviitung\u2019,\u00a0<em><strong>maksts <\/strong>\u2018<\/em>tupp<em>\u2018,\u00a0<\/em><strong><em>nakts <\/em><\/strong>\u2018\u00f6\u00f6\u2019,\u00a0<em><strong>nots\u00a0<\/strong><\/em>\u2018noot\u2019,\u00a0<em><strong>n\u0101ss <\/strong>\u2018<\/em>ninas\u00f5\u00f5re\u2019,\u00a0<strong><em>pils <\/em><\/strong>\u2018loss\u2019, <em><strong>pirts\u00a0<\/strong><\/em>\u2018saun\u2019,\u00a0<strong><em>pl\u012bts <\/em><\/strong>\u2018pliit\u2019,\u00a0<strong><em>pults <\/em><\/strong>\u2018pult\u2019,\u00a0<strong><em>r\u016bts <\/em><\/strong>\u2018(akna)ruut\u2019, <em><strong>s\u0101ls\u00a0<\/strong><\/em>\u2018sool\u2019<strong>,\u00a0<\/strong><strong><em>sirds <\/em><\/strong>\u2018s\u00fcda\u2019, <strong><em>smiltis <\/em><\/strong><em>(pl)\u00a0<\/em>\u2018liiv\u2019, <strong><em>t\u0101ss<\/em> <\/strong>\u2018toht\u2019, <strong><em>takts <\/em><\/strong>\u2018takt\u2019, <strong><em>telts <\/em><\/strong>\u2018telk\u2019, <strong><em>uguns <\/em><\/strong>\u2018tuli\u2019, <em><strong>uts\u00a0<\/strong><\/em>\u2018t\u00e4i\u2019<strong>,\u00a0<\/strong><strong><em>valsts <\/em><\/strong>\u2018riik\u2019, <em><strong>vants<\/strong> <\/em>\u2018vant\u2019,\u00a0<strong><em>v\u0113sts <\/em><\/strong>\u2018s\u00f5num\u2019, <strong><em>zivs <\/em><\/strong>\u2018kala\u2019, <strong><em>zoss <\/em><\/strong>\u2018hani\u2019\u00a0<\/div>\n        <\/div>\n        <\/div>\n    <\/div>\n","protected":false},"excerpt":{"rendered":"<p>VI k\u00e4\u00e4ndkonda kuuluvad\u00a0s-l\u00f5pulised naissoost s\u00f5nad\u00a0nt zivs \u2018kala\u2019, acs \u2018silm\u2019. K\u00e4\u00e4ne\u00a0 Ainsus Mitmus N. kas? zivs acs zivis acis \u0122. k\u0101? zivs acs zivju* acu* D. kam? zivij acij ziv\u012bm ac\u012bm A. ko? zivi aci zivis acis I. ar ko? ar &#8230;<\/p>\n","protected":false},"author":77,"featured_media":0,"parent":0,"menu_order":0,"comment_status":"closed","ping_status":"closed","template":"","meta":{"_acf_changed":false,"inline_featured_image":false,"footnotes":""},"class_list":["post-13","page","type-page","status-publish","hentry"],"acf":[],"_links":{"self":[{"href":"https:\/\/sisu.ut.ee\/latikeel\/wp-json\/wp\/v2\/pages\/13","targetHints":{"allow":["GET"]}}],"collection":[{"href":"https:\/\/sisu.ut.ee\/latikeel\/wp-json\/wp\/v2\/pages"}],"about":[{"href":"https:\/\/sisu.ut.ee\/latikeel\/wp-json\/wp\/v2\/types\/page"}],"author":[{"embeddable":true,"href":"https:\/\/sisu.ut.ee\/latikeel\/wp-json\/wp\/v2\/users\/77"}],"replies":[{"embeddable":true,"href":"https:\/\/sisu.ut.ee\/latikeel\/wp-json\/wp\/v2\/comments?post=13"}],"version-history":[{"count":1,"href":"https:\/\/sisu.ut.ee\/latikeel\/wp-json\/wp\/v2\/pages\/13\/revisions"}],"predecessor-version":[{"id":91,"href":"https:\/\/sisu.ut.ee\/latikeel\/wp-json\/wp\/v2\/pages\/13\/revisions\/91"}],"wp:attachment":[{"href":"https:\/\/sisu.ut.ee\/latikeel\/wp-json\/wp\/v2\/media?parent=13"}],"curies":[{"name":"wp","href":"https:\/\/api.w.org\/{rel}","templated":true}]}}