{"id":9,"date":"2024-04-03T23:15:44","date_gmt":"2024-04-03T20:15:44","guid":{"rendered":"https:\/\/sisu.ut.ee\/ladinaverb\/ladina-verb-futurum-i\/"},"modified":"2024-04-30T17:17:35","modified_gmt":"2024-04-30T14:17:35","slug":"ladina-verb-futurum-i","status":"publish","type":"page","link":"https:\/\/sisu.ut.ee\/ladinaverb\/ladina-verb-futurum-i\/","title":{"rendered":"Ladina verb: futurum I"},"content":{"rendered":"<p>Video annab \u00fclevaate ladina\u00a0<em>futurum indicativi activi<\/em> moodustamisp\u00f5him\u00f5tetest ja tunnustest eri p\u00f6\u00f6rdkondades.<\/p>\n<p style=\"text-align: center;\"><\/p><div class=\"ratio ratio-16x9 mb-3\"><div class=\"video-placeholder-wrapper video-placeholder-wrapper--16x9\">\n\t\t\t    <div class=\"video-placeholder d-flex justify-content-center align-items-center\">\n\t\t\t        <div class=\"overlay text-white p-2 w-100 text-center d-block justify-content-center align-items-center\">\n\t\t\t            <div>Kolmandate osapoolte sisu n\u00e4gemiseks palun n\u00f5ustu k\u00fcpsistega.<\/div>\n\t\t\t            <button class=\"btn btn-secondary btn-sm mt-1 consent-change\">Muuda n\u00f5usolekut<\/button>\n\t\t\t        <\/div>\n\t\t\t    <\/div>\n\t\t\t<\/div>\n<\/div>\n<p style=\"text-align: center;\"><a href=\"http:\/\/www.uttv.ee\/naita?id=18034\" target=\"_blank\" rel=\"noopener\">http:\/\/www.uttv.ee\/naita?id=18034<\/a><\/p>\n<p><\/p><div class=\"accordion mb-3\">\n        <div class=\"accordion-item accordion-item--white\">\n        <h2 class=\"accordion-header\" id=\"accordion-69ff8ad624bbb-heading\">\n            <button class=\"accordion-button collapsed\" type=\"button\" data-bs-toggle=\"collapse\" data-bs-target=\"#accordion-69ff8ad624bbb-collapse\" aria-expanded=\"true\" aria-controls=\"accordion-69ff8ad624bbb-collapse\">Milline ajatunnus liidetakse futurum I moodustamiseks verbi t\u00fcvele I ja II p\u00f6\u00f6rdkonnas?<\/button>\n        <\/h2>\n        <div id=\"accordion-69ff8ad624bbb-collapse\" class=\"accordion-collapse collapse\" aria-labelledby=\"accordion-69ff8ad624bbb-heading\">\n            <div class=\"accordion-body\"><br>\nAjatunnus on -bi, millele I p\u00f6\u00f6rdkonnas lisandub vokaal\u00a0a (abi), II p\u00f6\u00f6rdkonnas\u00a0e (ebi).<\/div>\n        <\/div>\n        <\/div>\n    <\/div><br>\n<div class=\"accordion mb-3\">\n        <div class=\"accordion-item accordion-item--white\">\n        <h2 class=\"accordion-header\" id=\"accordion-69ff8ad624bc2-heading\">\n            <button class=\"accordion-button collapsed\" type=\"button\" data-bs-toggle=\"collapse\" data-bs-target=\"#accordion-69ff8ad624bc2-collapse\" aria-expanded=\"true\" aria-controls=\"accordion-69ff8ad624bc2-collapse\">Millised on futurum I vormid nii ainsuses kui mitmuses verbil \u2018pareo, parui, paritum, parere\u2019, ilmuma?<\/button>\n        <\/h2>\n        <div id=\"accordion-69ff8ad624bc2-collapse\" class=\"accordion-collapse collapse\" aria-labelledby=\"accordion-69ff8ad624bc2-heading\">\n            <div class=\"accordion-body\"><br>\nparebo, parebis, parebit, parebimus, parebitis, parebunt.<\/div>\n        <\/div>\n        <\/div>\n    <\/div><br>\n<div class=\"accordion mb-3\">\n        <div class=\"accordion-item accordion-item--white\">\n        <h2 class=\"accordion-header\" id=\"accordion-69ff8ad624bc4-heading\">\n            <button class=\"accordion-button collapsed\" type=\"button\" data-bs-toggle=\"collapse\" data-bs-target=\"#accordion-69ff8ad624bc4-collapse\" aria-expanded=\"true\" aria-controls=\"accordion-69ff8ad624bc4-collapse\">Millised on futurum I vormid nii ainsuses kui mitmuses verbil\u00a0\u2018ago, egi, actum, agere\u2019, tegema?<\/button>\n        <\/h2>\n        <div id=\"accordion-69ff8ad624bc4-collapse\" class=\"accordion-collapse collapse\" aria-labelledby=\"accordion-69ff8ad624bc4-heading\">\n            <div class=\"accordion-body\"><br>\nagam, ages, aget, agemus, agetis, agent.<\/div>\n        <\/div>\n        <\/div>\n    <\/div>\n<div id=\"accordion\" class=\"accordion\"><\/div>\n","protected":false},"excerpt":{"rendered":"<p>Video annab \u00fclevaate ladina\u00a0futurum indicativi activi moodustamisp\u00f5him\u00f5tetest ja tunnustest eri p\u00f6\u00f6rdkondades. Kolmandate osapoolte sisu n\u00e4gemiseks palun n\u00f5ustu k\u00fcpsistega. Muuda n\u00f5usolekut http:\/\/www.uttv.ee\/naita?id=18034 Milline ajatunnus liidetakse futurum I moodustamiseks verbi t\u00fcvele I ja II p\u00f6\u00f6rdkonnas? Ajatunnus on -bi, millele I p\u00f6\u00f6rdkonnas lisandub &#8230;<\/p>\n","protected":false},"author":24,"featured_media":0,"parent":0,"menu_order":0,"comment_status":"closed","ping_status":"closed","template":"","meta":{"_acf_changed":false,"inline_featured_image":false,"footnotes":""},"class_list":["post-9","page","type-page","status-publish","hentry"],"acf":[],"_links":{"self":[{"href":"https:\/\/sisu.ut.ee\/ladinaverb\/wp-json\/wp\/v2\/pages\/9","targetHints":{"allow":["GET"]}}],"collection":[{"href":"https:\/\/sisu.ut.ee\/ladinaverb\/wp-json\/wp\/v2\/pages"}],"about":[{"href":"https:\/\/sisu.ut.ee\/ladinaverb\/wp-json\/wp\/v2\/types\/page"}],"author":[{"embeddable":true,"href":"https:\/\/sisu.ut.ee\/ladinaverb\/wp-json\/wp\/v2\/users\/24"}],"replies":[{"embeddable":true,"href":"https:\/\/sisu.ut.ee\/ladinaverb\/wp-json\/wp\/v2\/comments?post=9"}],"version-history":[{"count":2,"href":"https:\/\/sisu.ut.ee\/ladinaverb\/wp-json\/wp\/v2\/pages\/9\/revisions"}],"predecessor-version":[{"id":42,"href":"https:\/\/sisu.ut.ee\/ladinaverb\/wp-json\/wp\/v2\/pages\/9\/revisions\/42"}],"wp:attachment":[{"href":"https:\/\/sisu.ut.ee\/ladinaverb\/wp-json\/wp\/v2\/media?parent=9"}],"curies":[{"name":"wp","href":"https:\/\/api.w.org\/{rel}","templated":true}]}}